CRAN Package Check Results for Package archivist.github

Last updated on 2024-05-21 17:49:51 CEST.

Flavor Version Tinstall Tcheck Ttotal Status Flags
r-devel-linux-x86_64-debian-clang 0.2.6 6.31 68.12 74.43 NOTE
r-devel-linux-x86_64-debian-gcc 0.2.6 5.74 50.76 56.50 NOTE
r-devel-linux-x86_64-fedora-clang 0.2.6 101.99 NOTE
r-devel-linux-x86_64-fedora-gcc 0.2.6 105.87 NOTE
r-devel-windows-x86_64 0.2.6 8.00 70.00 78.00 NOTE
r-patched-linux-x86_64 0.2.6 12.25 66.29 78.54 NOTE
r-release-linux-x86_64 0.2.6 6.80 66.27 73.07 NOTE
r-release-macos-arm64 0.2.6 35.00 NOTE
r-release-windows-x86_64 0.2.6 9.00 69.00 78.00 NOTE
r-oldrel-macos-arm64 0.2.6 34.00 NOTE
r-oldrel-macos-x86_64 0.2.6 58.00 NOTE
r-oldrel-windows-x86_64 0.2.6 10.00 77.00 87.00 NOTE

Check Details

Version: 0.2.6
Check: LazyData
Result: NOTE 'LazyData' is specified without a 'data' directory Flavors: r-devel-linux-x86_64-debian-clang, r-devel-linux-x86_64-debian-gcc, r-devel-linux-x86_64-fedora-clang, r-devel-linux-x86_64-fedora-gcc, r-devel-windows-x86_64, r-patched-linux-x86_64, r-release-linux-x86_64, r-release-macos-arm64, r-release-windows-x86_64, r-oldrel-macos-arm64, r-oldrel-macos-x86_64, r-oldrel-windows-x86_64