CRAN Package Check Results for Package arcpullr

Last updated on 2024-02-22 08:54:01 CET.

Flavor Version Tinstall Tcheck Ttotal Status Flags
r-devel-linux-x86_64-debian-clang 0.2.8 NOTE
r-devel-linux-x86_64-debian-gcc 0.2.8 7.49 126.63 134.12 NOTE
r-devel-linux-x86_64-fedora-clang 0.2.8 219.94 NOTE
r-devel-linux-x86_64-fedora-gcc 0.2.8 250.72 NOTE
r-devel-windows-x86_64 0.2.8 9.00 151.00 160.00 NOTE
r-patched-linux-x86_64 0.2.8 10.30 169.04 179.34 OK
r-release-linux-x86_64 0.2.8 8.13 169.37 177.50 OK
r-release-macos-arm64 0.2.8 79.00 OK
r-release-macos-x86_64 0.2.8 186.00 OK
r-release-windows-x86_64 0.2.8 12.00 207.00 219.00 OK
r-oldrel-macos-arm64 0.2.8 94.00 OK
r-oldrel-windows-x86_64 0.2.8 14.00 208.00 222.00 OK

Check Details

Version: 0.2.8
Check: package namespace information
Result: NOTE Found export directive that requires package ‘methods’: ‘exportMethods’ Remove all such namespace directives (if obsolete) or ensure that the DESCRIPTION Depends or Imports field contains ‘methods’. Flavors: r-devel-linux-x86_64-debian-clang, r-devel-linux-x86_64-debian-gcc, r-devel-linux-x86_64-fedora-clang, r-devel-linux-x86_64-fedora-gcc, r-devel-windows-x86_64