CRAN Package Check Results for Package argo

Last updated on 2022-12-07 20:55:52 CET.

Flavor Version Tinstall Tcheck Ttotal Status Flags
r-devel-linux-x86_64-debian-clang 3.0.1 13.51 152.91 166.42 NOTE
r-devel-linux-x86_64-debian-gcc 3.0.1 10.34 113.64 123.98 NOTE
r-devel-linux-x86_64-fedora-clang 3.0.1 218.87 NOTE
r-devel-linux-x86_64-fedora-gcc 3.0.1 219.36 NOTE
r-devel-windows-x86_64 3.0.1 37.00 199.00 236.00 NOTE
r-patched-linux-x86_64 3.0.1 13.45 144.35 157.80 NOTE
r-release-linux-x86_64 3.0.1 11.92 148.39 160.31 NOTE
r-release-macos-arm64 3.0.1 53.00 NOTE
r-release-macos-x86_64 3.0.1 77.00 NOTE
r-release-windows-x86_64 3.0.1 22.00 202.00 224.00 NOTE
r-oldrel-macos-arm64 3.0.1 62.00 NOTE
r-oldrel-macos-x86_64 3.0.1 77.00 NOTE
r-oldrel-windows-ix86+x86_64 3.0.1 26.00 183.00 209.00 NOTE

Additional issues

donttest

Check Details

Version: 3.0.1
Check: LazyData
Result: NOTE
     'LazyData' is specified without a 'data' directory
Flavors: r-devel-linux-x86_64-debian-clang, r-devel-linux-x86_64-debian-gcc, r-devel-linux-x86_64-fedora-clang, r-devel-linux-x86_64-fedora-gcc, r-devel-windows-x86_64, r-patched-linux-x86_64, r-release-linux-x86_64, r-release-macos-arm64, r-release-macos-x86_64, r-release-windows-x86_64, r-oldrel-macos-arm64, r-oldrel-macos-x86_64, r-oldrel-windows-ix86+x86_64