CRAN Package Check Results for Package argonDash

Last updated on 2022-10-01 23:55:05 CEST.

Flavor Version Tinstall Tcheck Ttotal Status Flags
r-devel-linux-x86_64-debian-clang 0.2.0 3.15 26.21 29.36 NOTE
r-devel-linux-x86_64-debian-gcc 0.2.0 1.93 20.44 22.37 NOTE
r-devel-linux-x86_64-fedora-clang 0.2.0 49.51 NOTE
r-devel-linux-x86_64-fedora-gcc 0.2.0 47.23 NOTE
r-devel-windows-x86_64 0.2.0 39.00 65.00 104.00 NOTE
r-patched-linux-x86_64 0.2.0 7.06 25.15 32.21 NOTE
r-release-linux-x86_64 0.2.0 2.28 24.44 26.72 NOTE
r-release-macos-arm64 0.2.0 18.00 NOTE
r-release-macos-x86_64 0.2.0 27.00 NOTE
r-release-windows-x86_64 0.2.0 54.00 56.00 110.00 NOTE
r-oldrel-macos-arm64 0.2.0 21.00 NOTE
r-oldrel-macos-x86_64 0.2.0 31.00 NOTE
r-oldrel-windows-ix86+x86_64 0.2.0 9.00 49.00 58.00 NOTE

Check Details

Version: 0.2.0
Check: LazyData
Result: NOTE
     'LazyData' is specified without a 'data' directory
Flavors: r-devel-linux-x86_64-debian-clang, r-devel-linux-x86_64-debian-gcc, r-devel-linux-x86_64-fedora-clang, r-devel-linux-x86_64-fedora-gcc, r-devel-windows-x86_64, r-patched-linux-x86_64, r-release-linux-x86_64, r-release-macos-arm64, r-release-macos-x86_64, r-release-windows-x86_64, r-oldrel-macos-arm64, r-oldrel-macos-x86_64, r-oldrel-windows-ix86+x86_64