CRAN Package Check Results for Package argparse

Last updated on 2018-08-17 07:47:22 CEST.

Flavor Version Tinstall Tcheck Ttotal Status Flags
r-devel-linux-x86_64-debian-clang 1.1.1 1.05 41.07 42.12 OK
r-devel-linux-x86_64-debian-gcc 1.1.1 0.91 34.12 35.03 OK
r-devel-linux-x86_64-fedora-clang 1.1.1 55.83 OK
r-devel-linux-x86_64-fedora-gcc 1.1.1 53.86 OK
r-devel-windows-ix86+x86_64 1.1.1 3.00 58.00 61.00 OK --no-vignettes
r-patched-linux-x86_64 1.1.1 0.77 38.52 39.29 OK
r-patched-solaris-x86 1.1.1 51.60 OK --no-vignettes
r-release-linux-x86_64 1.1.1 1.06 38.62 39.68 OK
r-release-windows-ix86+x86_64 1.1.1 4.00 57.00 61.00 OK --no-vignettes
r-release-osx-x86_64 1.1.1 WARN
r-oldrel-windows-ix86+x86_64 1.1.1 4.00 44.00 48.00 OK --no-vignettes
r-oldrel-osx-x86_64 1.1.1 WARN

Check Details

Version: 1.1.1
Check: re-building of vignette outputs
Result: WARN
    Error in re-building vignettes:
     ...
    sh: +RTS: command not found
    Warning in system(command) : error in running command
    Error: processing vignette 'argparse.Rrst' failed with diagnostics:
    pandoc document conversion failed with error 127
    Execution halted
Flavor: r-release-osx-x86_64

Version: 1.1.1
Check: re-building of vignette outputs
Result: WARN
    Error in re-building vignettes:
     ...
    sh: +RTS: command not found
    Error: processing vignette 'argparse.Rrst' failed with diagnostics:
    pandoc document conversion failed with error 127
    Execution halted
Flavor: r-oldrel-osx-x86_64