CRAN Package Check Results for Package argparse

Last updated on 2018-10-19 08:48:45 CEST.

Flavor Version Tinstall Tcheck Ttotal Status Flags
r-devel-linux-x86_64-debian-clang 1.1.1 1.13 41.29 42.42 OK
r-devel-linux-x86_64-debian-gcc 1.1.1 0.92 34.41 35.33 OK
r-devel-linux-x86_64-fedora-clang 1.1.1 56.38 OK
r-devel-linux-x86_64-fedora-gcc 1.1.1 54.46 OK
r-devel-windows-ix86+x86_64 1.1.1 3.00 50.00 53.00 OK --no-vignettes
r-patched-linux-x86_64 1.1.1 0.98 37.90 38.88 OK
r-patched-solaris-x86 1.1.1 50.10 OK --no-vignettes
r-release-linux-x86_64 1.1.1 0.82 38.47 39.29 OK
r-release-windows-ix86+x86_64 1.1.1 2.00 73.00 75.00 OK --no-vignettes
r-release-osx-x86_64 1.1.1 WARN
r-oldrel-windows-ix86+x86_64 1.1.1 2.00 75.00 77.00 OK --no-vignettes
r-oldrel-osx-x86_64 1.1.1 WARN

Check Details

Version: 1.1.1
Check: re-building of vignette outputs
Result: WARN
    Error in re-building vignettes:
     ...
    sh: +RTS: command not found
    Warning in system(command) : error in running command
    Error: processing vignette 'argparse.Rrst' failed with diagnostics:
    pandoc document conversion failed with error 127
    Execution halted
Flavor: r-release-osx-x86_64

Version: 1.1.1
Check: re-building of vignette outputs
Result: WARN
    Error in re-building vignettes:
     ...
    sh: +RTS: command not found
    Error: processing vignette 'argparse.Rrst' failed with diagnostics:
    pandoc document conversion failed with error 127
    Execution halted
Flavor: r-oldrel-osx-x86_64