Last updated on 2021-01-17 09:48:26 CET.
Flavor | Version | Tinstall | Tcheck | Ttotal | Status | Flags |
---|---|---|---|---|---|---|
r-devel-linux-x86_64-debian-clang | 1.11-2 | 17.02 | 128.21 | 145.23 | OK | |
r-devel-linux-x86_64-debian-gcc | 1.11-2 | 13.57 | 97.96 | 111.53 | OK | |
r-devel-linux-x86_64-fedora-clang | 1.11-2 | 183.87 | NOTE | |||
r-devel-linux-x86_64-fedora-gcc | 1.11-2 | 170.23 | OK | |||
r-devel-windows-ix86+x86_64 | 1.11-2 | 29.00 | 133.00 | 162.00 | OK | |
r-patched-linux-x86_64 | 1.11-2 | 10.74 | 120.34 | 131.08 | OK | |
r-patched-solaris-x86 | 1.11-2 | 241.40 | OK | |||
r-release-linux-x86_64 | 1.11-2 | 13.77 | 121.04 | 134.81 | OK | |
r-release-macos-x86_64 | 1.11-2 | OK | ||||
r-release-windows-ix86+x86_64 | 1.11-2 | 31.00 | 110.00 | 141.00 | OK | |
r-oldrel-macos-x86_64 | 1.11-2 | OK | ||||
r-oldrel-windows-ix86+x86_64 | 1.11-2 | 31.00 | 144.00 | 175.00 | OK |
Version: 1.11-2
Check: Rd cross-references
Result: NOTE
Undeclared packages ‘survey’, ‘Matching’ in Rd xrefs
Flavor: r-devel-linux-x86_64-fedora-clang