CRAN Package Check Results for Package armspp

Last updated on 2022-11-30 20:55:08 CET.

Flavor Version Tinstall Tcheck Ttotal Status Flags
r-devel-linux-x86_64-debian-clang 0.0.2 37.00 38.29 75.29 NOTE
r-devel-linux-x86_64-debian-gcc 0.0.2 25.72 29.34 55.06 NOTE
r-devel-linux-x86_64-fedora-clang 0.0.2 122.50 NOTE
r-devel-linux-x86_64-fedora-gcc 0.0.2 109.02 NOTE
r-devel-windows-x86_64 0.0.2 39.00 91.00 130.00 NOTE
r-patched-linux-x86_64 0.0.2 31.08 37.11 68.19 NOTE
r-release-linux-x86_64 0.0.2 31.75 37.01 68.76 NOTE
r-release-macos-arm64 0.0.2 31.00 NOTE
r-release-macos-x86_64 0.0.2 42.00 NOTE
r-release-windows-x86_64 0.0.2 39.00 95.00 134.00 NOTE
r-oldrel-macos-arm64 0.0.2 34.00 NOTE
r-oldrel-macos-x86_64 0.0.2 60.00 NOTE
r-oldrel-windows-ix86+x86_64 0.0.2 93.00 100.00 193.00 NOTE

Check Details

Version: 0.0.2
Check: LazyData
Result: NOTE
     'LazyData' is specified without a 'data' directory
Flavors: r-devel-linux-x86_64-debian-clang, r-devel-linux-x86_64-debian-gcc, r-devel-linux-x86_64-fedora-clang, r-devel-linux-x86_64-fedora-gcc, r-devel-windows-x86_64, r-patched-linux-x86_64, r-release-linux-x86_64, r-release-macos-arm64, r-release-macos-x86_64, r-release-windows-x86_64, r-oldrel-macos-arm64, r-oldrel-macos-x86_64, r-oldrel-windows-ix86+x86_64