CRAN Package Check Results for Package arsenal

Last updated on 2018-11-17 12:51:14 CET.

Flavor Version Tinstall Tcheck Ttotal Status Flags
r-devel-linux-x86_64-debian-clang 1.5.0 4.59 110.53 115.12 OK
r-devel-linux-x86_64-debian-gcc 1.5.0 4.83 83.47 88.30 OK
r-devel-linux-x86_64-fedora-clang 1.5.0 141.74 OK
r-devel-linux-x86_64-fedora-gcc 1.5.0 130.59 OK
r-devel-windows-ix86+x86_64 1.5.0 10.00 153.00 163.00 OK
r-patched-linux-x86_64 1.5.0 5.78 107.67 113.45 OK
r-patched-solaris-x86 1.5.0 160.30 OK
r-release-linux-x86_64 1.5.0 5.23 107.30 112.53 OK
r-release-windows-ix86+x86_64 1.5.0 12.00 160.00 172.00 OK
r-release-osx-x86_64 1.5.0 OK
r-oldrel-windows-ix86+x86_64 1.5.0 7.00 193.00 200.00 OK
r-oldrel-osx-x86_64 1.5.0 ERROR

Check Details

Version: 1.5.0
Check: tests
Result: ERROR
     Running ‘testthat.R’ [18s/18s]
    Running the tests in ‘tests/testthat.R’ failed.
    Last 13 lines of output:
     10: summary(modelsum(Sat ~ Infl, adjust = ~Type + Cont, weights = Freq, data = housing,
     family = "ordinal"))
     11: modelsum(Sat ~ Infl, adjust = ~Type + Cont, weights = Freq, data = housing, family = "ordinal")
     12: broom::tidy(fit, exponentiate = TRUE, conf.int = TRUE, conf.level = control$conf.level)
     13: tidy.default(fit, exponentiate = TRUE, conf.int = TRUE, conf.level = control$conf.level)
     14: as.data.frame(x)
     15: as.data.frame.default(x)
     16: stop(gettextf("cannot coerce class \"%s\" to a data.frame", deparse(class(x))), domain = NA)
    
     ══ testthat results ═══════════════════════════════════════════════════════════
     OK: 230 SKIPPED: 11 FAILED: 1
     1. Error: ordinal works (@test_modelsum.R#158)
    
     Error: testthat unit tests failed
     Execution halted
Flavor: r-oldrel-osx-x86_64