CRAN Package Check Results for Package arulesViz

Last updated on 2018-02-22 12:48:48 CET.

Flavor Version Tinstall Tcheck Ttotal Status Flags
r-devel-linux-x86_64-debian-clang 1.3-0 12.50 122.83 135.33 OK
r-devel-linux-x86_64-debian-gcc 1.3-0 10.33 108.63 118.96 OK
r-devel-linux-x86_64-fedora-clang 1.3-0 183.05 OK
r-devel-linux-x86_64-fedora-gcc 1.3-0 178.16 OK
r-devel-windows-ix86+x86_64 1.3-0 26.00 157.00 183.00 OK
r-patched-linux-x86_64 1.3-0 8.89 147.23 156.12 OK
r-patched-solaris-x86 1.3-0 251.40 OK
r-release-linux-x86_64 1.3-0 7.63 146.55 154.18 OK
r-release-windows-ix86+x86_64 1.3-0 35.00 204.00 239.00 OK
r-release-osx-x86_64 1.3-0 NOTE
r-oldrel-windows-ix86+x86_64 1.3-0 18.00 155.00 173.00 OK
r-oldrel-osx-x86_64 1.3-0 OK

Check Details

Version: 1.3-0
Check: package dependencies
Result: NOTE
    Packages suggested but not available for checking: ‘graph’ ‘Rgraphviz’
Flavor: r-release-osx-x86_64