CRAN Package Check Results for Package asciiSetupReader

Last updated on 2018-02-22 16:47:30 CET.

Flavor Version Tinstall Tcheck Ttotal Status Flags
r-devel-linux-x86_64-debian-clang 1.2 1.31 52.36 53.67 OK
r-devel-linux-x86_64-debian-gcc 1.2 0.82 44.56 45.38 OK
r-devel-linux-x86_64-fedora-clang 1.2 69.39 NOTE
r-devel-linux-x86_64-fedora-gcc 1.2 68.92 NOTE
r-devel-windows-ix86+x86_64 1.2 5.00 67.00 72.00 OK
r-patched-linux-x86_64 1.2 0.98 59.17 60.15 OK
r-patched-solaris-x86 1.2 93.40 NOTE
r-release-linux-x86_64 1.2 0.69 59.75 60.44 OK
r-release-windows-ix86+x86_64 1.2 5.00 90.00 95.00 OK
r-release-osx-x86_64 1.2 NOTE
r-oldrel-windows-ix86+x86_64 1.2 3.00 68.00 71.00 OK
r-oldrel-osx-x86_64 1.2 NOTE

Check Details

Version: 1.2
Check: dependencies in R code
Result: NOTE
    Namespace in Imports field not imported from: ‘stringi’
     All declared Imports should be used.
Flavors: r-devel-linux-x86_64-fedora-clang, r-devel-linux-x86_64-fedora-gcc, r-patched-solaris-x86, r-release-osx-x86_64, r-oldrel-osx-x86_64