CRAN Package Check Results for Package asciiSetupReader

Last updated on 2018-05-26 02:48:18 CEST.

Flavor Version Tinstall Tcheck Ttotal Status Flags
r-devel-linux-x86_64-debian-clang 1.2 0.96 34.48 35.44 OK
r-devel-linux-x86_64-debian-gcc 1.2 1.08 43.83 44.91 OK
r-devel-linux-x86_64-fedora-clang 1.2 72.18 NOTE
r-devel-linux-x86_64-fedora-gcc 1.2 64.38 NOTE
r-devel-windows-ix86+x86_64 1.2 3.00 86.00 89.00 OK
r-patched-linux-x86_64 1.2 1.54 51.86 53.40 OK
r-patched-solaris-x86 1.2 96.10 NOTE
r-release-linux-x86_64 1.2 1.13 53.70 54.83 OK
r-release-windows-ix86+x86_64 1.2 4.00 79.00 83.00 OK
r-release-osx-x86_64 1.2 NOTE
r-oldrel-windows-ix86+x86_64 1.2 4.00 69.00 73.00 OK
r-oldrel-osx-x86_64 1.2 NOTE

Check Details

Version: 1.2
Check: dependencies in R code
Result: NOTE
    Namespace in Imports field not imported from: ‘stringi’
     All declared Imports should be used.
Flavors: r-devel-linux-x86_64-fedora-clang, r-devel-linux-x86_64-fedora-gcc, r-patched-solaris-x86, r-release-osx-x86_64, r-oldrel-osx-x86_64