Last updated on 2022-08-08 04:49:37 CEST.
Flavor | Version | Tinstall | Tcheck | Ttotal | Status | Flags |
---|---|---|---|---|---|---|
r-devel-linux-x86_64-debian-clang | 2.4.0 | 5.02 | 232.96 | 237.98 | NOTE | |
r-devel-linux-x86_64-debian-gcc | 2.4.0 | 2.95 | 242.27 | 245.22 | NOTE | |
r-devel-linux-x86_64-fedora-clang | 2.4.0 | 401.02 | NOTE | |||
r-devel-linux-x86_64-fedora-gcc | 2.4.0 | 375.84 | NOTE | |||
r-devel-windows-x86_64 | 2.4.0 | 134.00 | 470.00 | 604.00 | NOTE | |
r-patched-linux-x86_64 | 2.4.0 | 4.35 | 297.96 | 302.31 | NOTE | |
r-release-linux-x86_64 | 2.4.0 | NOTE | ||||
r-release-macos-arm64 | 2.4.0 | 102.00 | NOTE | |||
r-release-macos-x86_64 | 2.4.0 | 174.00 | NOTE | |||
r-release-windows-x86_64 | 2.4.0 | 125.00 | 477.00 | 602.00 | NOTE | |
r-oldrel-macos-arm64 | 2.4.0 | 134.00 | NOTE | |||
r-oldrel-macos-x86_64 | 2.4.0 | 193.00 | NOTE | |||
r-oldrel-windows-ix86+x86_64 | 2.4.0 | 10.00 | 305.00 | 315.00 | NOTE |
Version: 2.4.0
Check: LazyData
Result: NOTE
'LazyData' is specified without a 'data' directory
Flavors: r-devel-linux-x86_64-debian-clang, r-devel-linux-x86_64-debian-gcc, r-devel-linux-x86_64-fedora-clang, r-devel-linux-x86_64-fedora-gcc, r-devel-windows-x86_64, r-patched-linux-x86_64, r-release-linux-x86_64, r-release-macos-arm64, r-release-macos-x86_64, r-release-windows-x86_64, r-oldrel-macos-arm64, r-oldrel-macos-x86_64, r-oldrel-windows-ix86+x86_64