CRAN Package Check Results for Package asciicast

Last updated on 2021-04-14 09:48:47 CEST.

Flavor Version Tinstall Tcheck Ttotal Status Flags
r-devel-linux-x86_64-debian-clang 1.0.0 5.33 44.20 49.53 NOTE
r-devel-linux-x86_64-debian-gcc 1.0.0 3.97 33.87 37.84 NOTE
r-devel-linux-x86_64-fedora-clang 1.0.0 70.96 NOTE
r-devel-linux-x86_64-fedora-gcc 1.0.0 59.69 NOTE
r-devel-windows-ix86+x86_64 1.0.0 12.00 74.00 86.00 NOTE
r-devel-windows-x86_64-gcc10-UCRT 1.0.0 NOTE
r-patched-linux-x86_64 1.0.0 3.82 41.96 45.78 OK
r-patched-solaris-x86 1.0.0 75.70 OK
r-release-linux-x86_64 1.0.0 5.19 42.29 47.48 OK
r-release-macos-x86_64 1.0.0 OK
r-release-windows-ix86+x86_64 1.0.0 10.00 76.00 86.00 OK
r-oldrel-macos-x86_64 1.0.0 OK
r-oldrel-windows-ix86+x86_64 1.0.0 11.00 52.00 63.00 OK

Check Details

Version: 1.0.0
Check: LazyData
Result: NOTE
     'LazyData' is specified without a 'data' directory
Flavors: r-devel-linux-x86_64-debian-clang, r-devel-linux-x86_64-debian-gcc, r-devel-linux-x86_64-fedora-clang, r-devel-linux-x86_64-fedora-gcc, r-devel-windows-ix86+x86_64, r-devel-windows-x86_64-gcc10-UCRT