CRAN Package Check Results for Package aslib

Last updated on 2018-02-20 03:49:30 CET.

Flavor Version Tinstall Tcheck Ttotal Status Flags
r-devel-linux-x86_64-debian-clang 0.1 12.01 129.26 141.27 OK
r-devel-linux-x86_64-debian-gcc 0.1 9.72 112.49 122.21 OK
r-devel-linux-x86_64-fedora-clang 0.1 181.19 OK
r-devel-linux-x86_64-fedora-gcc 0.1 180.42 OK
r-devel-windows-ix86+x86_64 0.1 16.00 132.00 148.00 OK
r-patched-linux-x86_64 0.1 11.69 149.36 161.05 OK
r-release-linux-x86_64 0.1 11.31 149.63 160.94 OK
r-release-windows-ix86+x86_64 0.1 27.00 178.00 205.00 OK
r-release-osx-x86_64 0.1 OK
r-oldrel-windows-ix86+x86_64 0.1 34.00 168.00 202.00 OK
r-oldrel-osx-x86_64 0.1 ERROR

Check Details

Version: 0.1
Check: tests
Result: ERROR
    Running the tests in ‘tests/run-all.R’ failed.
    Last 13 lines of output:
    
     Attaching package: 'llama'
    
     The following object is masked from 'package:BBmisc':
    
     normalize
    
     > test_check("aslib")
     Loading required package: aslib
     Error in .jnew("weka/core/Instances", .jcast(reader, "java/io/Reader")) :
     java.lang.UnsupportedClassVersionError: weka/core/Instances : Unsupported major.minor version 51.0
     Calls: test_check ... eval -> parseASScenario -> read.arff -> .jnew -> .External
     Execution halted
Flavor: r-oldrel-osx-x86_64