Last updated on 2023-12-03 04:55:59 CET.
Flavor | Version | Tinstall | Tcheck | Ttotal | Status | Flags |
---|---|---|---|---|---|---|
r-devel-linux-x86_64-debian-clang | 1.0.0 | 305.50 | 151.18 | 456.68 | OK | |
r-devel-linux-x86_64-debian-gcc | 1.0.0 | 198.61 | 113.74 | 312.35 | OK | |
r-devel-linux-x86_64-fedora-clang | 1.0.0 | 730.31 | OK | |||
r-devel-linux-x86_64-fedora-gcc | 1.0.0 | 717.85 | OK | |||
r-devel-windows-x86_64 | 1.0.0 | 243.00 | 138.00 | 381.00 | OK | |
r-patched-linux-x86_64 | 1.0.0 | 250.80 | 139.87 | 390.67 | OK | |
r-release-linux-x86_64 | 1.0.0 | 222.63 | 139.34 | 361.97 | OK | |
r-release-macos-arm64 | 1.0.0 | 96.00 | NOTE | |||
r-release-macos-x86_64 | 1.0.0 | 170.00 | NOTE | |||
r-release-windows-x86_64 | 1.0.0 | 293.00 | 167.00 | 460.00 | OK | |
r-oldrel-macos-arm64 | 1.0.0 | 91.00 | NOTE | |||
r-oldrel-macos-x86_64 | 1.0.0 | 188.00 | NOTE | |||
r-oldrel-windows-x86_64 | 1.0.0 | 281.00 | 166.00 | 447.00 | OK |
Version: 1.0.0
Check: installed package size
Result: NOTE
installed size is 11.3Mb
sub-directories of 1Mb or more:
data 1.1Mb
libs 9.0Mb
Flavors: r-release-macos-arm64, r-release-macos-x86_64, r-oldrel-macos-arm64, r-oldrel-macos-x86_64