CRAN Package Check Results for Package assertive.models

Last updated on 2022-05-27 16:50:42 CEST.

Flavor Version Tinstall Tcheck Ttotal Status Flags
r-devel-linux-x86_64-debian-clang 0.0-2 2.05 34.16 36.21 NOTE
r-devel-linux-x86_64-debian-gcc 0.0-2 1.65 26.38 28.03 NOTE
r-devel-linux-x86_64-fedora-clang 0.0-2 45.45 NOTE
r-devel-linux-x86_64-fedora-gcc 0.0-2 42.31 NOTE
r-devel-windows-x86_64 0.0-2 14.00 51.00 65.00 NOTE
r-patched-linux-x86_64 0.0-2 1.61 32.83 34.44 NOTE
r-release-linux-x86_64 0.0-2 2.01 32.71 34.72 NOTE
r-release-macos-arm64 0.0-2 15.00 NOTE
r-release-macos-x86_64 0.0-2 21.00 NOTE
r-release-windows-x86_64 0.0-2 21.00 49.00 70.00 NOTE
r-oldrel-macos-arm64 0.0-2 20.00 NOTE
r-oldrel-macos-x86_64 0.0-2 31.00 NOTE
r-oldrel-windows-ix86+x86_64 0.0-2 5.00 42.00 47.00 NOTE

Check Details

Version: 0.0-2
Check: LazyData
Result: NOTE
     'LazyData' is specified without a 'data' directory
Flavors: r-devel-linux-x86_64-debian-clang, r-devel-linux-x86_64-debian-gcc, r-devel-linux-x86_64-fedora-clang, r-devel-linux-x86_64-fedora-gcc, r-devel-windows-x86_64, r-patched-linux-x86_64, r-release-linux-x86_64, r-release-macos-arm64, r-release-macos-x86_64, r-release-windows-x86_64, r-oldrel-macos-arm64, r-oldrel-macos-x86_64, r-oldrel-windows-ix86+x86_64