CRAN Package Check Results for Package asus

Last updated on 2018-02-20 23:49:55 CET.

Flavor Version Tinstall Tcheck Ttotal Status Flags
r-devel-linux-x86_64-debian-clang 1.0.0 1.08 24.27 25.35 NOTE
r-devel-linux-x86_64-debian-gcc 1.0.0 1.03 19.52 20.55 NOTE
r-devel-linux-x86_64-fedora-clang 1.0.0 30.64 NOTE
r-devel-linux-x86_64-fedora-gcc 1.0.0 29.24 NOTE
r-devel-windows-ix86+x86_64 1.0.0 3.00 35.00 38.00 OK
r-patched-linux-x86_64 1.0.0 0.99 25.80 26.79 OK
r-patched-solaris-x86 1.0.0 42.70 OK
r-release-linux-x86_64 1.0.0 0.93 25.49 26.42 OK
r-release-windows-ix86+x86_64 1.0.0 7.00 46.00 53.00 OK
r-release-osx-x86_64 1.0.0 OK
r-oldrel-osx-x86_64 1.0.0 ERROR

Check Details

Version: 1.0.0
Check: DESCRIPTION meta-information
Result: NOTE
    Dependence on R version ‘3.4.2’ not with patchlevel 0
Flavors: r-devel-linux-x86_64-debian-clang, r-devel-linux-x86_64-debian-gcc, r-devel-linux-x86_64-fedora-clang, r-devel-linux-x86_64-fedora-gcc

Version: 1.0.0
Check: whether package can be installed
Result: ERROR
    Installation failed.
Flavor: r-oldrel-osx-x86_64