CRAN Package Check Results for Package asus

Last updated on 2019-01-22 05:49:02 CET.

Flavor Version Tinstall Tcheck Ttotal Status Flags
r-devel-linux-x86_64-debian-clang 1.0.0 1.50 26.78 28.28 NOTE
r-devel-linux-x86_64-debian-gcc 1.0.0 1.13 21.04 22.17 NOTE
r-devel-linux-x86_64-fedora-clang 1.0.0 33.70 NOTE
r-devel-linux-x86_64-fedora-gcc 1.0.0 31.39 NOTE
r-devel-windows-ix86+x86_64 1.0.0 4.00 56.00 60.00 OK
r-patched-linux-x86_64 1.0.0 1.29 24.53 25.82 NOTE
r-patched-solaris-x86 1.0.0 48.00 OK
r-release-linux-x86_64 1.0.0 1.27 24.40 25.67 NOTE
r-release-windows-ix86+x86_64 1.0.0 3.00 54.00 57.00 OK
r-release-osx-x86_64 1.0.0 OK
r-oldrel-windows-ix86+x86_64 1.0.0 4.00 39.00 43.00 OK
r-oldrel-osx-x86_64 1.0.0 OK

Check Details

Version: 1.0.0
Check: DESCRIPTION meta-information
Result: NOTE
    Dependence on R version ‘3.4.2’ not with patchlevel 0
Flavors: r-devel-linux-x86_64-debian-clang, r-devel-linux-x86_64-debian-gcc, r-devel-linux-x86_64-fedora-clang, r-devel-linux-x86_64-fedora-gcc, r-patched-linux-x86_64, r-release-linux-x86_64