CRAN Package Check Results for Package asus

Last updated on 2018-05-26 19:46:18 CEST.

Flavor Version Tinstall Tcheck Ttotal Status Flags
r-devel-linux-x86_64-debian-clang 1.0.0 1.41 18.10 19.51 NOTE
r-devel-linux-x86_64-debian-gcc 1.0.0 1.21 21.83 23.04 NOTE
r-devel-linux-x86_64-fedora-clang 1.0.0 35.14 NOTE
r-devel-linux-x86_64-fedora-gcc 1.0.0 32.23 NOTE
r-devel-windows-ix86+x86_64 1.0.0 4.00 48.00 52.00 OK
r-patched-linux-x86_64 1.0.0 1.52 24.42 25.94 NOTE
r-patched-solaris-x86 1.0.0 45.20 OK
r-release-linux-x86_64 1.0.0 0.96 24.36 25.32 NOTE
r-release-windows-ix86+x86_64 1.0.0 5.00 48.00 53.00 OK
r-release-osx-x86_64 1.0.0 OK
r-oldrel-windows-ix86+x86_64 1.0.0 6.00 36.00 42.00 OK
r-oldrel-osx-x86_64 1.0.0 OK

Check Details

Version: 1.0.0
Check: DESCRIPTION meta-information
Result: NOTE
    Dependence on R version ‘3.4.2’ not with patchlevel 0
Flavors: r-devel-linux-x86_64-debian-clang, r-devel-linux-x86_64-debian-gcc, r-devel-linux-x86_64-fedora-clang, r-devel-linux-x86_64-fedora-gcc, r-patched-linux-x86_64, r-release-linux-x86_64