CRAN Package Check Results for Package asus

Last updated on 2018-10-16 08:47:56 CEST.

Flavor Version Tinstall Tcheck Ttotal Status Flags
r-devel-linux-x86_64-debian-clang 1.0.0 1.63 27.66 29.29 NOTE
r-devel-linux-x86_64-debian-gcc 1.0.0 1.17 22.22 23.39 NOTE
r-devel-linux-x86_64-fedora-clang 1.0.0 34.43 NOTE
r-devel-linux-x86_64-fedora-gcc 1.0.0 33.74 NOTE
r-devel-windows-ix86+x86_64 1.0.0 4.00 63.00 67.00 OK
r-patched-linux-x86_64 1.0.0 1.33 24.84 26.17 NOTE
r-patched-solaris-x86 1.0.0 45.80 OK
r-release-linux-x86_64 1.0.0 1.38 24.54 25.92 NOTE
r-release-windows-ix86+x86_64 1.0.0 3.00 48.00 51.00 OK
r-release-osx-x86_64 1.0.0 OK
r-oldrel-windows-ix86+x86_64 1.0.0 4.00 57.00 61.00 OK
r-oldrel-osx-x86_64 1.0.0 OK

Check Details

Version: 1.0.0
Check: DESCRIPTION meta-information
Result: NOTE
    Dependence on R version ‘3.4.2’ not with patchlevel 0
Flavors: r-devel-linux-x86_64-debian-clang, r-devel-linux-x86_64-debian-gcc, r-devel-linux-x86_64-fedora-clang, r-devel-linux-x86_64-fedora-gcc, r-patched-linux-x86_64, r-release-linux-x86_64