CRAN Package Check Results for Package asymmetry

Last updated on 2018-10-21 17:53:58 CEST.

Flavor Version Tinstall Tcheck Ttotal Status Flags
r-devel-linux-x86_64-debian-clang 2.0 8.49 112.48 120.97 OK
r-devel-linux-x86_64-debian-gcc 2.0 8.07 92.01 100.08 OK
r-devel-linux-x86_64-fedora-clang 2.0 149.87 OK
r-devel-linux-x86_64-fedora-gcc 2.0 142.11 OK
r-devel-windows-ix86+x86_64 2.0 33.00 177.00 210.00 OK
r-patched-linux-x86_64 2.0 7.28 91.61 98.89 OK
r-patched-solaris-x86 2.0 193.50 OK
r-release-linux-x86_64 2.0 0.28 2.06 2.34 ERROR
r-release-windows-ix86+x86_64 2.0 33.00 167.00 200.00 OK
r-release-osx-x86_64 2.0 OK
r-oldrel-windows-ix86+x86_64 2.0 20.00 166.00 186.00 OK
r-oldrel-osx-x86_64 2.0 OK

Check Details

Version: 2.0
Check: package dependencies
Result: ERROR
    Package required but not available: ‘smacof’
    
    See section ‘The DESCRIPTION file’ in the ‘Writing R Extensions’
    manual.
Flavor: r-release-linux-x86_64