Last updated on 2023-10-01 13:55:35 CEST.
Flavor | Version | Tinstall | Tcheck | Ttotal | Status | Flags |
---|---|---|---|---|---|---|
r-devel-linux-x86_64-debian-clang | 0.3.2 | 7.67 | 252.83 | 260.50 | OK | |
r-devel-linux-x86_64-debian-gcc | 0.3.2 | 6.30 | 184.66 | 190.96 | OK | |
r-devel-linux-x86_64-fedora-clang | 0.3.2 | 301.00 | NOTE | |||
r-devel-linux-x86_64-fedora-gcc | 0.3.2 | 327.36 | OK | |||
r-devel-windows-x86_64 | 0.3.2 | 8.00 | 154.00 | 162.00 | OK | |
r-patched-linux-x86_64 | 0.3.2 | 12.86 | 245.88 | 258.74 | OK | |
r-release-linux-x86_64 | 0.3.2 | 5.18 | 241.45 | 246.63 | OK | |
r-release-macos-arm64 | 0.3.2 | 95.00 | OK | |||
r-release-macos-x86_64 | 0.3.2 | 153.00 | OK | |||
r-release-windows-x86_64 | 0.3.2 | 12.00 | 187.00 | 199.00 | OK | |
r-oldrel-macos-arm64 | 0.3.2 | 86.00 | OK | |||
r-oldrel-macos-x86_64 | 0.3.2 | 100.00 | OK | |||
r-oldrel-windows-x86_64 | 0.3.2 | 11.00 | 190.00 | 201.00 | OK |
Version: 0.3.2
Check: Rd cross-references
Result: NOTE
Undeclared package ‘iterators’ in Rd xrefs
Flavor: r-devel-linux-x86_64-fedora-clang