CRAN Package Check Results for Package atime

Last updated on 2024-02-28 21:49:39 CET.

Flavor Version Tinstall Tcheck Ttotal Status Flags
r-devel-linux-x86_64-debian-clang 2024.1.31 3.39 158.28 161.67 OK
r-devel-linux-x86_64-debian-gcc 2024.1.31 3.25 123.90 127.15 OK
r-devel-linux-x86_64-fedora-clang 2024.1.31 189.39 OK
r-devel-linux-x86_64-fedora-gcc 2024.1.31 200.54 OK
r-devel-windows-x86_64 2024.1.31 5.00 166.00 171.00 OK
r-patched-linux-x86_64 2024.1.31 3.47 149.55 153.02 ERROR
r-release-linux-x86_64 2024.1.31 2.56 154.74 157.30 OK
r-release-macos-arm64 2024.1.31 94.00 OK
r-release-macos-x86_64 2024.1.31 177.00 OK
r-release-windows-x86_64 2024.1.31 5.00 204.00 209.00 OK
r-oldrel-macos-arm64 2024.1.31 124.00 OK
r-oldrel-windows-x86_64 2024.1.31 6.00 205.00 211.00 OK

Additional issues

noSuggests

Check Details

Version: 2024.1.31
Check: package dependencies
Result: NOTE Package suggested but not available for checking: ‘nc’ Flavor: r-patched-linux-x86_64

Version: 2024.1.31
Check: tests
Result: ERROR Running ‘testthat.R’ [7s/9s] Running the tests in ‘tests/testthat.R’ failed. Complete output: > if(require(testthat))test_check("atime") Loading required package: testthat Loading required package: atime [ FAIL 1 | WARN 0 | SKIP 0 | PASS 38 ] ══ Failed tests ════════════════════════════════════════════════════════════════ ── Error ('test-CRAN.R:184:5'): error for expr.list not list ─────────────────── <packageNotFoundError/error/condition> Error: there is no package called 'nc' Backtrace: ▆ 1. └─atime (local) dolist(expr.list) at test-CRAN.R:193:3 2. └─atime::atime(...) at test-CRAN.R:184:5 3. └─base::eval(m.call, N.env) 4. └─base::eval(m.call, N.env) 5. └─bench::mark(...) [ FAIL 1 | WARN 0 | SKIP 0 | PASS 38 ] Error: Test failures Execution halted Flavor: r-patched-linux-x86_64

Version: 2024.1.31
Check: re-building of vignette outputs
Result: ERROR Error(s) in re-building vignettes: ... --- re-building ‘Custom_Plots.Rmd’ using knitr --- finished re-building ‘Custom_Plots.Rmd’ --- re-building ‘Custom_References.Rmd’ using knitr --- finished re-building ‘Custom_References.Rmd’ --- re-building ‘Custom_Units.Rmd’ using knitr --- finished re-building ‘Custom_Units.Rmd’ --- re-building ‘cum_median.Rmd’ using knitr --- finished re-building ‘cum_median.Rmd’ --- re-building ‘regex.Rmd’ using knitr Quitting from lines 80-96 [unnamed-chunk-5] (regex.Rmd) Error: processing vignette 'regex.Rmd' failed with diagnostics: there is no package called 'nc' --- failed re-building ‘regex.Rmd’ SUMMARY: processing the following file failed: ‘regex.Rmd’ Error: Vignette re-building failed. Execution halted Flavor: r-patched-linux-x86_64