CRAN Package Check Results for Package atlantistools

Last updated on 2018-10-24 03:55:11 CEST.

Flavor Version Tinstall Tcheck Ttotal Status Flags
r-devel-linux-x86_64-debian-clang 0.4.3 7.94 256.93 264.87 OK
r-devel-linux-x86_64-debian-gcc 0.4.3 4.86 223.06 227.92 OK
r-devel-linux-x86_64-fedora-clang 0.4.3 371.17 OK
r-devel-linux-x86_64-fedora-gcc 0.4.3 366.74 OK
r-devel-windows-ix86+x86_64 0.4.3 18.00 313.00 331.00 OK
r-patched-linux-x86_64 0.4.3 5.85 253.34 259.19 OK
r-patched-solaris-x86 0.4.3 381.30 OK
r-release-linux-x86_64 0.4.3 5.90 256.32 262.22 ERROR
r-release-windows-ix86+x86_64 0.4.3 19.00 365.00 384.00 OK
r-release-osx-x86_64 0.4.3 OK
r-oldrel-windows-ix86+x86_64 0.4.3 8.00 327.00 335.00 OK
r-oldrel-osx-x86_64 0.4.3 OK

Check Details

Version: 0.4.3
Check: package dependencies
Result: NOTE
    Package suggested but not available for checking: ‘vdiffr’
Flavor: r-release-linux-x86_64

Version: 0.4.3
Check: tests
Result: ERROR
     Running ‘testthat.R’ [18s/23s]
    Running the tests in ‘tests/testthat.R’ failed.
    Complete output:
     > library(testthat)
     > library(atlantistools)
     >
     > test_check("atlantistools")
     ── 1. Error: check visually (@test-plot-species.R#12) ─────────────────────────
     there is no package called 'vdiffr'
     1: vdiffr::expect_doppelganger at testthat/test-plot-species.R:12
     2: getExportedValue(pkg, name)
     3: asNamespace(ns)
     4: getNamespace(ns)
     5: tryCatch(loadNamespace(name), error = function(e) stop(e))
     6: tryCatchList(expr, classes, parentenv, handlers)
     7: tryCatchOne(expr, names, parentenv, handlers[[1L]])
     8: value[[3L]](cond)
    
     ══ testthat results ═══════════════════════════════════════════════════════════
     OK: 197 SKIPPED: 0 FAILED: 1
     1. Error: check visually (@test-plot-species.R#12)
    
     Error: testthat unit tests failed
     Execution halted
Flavor: r-release-linux-x86_64