CRAN Package Check Results for Package atsd

Last updated on 2018-02-24 19:50:24 CET.

Flavor Version Tinstall Tcheck Ttotal Status Flags
r-devel-linux-x86_64-debian-clang 1.2.0 1.85 22.72 24.57 OK
r-devel-linux-x86_64-debian-gcc 1.2.0 1.42 18.20 19.62 OK
r-devel-linux-x86_64-fedora-clang 1.2.0 29.60 OK
r-devel-linux-x86_64-fedora-gcc 1.2.0 28.14 OK
r-devel-windows-ix86+x86_64 1.2.0 7.00 53.00 60.00 OK
r-patched-linux-x86_64 1.2.0 1.15 23.51 24.66 OK
r-patched-solaris-x86 1.2.0 37.40 OK
r-release-linux-x86_64 1.2.0 1.02 23.44 24.46 OK
r-release-windows-ix86+x86_64 1.2.0 3.00 46.00 49.00 OK
r-release-osx-x86_64 1.2.0 OK
r-oldrel-windows-ix86+x86_64 1.2.0 3.00 34.00 37.00 OK
r-oldrel-osx-x86_64 1.0.8441 NOTE

Check Details

Version: 1.0.8441
Check: R code for possible problems
Result: NOTE
    parse_response: no visible global function definition for ‘read.csv’
    Undefined global functions or variables:
     read.csv
    Consider adding
     importFrom("utils", "read.csv")
    to your NAMESPACE file.
Flavor: r-oldrel-osx-x86_64