CRAN Package Check Results for Package attenuation

Last updated on 2022-12-10 09:53:54 CET.

Flavor Version Tinstall Tcheck Ttotal Status Flags
r-devel-linux-x86_64-debian-clang 1.0.0 2.68 41.07 43.75 NOTE
r-devel-linux-x86_64-debian-gcc 1.0.0 1.92 29.47 31.39 NOTE
r-devel-linux-x86_64-fedora-clang 1.0.0 62.91 NOTE
r-devel-linux-x86_64-fedora-gcc 1.0.0 60.51 NOTE
r-devel-windows-x86_64 1.0.0 21.00 63.00 84.00 NOTE
r-patched-linux-x86_64 1.0.0 2.31 38.80 41.11 NOTE
r-release-linux-x86_64 1.0.0 2.17 39.16 41.33 NOTE
r-release-macos-arm64 1.0.0 17.00 NOTE
r-release-macos-x86_64 1.0.0 25.00 NOTE
r-release-windows-x86_64 1.0.0 21.00 70.00 91.00 NOTE
r-oldrel-macos-arm64 1.0.0 21.00 NOTE
r-oldrel-macos-x86_64 1.0.0 31.00 NOTE
r-oldrel-windows-ix86+x86_64 1.0.0 6.00 62.00 68.00 NOTE

Check Details

Version: 1.0.0
Check: LazyData
Result: NOTE
     'LazyData' is specified without a 'data' directory
Flavors: r-devel-linux-x86_64-debian-clang, r-devel-linux-x86_64-debian-gcc, r-devel-linux-x86_64-fedora-clang, r-devel-linux-x86_64-fedora-gcc, r-devel-windows-x86_64, r-patched-linux-x86_64, r-release-linux-x86_64, r-release-macos-arm64, r-release-macos-x86_64, r-release-windows-x86_64, r-oldrel-macos-arm64, r-oldrel-macos-x86_64, r-oldrel-windows-ix86+x86_64