CRAN Package Check Results for Package attrCUSUM

Last updated on 2018-10-16 21:49:56 CEST.

Flavor Version Tinstall Tcheck Ttotal Status Flags
r-devel-linux-x86_64-debian-clang 0.1.0 37.67 49.55 87.22 OK
r-devel-linux-x86_64-debian-gcc 0.1.0 30.28 39.56 69.84 OK
r-devel-linux-x86_64-fedora-clang 0.1.0 114.01 NOTE
r-devel-linux-x86_64-fedora-gcc 0.1.0 110.03 NOTE
r-devel-windows-ix86+x86_64 0.1.0 85.00 124.00 209.00 OK
r-patched-linux-x86_64 0.1.0 39.55 45.99 85.54 NOTE
r-patched-solaris-x86 0.1.0 125.70 OK
r-release-linux-x86_64 0.1.0 41.83 46.11 87.94 NOTE
r-release-windows-ix86+x86_64 0.1.0 67.00 125.00 192.00 OK
r-release-osx-x86_64 0.1.0 OK
r-oldrel-windows-ix86+x86_64 0.1.0 85.00 129.00 214.00 OK
r-oldrel-osx-x86_64 0.1.0 OK

Check Details

Version: 0.1.0
Check: compiled code
Result: NOTE
    File ‘attrCUSUM/libs/attrCUSUM.so’:
     Found no calls to: ‘R_registerRoutines’, ‘R_useDynamicSymbols’
    
    It is good practice to register native routines and to disable symbol
    search.
    
    See ‘Writing portable packages’ in the ‘Writing R Extensions’ manual.
Flavors: r-devel-linux-x86_64-fedora-clang, r-devel-linux-x86_64-fedora-gcc

Version: 0.1.0
Check: DESCRIPTION meta-information
Result: NOTE
    Dependence on R version ‘3.3.2’ not with patchlevel 0
Flavors: r-patched-linux-x86_64, r-release-linux-x86_64