CRAN Package Check Results for Package attrCUSUM

Last updated on 2019-01-23 08:48:55 CET.

Flavor Version Tinstall Tcheck Ttotal Status Flags
r-devel-linux-x86_64-debian-clang 0.1.0 30.34 49.79 80.13 OK
r-devel-linux-x86_64-debian-gcc 0.1.0 30.84 38.96 69.80 OK
r-devel-linux-x86_64-fedora-clang 0.1.0 115.82 NOTE
r-devel-linux-x86_64-fedora-gcc 0.1.0 107.65 NOTE
r-devel-windows-ix86+x86_64 0.1.0 83.00 124.00 207.00 OK
r-patched-linux-x86_64 0.1.0 38.22 46.43 84.65 NOTE
r-patched-solaris-x86 0.1.0 126.00 OK
r-release-linux-x86_64 0.1.0 38.38 46.04 84.42 NOTE
r-release-windows-ix86+x86_64 0.1.0 64.00 121.00 185.00 OK
r-release-osx-x86_64 0.1.0 OK
r-oldrel-windows-ix86+x86_64 0.1.0 64.00 127.00 191.00 OK
r-oldrel-osx-x86_64 0.1.0 OK

Check Details

Version: 0.1.0
Check: compiled code
Result: NOTE
    File ‘attrCUSUM/libs/attrCUSUM.so’:
     Found no calls to: ‘R_registerRoutines’, ‘R_useDynamicSymbols’
    
    It is good practice to register native routines and to disable symbol
    search.
    
    See ‘Writing portable packages’ in the ‘Writing R Extensions’ manual.
Flavors: r-devel-linux-x86_64-fedora-clang, r-devel-linux-x86_64-fedora-gcc

Version: 0.1.0
Check: DESCRIPTION meta-information
Result: NOTE
    Dependence on R version ‘3.3.2’ not with patchlevel 0
Flavors: r-patched-linux-x86_64, r-release-linux-x86_64