CRAN Package Check Results for Package attrCUSUM

Last updated on 2018-02-21 22:47:50 CET.

Flavor Version Tinstall Tcheck Ttotal Status Flags
r-devel-linux-x86_64-debian-clang 0.1.0 29.97 48.78 78.75 NOTE
r-devel-linux-x86_64-debian-gcc 0.1.0 22.71 35.78 58.49 NOTE
r-devel-linux-x86_64-fedora-clang 0.1.0 103.82 NOTE
r-devel-linux-x86_64-fedora-gcc 0.1.0 98.82 NOTE
r-devel-windows-ix86+x86_64 0.1.0 60.00 89.00 149.00 OK
r-patched-linux-x86_64 0.1.0 29.39 50.26 79.65 NOTE
r-patched-solaris-x86 0.1.0 125.90 OK
r-release-linux-x86_64 0.1.0 29.95 49.73 79.68 NOTE
r-release-windows-ix86+x86_64 0.1.0 86.00 122.00 208.00 OK
r-release-osx-x86_64 0.1.0 OK
r-oldrel-windows-ix86+x86_64 0.1.0 65.00 83.00 148.00 OK
r-oldrel-osx-x86_64 0.1.0 OK

Check Details

Version: 0.1.0
Check: DESCRIPTION meta-information
Result: NOTE
    Dependence on R version ‘3.3.2’ not with patchlevel 0
Flavors: r-devel-linux-x86_64-debian-clang, r-devel-linux-x86_64-debian-gcc, r-devel-linux-x86_64-fedora-clang, r-devel-linux-x86_64-fedora-gcc

Version: 0.1.0
Check: compiled code
Result: NOTE
    File ‘attrCUSUM/libs/attrCUSUM.so’:
     Found no calls to: ‘R_registerRoutines’, ‘R_useDynamicSymbols’
    
    It is good practice to register native routines and to disable symbol
    search.
    
    See ‘Writing portable packages’ in the ‘Writing R Extensions’ manual.
Flavors: r-devel-linux-x86_64-debian-clang, r-devel-linux-x86_64-debian-gcc, r-devel-linux-x86_64-fedora-clang, r-devel-linux-x86_64-fedora-gcc, r-patched-linux-x86_64, r-release-linux-x86_64