CRAN Package Check Results for Package attrCUSUM

Last updated on 2018-08-15 08:48:33 CEST.

Flavor Version Tinstall Tcheck Ttotal Status Flags
r-devel-linux-x86_64-debian-clang 0.1.0 32.58 50.14 82.72 NOTE
r-devel-linux-x86_64-debian-gcc 0.1.0 31.07 39.94 71.01 NOTE
r-devel-linux-x86_64-fedora-clang 0.1.0 108.15 NOTE
r-devel-linux-x86_64-fedora-gcc 0.1.0 108.81 NOTE
r-devel-windows-ix86+x86_64 0.1.0 53.00 94.00 147.00 OK
r-patched-linux-x86_64 0.1.0 38.85 45.77 84.62 NOTE
r-patched-solaris-x86 0.1.0 126.10 OK
r-release-linux-x86_64 0.1.0 39.80 46.48 86.28 NOTE
r-release-windows-ix86+x86_64 0.1.0 79.00 119.00 198.00 OK
r-release-osx-x86_64 0.1.0 OK
r-oldrel-windows-ix86+x86_64 0.1.0 86.00 97.00 183.00 OK
r-oldrel-osx-x86_64 0.1.0 OK

Check Details

Version: 0.1.0
Check: compiled code
Result: NOTE
    File ‘attrCUSUM/libs/attrCUSUM.so’:
     Found no calls to: ‘R_registerRoutines’, ‘R_useDynamicSymbols’
    
    It is good practice to register native routines and to disable symbol
    search.
    
    See ‘Writing portable packages’ in the ‘Writing R Extensions’ manual.
Flavors: r-devel-linux-x86_64-debian-clang, r-devel-linux-x86_64-debian-gcc, r-devel-linux-x86_64-fedora-clang, r-devel-linux-x86_64-fedora-gcc, r-patched-linux-x86_64, r-release-linux-x86_64

Version: 0.1.0
Check: DESCRIPTION meta-information
Result: NOTE
    Dependence on R version ‘3.3.2’ not with patchlevel 0
Flavors: r-patched-linux-x86_64, r-release-linux-x86_64