CRAN Package Check Results for Package attrCUSUM

Last updated on 2018-05-25 13:47:40 CEST.

Flavor Version Tinstall Tcheck Ttotal Status Flags
r-devel-linux-x86_64-debian-clang 0.1.0 32.37 30.86 63.23 NOTE
r-devel-linux-x86_64-debian-gcc 0.1.0 30.61 39.71 70.32 NOTE
r-devel-linux-x86_64-fedora-clang 0.1.0 111.81 NOTE
r-devel-linux-x86_64-fedora-gcc 0.1.0 100.09 NOTE
r-devel-windows-ix86+x86_64 0.1.0 58.00 106.00 164.00 FAIL
r-patched-linux-x86_64 0.1.0 33.67 46.30 79.97 NOTE
r-patched-solaris-x86 0.1.0 124.90 OK
r-release-linux-x86_64 0.1.0 36.74 45.82 82.56 NOTE
r-release-windows-ix86+x86_64 0.1.0 80.00 121.00 201.00 OK
r-release-osx-x86_64 0.1.0 OK
r-oldrel-windows-ix86+x86_64 0.1.0 82.00 80.00 162.00 OK
r-oldrel-osx-x86_64 0.1.0 OK

Check Details

Version: 0.1.0
Check: compiled code
Result: NOTE
    File ‘attrCUSUM/libs/attrCUSUM.so’:
     Found no calls to: ‘R_registerRoutines’, ‘R_useDynamicSymbols’
    
    It is good practice to register native routines and to disable symbol
    search.
    
    See ‘Writing portable packages’ in the ‘Writing R Extensions’ manual.
Flavors: r-devel-linux-x86_64-debian-clang, r-devel-linux-x86_64-debian-gcc, r-devel-linux-x86_64-fedora-clang, r-devel-linux-x86_64-fedora-gcc, r-patched-linux-x86_64, r-release-linux-x86_64

Version: 0.1.0
Check: loading without being on the library search path
Result: FAIL
    
Flavor: r-devel-windows-ix86+x86_64

Version: 0.1.0
Check: DESCRIPTION meta-information
Result: NOTE
    Dependence on R version ‘3.3.2’ not with patchlevel 0
Flavors: r-patched-linux-x86_64, r-release-linux-x86_64