CRAN Package Check Results for Package aucm

Last updated on 2019-06-17 10:48:04 CEST.

Flavor Version Tinstall Tcheck Ttotal Status Flags
r-devel-linux-x86_64-debian-clang 2018.1-24 19.58 37.33 56.91 NOTE
r-devel-linux-x86_64-debian-gcc 2018.1-24 10.72 28.91 39.63 NOTE
r-devel-linux-x86_64-fedora-clang 2018.1-24 68.96 NOTE
r-devel-linux-x86_64-fedora-gcc 2018.1-24 59.77 NOTE
r-devel-windows-ix86+x86_64 2018.1-24 61.00 64.00 125.00 NOTE
r-patched-linux-x86_64 2018.1-24 13.50 36.92 50.42 OK
r-patched-solaris-x86 2018.1-24 104.80 OK
r-release-linux-x86_64 2018.1-24 13.73 36.67 50.40 OK
r-release-windows-ix86+x86_64 2018.1-24 41.00 84.00 125.00 OK
r-release-osx-x86_64 2018.1-24 OK
r-oldrel-windows-ix86+x86_64 2018.1-24 37.00 82.00 119.00 OK
r-oldrel-osx-x86_64 2018.1-24 OK

Additional issues

LTO

Check Details

Version: 2018.1-24
Check: use of PKG_*FLAGS in Makefiles
Result: NOTE
     PKG_CXXFLAGS set in 'src/Makevars.win' without any corresponding files
Flavors: r-devel-linux-x86_64-debian-clang, r-devel-linux-x86_64-debian-gcc, r-devel-linux-x86_64-fedora-clang, r-devel-linux-x86_64-fedora-gcc, r-devel-windows-ix86+x86_64