CRAN Package Check Results for Package auctestr

Last updated on 2018-02-19 21:49:22 CET.

Flavor Version Tinstall Tcheck Ttotal Status Flags
r-devel-linux-x86_64-debian-clang 1.0.0 1.68 26.57 28.25 NOTE
r-devel-linux-x86_64-debian-gcc 1.0.0 1.26 23.92 25.18 NOTE
r-devel-linux-x86_64-fedora-clang 1.0.0 37.03 NOTE
r-devel-linux-x86_64-fedora-gcc 1.0.0 35.27 NOTE
r-devel-windows-ix86+x86_64 1.0.0 4.00 44.00 48.00 OK
r-patched-linux-x86_64 1.0.0 1.67 31.78 33.45 OK
r-patched-solaris-x86 1.0.0 56.70 NOTE
r-release-linux-x86_64 1.0.0 1.76 31.84 33.60 OK
r-release-windows-ix86+x86_64 1.0.0 9.00 67.00 76.00 OK
r-release-osx-x86_64 1.0.0 NOTE
r-oldrel-windows-ix86+x86_64 1.0.0 8.00 54.00 62.00 OK
r-oldrel-osx-x86_64 1.0.0 NOTE

Check Details

Version: 1.0.0
Check: DESCRIPTION meta-information
Result: NOTE
    Dependence on R version ‘3.3.1’ not with patchlevel 0
Flavors: r-devel-linux-x86_64-debian-clang, r-devel-linux-x86_64-debian-gcc, r-devel-linux-x86_64-fedora-clang, r-devel-linux-x86_64-fedora-gcc

Version: 1.0.0
Check: dependencies in R code
Result: NOTE
    Namespace in Imports field not imported from: ‘tidyr’
     All declared Imports should be used.
Flavors: r-devel-linux-x86_64-fedora-clang, r-devel-linux-x86_64-fedora-gcc, r-patched-solaris-x86, r-release-osx-x86_64, r-oldrel-osx-x86_64