CRAN Package Check Results for Package auctestr

Last updated on 2018-10-18 14:47:11 CEST.

Flavor Version Tinstall Tcheck Ttotal Status Flags
r-devel-linux-x86_64-debian-clang 1.0.0 2.60 36.28 38.88 OK
r-devel-linux-x86_64-debian-gcc 1.0.0 OK
r-devel-linux-x86_64-fedora-clang 1.0.0 46.18 NOTE
r-devel-linux-x86_64-fedora-gcc 1.0.0 43.14 NOTE
r-devel-windows-ix86+x86_64 1.0.0 6.00 64.00 70.00 OK
r-patched-linux-x86_64 1.0.0 2.20 30.83 33.03 NOTE
r-patched-solaris-x86 1.0.0 62.80 NOTE
r-release-linux-x86_64 1.0.0 2.07 31.18 33.25 NOTE
r-release-windows-ix86+x86_64 1.0.0 6.00 71.00 77.00 OK
r-release-osx-x86_64 1.0.0 NOTE
r-oldrel-windows-ix86+x86_64 1.0.0 5.00 75.00 80.00 OK
r-oldrel-osx-x86_64 1.0.0 NOTE

Check Details

Version: 1.0.0
Check: dependencies in R code
Result: NOTE
    Namespace in Imports field not imported from: ‘tidyr’
     All declared Imports should be used.
Flavors: r-devel-linux-x86_64-fedora-clang, r-devel-linux-x86_64-fedora-gcc, r-patched-solaris-x86, r-release-osx-x86_64, r-oldrel-osx-x86_64

Version: 1.0.0
Check: DESCRIPTION meta-information
Result: NOTE
    Dependence on R version ‘3.3.1’ not with patchlevel 0
Flavors: r-patched-linux-x86_64, r-release-linux-x86_64