CRAN Package Check Results for Package auctestr

Last updated on 2018-05-27 06:46:33 CEST.

Flavor Version Tinstall Tcheck Ttotal Status Flags
r-devel-linux-x86_64-debian-clang 1.0.0 2.11 22.46 24.57 OK
r-devel-linux-x86_64-debian-gcc 1.0.0 2.04 27.30 29.34 OK
r-devel-linux-x86_64-fedora-clang 1.0.0 45.65 NOTE
r-devel-linux-x86_64-fedora-gcc 1.0.0 41.73 NOTE
r-devel-windows-ix86+x86_64 1.0.0 5.00 55.00 60.00 OK
r-patched-linux-x86_64 1.0.0 1.66 30.56 32.22 NOTE
r-patched-solaris-x86 1.0.0 60.80 NOTE
r-release-linux-x86_64 1.0.0 2.17 30.29 32.46 NOTE
r-release-windows-ix86+x86_64 1.0.0 7.00 71.00 78.00 OK
r-release-osx-x86_64 1.0.0 NOTE
r-oldrel-windows-ix86+x86_64 1.0.0 6.00 48.00 54.00 OK
r-oldrel-osx-x86_64 1.0.0 NOTE

Check Details

Version: 1.0.0
Check: dependencies in R code
Result: NOTE
    Namespace in Imports field not imported from: ‘tidyr’
     All declared Imports should be used.
Flavors: r-devel-linux-x86_64-fedora-clang, r-devel-linux-x86_64-fedora-gcc, r-patched-solaris-x86, r-release-osx-x86_64, r-oldrel-osx-x86_64

Version: 1.0.0
Check: DESCRIPTION meta-information
Result: NOTE
    Dependence on R version ‘3.3.1’ not with patchlevel 0
Flavors: r-patched-linux-x86_64, r-release-linux-x86_64