CRAN Package Check Results for Package auctestr

Last updated on 2018-08-16 12:50:01 CEST.

Flavor Version Tinstall Tcheck Ttotal Status Flags
r-devel-linux-x86_64-debian-clang 1.0.0 2.62 36.09 38.71 OK
r-devel-linux-x86_64-debian-gcc 1.0.0 2.15 28.37 30.52 OK
r-devel-linux-x86_64-fedora-clang 1.0.0 45.53 NOTE
r-devel-linux-x86_64-fedora-gcc 1.0.0 42.81 NOTE
r-devel-windows-ix86+x86_64 1.0.0 7.00 71.00 78.00 OK
r-patched-linux-x86_64 1.0.0 2.31 31.11 33.42 NOTE
r-patched-solaris-x86 1.0.0 64.40 NOTE
r-release-linux-x86_64 1.0.0 2.10 31.01 33.11 NOTE
r-release-windows-ix86+x86_64 1.0.0 6.00 76.00 82.00 OK
r-release-osx-x86_64 1.0.0 NOTE
r-oldrel-windows-ix86+x86_64 1.0.0 7.00 54.00 61.00 OK
r-oldrel-osx-x86_64 1.0.0 NOTE

Check Details

Version: 1.0.0
Check: dependencies in R code
Result: NOTE
    Namespace in Imports field not imported from: ‘tidyr’
     All declared Imports should be used.
Flavors: r-devel-linux-x86_64-fedora-clang, r-devel-linux-x86_64-fedora-gcc, r-patched-solaris-x86, r-release-osx-x86_64, r-oldrel-osx-x86_64

Version: 1.0.0
Check: DESCRIPTION meta-information
Result: NOTE
    Dependence on R version ‘3.3.1’ not with patchlevel 0
Flavors: r-patched-linux-x86_64, r-release-linux-x86_64