CRAN Package Check Results for Package auctestr

Last updated on 2019-01-24 06:46:59 CET.

Flavor Version Tinstall Tcheck Ttotal Status Flags
r-devel-linux-x86_64-debian-clang 1.0.0 2.42 33.88 36.30 OK
r-devel-linux-x86_64-debian-gcc 1.0.0 1.89 26.49 28.38 OK
r-devel-linux-x86_64-fedora-clang 1.0.0 43.36 NOTE
r-devel-linux-x86_64-fedora-gcc 1.0.0 39.90 NOTE
r-devel-windows-ix86+x86_64 1.0.0 7.00 67.00 74.00 OK
r-patched-linux-x86_64 1.0.0 2.23 31.35 33.58 NOTE
r-patched-solaris-x86 1.0.0 67.00 NOTE
r-release-linux-x86_64 1.0.0 2.04 31.17 33.21 NOTE
r-release-windows-ix86+x86_64 1.0.0 5.00 67.00 72.00 OK
r-release-osx-x86_64 1.0.0 NOTE
r-oldrel-windows-ix86+x86_64 1.0.0 6.00 51.00 57.00 OK
r-oldrel-osx-x86_64 1.0.0 NOTE

Check Details

Version: 1.0.0
Check: dependencies in R code
Result: NOTE
    Namespace in Imports field not imported from: ‘tidyr’
     All declared Imports should be used.
Flavors: r-devel-linux-x86_64-fedora-clang, r-devel-linux-x86_64-fedora-gcc, r-patched-solaris-x86, r-release-osx-x86_64, r-oldrel-osx-x86_64

Version: 1.0.0
Check: DESCRIPTION meta-information
Result: NOTE
    Dependence on R version ‘3.3.1’ not with patchlevel 0
Flavors: r-patched-linux-x86_64, r-release-linux-x86_64