CRAN Package Check Results for Package auditor

Last updated on 2022-06-28 10:49:00 CEST.

Flavor Version Tinstall Tcheck Ttotal Status Flags
r-devel-linux-x86_64-debian-clang 1.3.3 12.01 241.29 253.30 OK
r-devel-linux-x86_64-debian-gcc 1.3.3 8.30 175.94 184.24 OK
r-devel-linux-x86_64-fedora-clang 1.3.3 302.05 NOTE
r-devel-linux-x86_64-fedora-gcc 1.3.3 298.29 OK
r-devel-windows-x86_64 1.3.3 69.00 333.00 402.00 OK
r-patched-linux-x86_64 1.3.3 10.40 224.41 234.81 OK
r-release-linux-x86_64 1.3.3 8.36 227.35 235.71 OK
r-release-macos-arm64 1.3.3 98.00 OK
r-release-macos-x86_64 1.3.3 164.00 OK
r-release-windows-x86_64 1.3.3 60.00 331.00 391.00 OK
r-oldrel-macos-arm64 1.3.3 156.00 OK
r-oldrel-macos-x86_64 1.3.3 131.00 OK
r-oldrel-windows-ix86+x86_64 1.3.3 25.00 323.00 348.00 OK

Check Details

Version: 1.3.3
Check: Rd cross-references
Result: NOTE
    Undeclared package ‘gtable’ in Rd xrefs
Flavor: r-devel-linux-x86_64-fedora-clang