Last updated on 2022-05-24 08:53:21 CEST.
Flavor | Version | Tinstall | Tcheck | Ttotal | Status | Flags |
---|---|---|---|---|---|---|
r-devel-linux-x86_64-debian-clang | 2.0.1 | 19.35 | 170.49 | 189.84 | OK | |
r-devel-linux-x86_64-debian-gcc | 2.0.1 | 16.68 | 124.25 | 140.93 | OK | |
r-devel-linux-x86_64-fedora-clang | 2.0.1 | 230.21 | NOTE | |||
r-devel-linux-x86_64-fedora-gcc | 2.0.1 | 211.14 | NOTE | |||
r-devel-windows-x86_64 | 2.0.1 | 23.00 | 165.00 | 188.00 | OK | |
r-patched-linux-x86_64 | 2.0.1 | 16.92 | 158.74 | 175.66 | OK | |
r-release-linux-x86_64 | 2.0.1 | OK | ||||
r-release-macos-arm64 | 2.0.1 | 58.00 | NOTE | |||
r-release-macos-x86_64 | 2.0.1 | 101.00 | NOTE | |||
r-release-windows-x86_64 | 2.0.1 | 24.00 | 172.00 | 196.00 | OK | |
r-oldrel-macos-arm64 | 2.0.1 | 53.00 | NOTE | |||
r-oldrel-macos-x86_64 | 2.0.1 | 73.00 | NOTE | |||
r-oldrel-windows-ix86+x86_64 | 2.0.1 | 46.00 | 161.00 | 207.00 | OK |
Version: 2.0.1
Check: data for non-ASCII characters
Result: NOTE
Note: found 1 marked UTF-8 string
Flavors: r-devel-linux-x86_64-fedora-clang, r-devel-linux-x86_64-fedora-gcc, r-release-macos-arm64, r-release-macos-x86_64, r-oldrel-macos-arm64, r-oldrel-macos-x86_64