Last updated on 2022-05-21 16:48:56 CEST.
Flavor | Version | Tinstall | Tcheck | Ttotal | Status | Flags |
---|---|---|---|---|---|---|
r-devel-linux-x86_64-debian-clang | 0.5.1 | 7.59 | 106.23 | 113.82 | OK | |
r-devel-linux-x86_64-debian-gcc | 0.5.1 | 5.54 | 79.16 | 84.70 | OK | |
r-devel-linux-x86_64-fedora-clang | 0.5.1 | 130.37 | NOTE | |||
r-devel-linux-x86_64-fedora-gcc | 0.5.1 | 125.20 | NOTE | |||
r-devel-windows-x86_64 | 0.5.1 | 36.00 | 149.00 | 185.00 | OK | |
r-patched-linux-x86_64 | 0.5.1 | 12.84 | 101.76 | 114.60 | OK | |
r-release-linux-x86_64 | 0.5.1 | 6.83 | 101.43 | 108.26 | OK | |
r-release-macos-arm64 | 0.5.1 | 49.00 | NOTE | |||
r-release-macos-x86_64 | 0.5.1 | 82.00 | NOTE | |||
r-release-windows-x86_64 | 0.5.1 | 33.00 | 152.00 | 185.00 | OK | |
r-oldrel-macos-arm64 | 0.5.1 | 47.00 | NOTE | |||
r-oldrel-macos-x86_64 | 0.5.1 | 65.00 | NOTE | |||
r-oldrel-windows-ix86+x86_64 | 0.5.1 | 13.00 | 145.00 | 158.00 | OK |
Version: 0.5.1
Check: dependencies in R code
Result: NOTE
Namespace in Imports field not imported from: ‘utils’
All declared Imports should be used.
Flavors: r-devel-linux-x86_64-fedora-clang, r-devel-linux-x86_64-fedora-gcc, r-release-macos-arm64, r-release-macos-x86_64, r-oldrel-macos-arm64, r-oldrel-macos-x86_64
Version: 0.5.1
Check: data for non-ASCII characters
Result: NOTE
Note: found 552 marked UTF-8 strings
Flavors: r-devel-linux-x86_64-fedora-clang, r-devel-linux-x86_64-fedora-gcc, r-release-macos-arm64, r-release-macos-x86_64, r-oldrel-macos-arm64, r-oldrel-macos-x86_64