CRAN Package Check Results for Package auk

Last updated on 2018-05-24 06:46:34 CEST.

Flavor Version Tinstall Tcheck Ttotal Status Flags
r-devel-linux-x86_64-debian-clang 0.2.1 4.57 56.66 61.23 OK
r-devel-linux-x86_64-debian-gcc 0.2.1 3.06 51.52 54.58 OK
r-devel-linux-x86_64-fedora-clang 0.2.1 79.95 NOTE
r-devel-linux-x86_64-fedora-gcc 0.2.1 77.98 NOTE
r-devel-windows-ix86+x86_64 0.2.1 8.00 86.00 94.00 OK
r-patched-linux-x86_64 0.2.1 3.48 61.70 65.18 OK
r-patched-solaris-x86 0.2.1 107.80 NOTE
r-release-linux-x86_64 0.2.1 3.79 61.03 64.82 OK
r-release-windows-ix86+x86_64 0.2.1 12.00 113.00 125.00 OK
r-release-osx-x86_64 0.2.1 NOTE
r-oldrel-windows-ix86+x86_64 0.2.1 7.00 106.00 113.00 OK
r-oldrel-osx-x86_64 0.2.1 NOTE

Check Details

Version: 0.2.1
Check: data for non-ASCII characters
Result: NOTE
     Note: found 552 marked UTF-8 strings
Flavors: r-devel-linux-x86_64-fedora-clang, r-devel-linux-x86_64-fedora-gcc, r-patched-solaris-x86, r-release-osx-x86_64, r-oldrel-osx-x86_64