CRAN Package Check Results for Package auk

Last updated on 2018-02-24 00:47:28 CET.

Flavor Version Tinstall Tcheck Ttotal Status Flags
r-devel-linux-x86_64-debian-clang 0.1.0 3.67 48.20 51.87 ERROR
r-devel-linux-x86_64-debian-gcc 0.1.0 2.96 37.01 39.97 ERROR
r-devel-linux-x86_64-fedora-clang 0.1.0 61.12 ERROR
r-devel-linux-x86_64-fedora-gcc 0.1.0 57.56 ERROR
r-devel-windows-ix86+x86_64 0.1.0 8.00 77.00 85.00 ERROR
r-patched-linux-x86_64 0.1.0 2.14 50.17 52.31 ERROR
r-patched-solaris-x86 0.1.0 88.10 ERROR
r-release-linux-x86_64 0.1.0 2.33 50.48 52.81 ERROR
r-release-windows-ix86+x86_64 0.1.0 9.00 86.00 95.00 ERROR
r-release-osx-x86_64 0.1.0 OK
r-oldrel-windows-ix86+x86_64 0.1.0 5.00 61.00 66.00 ERROR
r-oldrel-osx-x86_64 0.1.0 OK

Check Details

Version: 0.1.0
Check: dependencies in R code
Result: NOTE
    Missing or unexported object: ‘countrycode::countrycode_data’
Flavors: r-devel-linux-x86_64-debian-clang, r-devel-linux-x86_64-debian-gcc, r-devel-linux-x86_64-fedora-clang, r-devel-linux-x86_64-fedora-gcc, r-devel-windows-ix86+x86_64, r-patched-linux-x86_64, r-patched-solaris-x86, r-release-linux-x86_64, r-release-windows-ix86+x86_64, r-oldrel-windows-ix86+x86_64

Version: 0.1.0
Check: examples
Result: ERROR
    Running examples in ‘auk-Ex.R’ failed
    The error most likely occurred in:
    
    > base::assign(".ptime", proc.time(), pos = "CheckExEnv")
    > ### Name: auk_country
    > ### Title: Filter the eBird data by country
    > ### Aliases: auk_country
    >
    > ### ** Examples
    >
    > # country names and ISO2 codes can be mixed
    > # not case sensitive
    > country <- c("CA", "United States", "mexico")
    > system.file("extdata/ebd-sample.txt", package = "auk") %>%
    + auk_ebd() %>%
    + auk_country(country)
    Error: 'countrycode_data' is not an exported object from 'namespace:countrycode'
    Execution halted
Flavors: r-devel-linux-x86_64-debian-clang, r-devel-linux-x86_64-debian-gcc, r-patched-linux-x86_64, r-release-linux-x86_64

Version: 0.1.0
Check: tests
Result: ERROR
     Running ‘testthat.R’ [12s/16s]
    Running the tests in ‘tests/testthat.R’ failed.
    Complete output:
     > library(testthat)
     > library(auk)
     This version of auk uses the Aug 2017 eBird taxonomy
     Working with an EBD file downloaded after Aug 2018 may yield unexpected results
     To get a current taxonomy, update auk with install.packages('auk')
     >
     > test_check("auk")
     ── 1. Error: auk_ebd prints method (@test_auk-ebd.r#66) ───────────────────────
     'countrycode_data' is not an exported object from 'namespace:countrycode'
     1: ebd %>% auk_species(species = c("Gray Jay", "Blue Jay")) %>% auk_country(country = c("US",
     "Canada")) %>% auk_extent(extent = c(-100, 37, -80, 52)) %>% auk_date(date = c("2012-01-01",
     "2012-12-31")) %>% auk_last_edited(date = c("2010-01-01", "2017-12-31")) %>%
     auk_time(start_time = c("06:00", "09:00")) %>% auk_duration(duration = c(0, 60)) %>%
     auk_complete() at testthat/test_auk-ebd.r:66
     2: withVisible(eval(quote(`_fseq`(`_lhs`)), env, env))
     3: eval(quote(`_fseq`(`_lhs`)), env, env)
     4: eval(quote(`_fseq`(`_lhs`)), env, env)
     5: `_fseq`(`_lhs`)
     6: freduce(value, `_function_list`)
     7: function_list[[i]](value)
     8: auk_country(., country = c("US", "Canada"))
     9: auk_country.auk_ebd(., country = c("US", "Canada"))
     10: tolower(countrycode::countrycode_data$iso2c)
     11: countrycode::countrycode_data
     12: getExportedValue(pkg, name)
     13: stop(gettextf("'%s' is not an exported object from 'namespace:%s'", name, getNamespaceName(ns)),
     call. = FALSE, domain = NA)
    
     ── 2. Error: auk_country (@test_filters.r#36) ─────────────────────────────────
     'countrycode_data' is not an exported object from 'namespace:countrycode'
     1: system.file("extdata/ebd-sample.txt", package = "auk") %>% auk_ebd() %>% auk_country(country) at testthat/test_filters.r:36
     2: withVisible(eval(quote(`_fseq`(`_lhs`)), env, env))
     3: eval(quote(`_fseq`(`_lhs`)), env, env)
     4: eval(quote(`_fseq`(`_lhs`)), env, env)
     5: `_fseq`(`_lhs`)
     6: freduce(value, `_function_list`)
     7: withVisible(function_list[[k]](value))
     8: function_list[[k]](value)
     9: auk_country(., country)
     10: auk_country.auk_ebd(., country)
     11: tolower(countrycode::countrycode_data$iso2c)
     12: countrycode::countrycode_data
     13: getExportedValue(pkg, name)
     14: stop(gettextf("'%s' is not an exported object from 'namespace:%s'", name, getNamespaceName(ns)),
     call. = FALSE, domain = NA)
    
     ══ testthat results ═══════════════════════════════════════════════════════════
     OK: 199 SKIPPED: 12 FAILED: 2
     1. Error: auk_ebd prints method (@test_auk-ebd.r#66)
     2. Error: auk_country (@test_filters.r#36)
    
     Error: testthat unit tests failed
     Execution halted
Flavor: r-devel-linux-x86_64-debian-clang

Version: 0.1.0
Check: re-building of vignette outputs
Result: WARN
    Error in re-building vignettes:
     ...
    Quitting from lines 173-190 (auk.Rmd)
    Error: processing vignette ‘auk.Rmd’ failed with diagnostics:
    'countrycode_data' is not an exported object from 'namespace:countrycode'
    Execution halted
Flavors: r-devel-linux-x86_64-debian-clang, r-devel-linux-x86_64-debian-gcc, r-devel-linux-x86_64-fedora-clang, r-devel-linux-x86_64-fedora-gcc, r-devel-windows-ix86+x86_64, r-patched-linux-x86_64, r-release-linux-x86_64, r-release-windows-ix86+x86_64, r-oldrel-windows-ix86+x86_64

Version: 0.1.0
Check: tests
Result: ERROR
     Running ‘testthat.R’ [8s/12s]
    Running the tests in ‘tests/testthat.R’ failed.
    Complete output:
     > library(testthat)
     > library(auk)
     This version of auk uses the Aug 2017 eBird taxonomy
     Working with an EBD file downloaded after Aug 2018 may yield unexpected results
     To get a current taxonomy, update auk with install.packages('auk')
     >
     > test_check("auk")
     ── 1. Error: auk_ebd prints method (@test_auk-ebd.r#66) ───────────────────────
     'countrycode_data' is not an exported object from 'namespace:countrycode'
     1: ebd %>% auk_species(species = c("Gray Jay", "Blue Jay")) %>% auk_country(country = c("US",
     "Canada")) %>% auk_extent(extent = c(-100, 37, -80, 52)) %>% auk_date(date = c("2012-01-01",
     "2012-12-31")) %>% auk_last_edited(date = c("2010-01-01", "2017-12-31")) %>%
     auk_time(start_time = c("06:00", "09:00")) %>% auk_duration(duration = c(0, 60)) %>%
     auk_complete() at testthat/test_auk-ebd.r:66
     2: withVisible(eval(quote(`_fseq`(`_lhs`)), env, env))
     3: eval(quote(`_fseq`(`_lhs`)), env, env)
     4: eval(quote(`_fseq`(`_lhs`)), env, env)
     5: `_fseq`(`_lhs`)
     6: freduce(value, `_function_list`)
     7: function_list[[i]](value)
     8: auk_country(., country = c("US", "Canada"))
     9: auk_country.auk_ebd(., country = c("US", "Canada"))
     10: tolower(countrycode::countrycode_data$iso2c)
     11: countrycode::countrycode_data
     12: getExportedValue(pkg, name)
     13: stop(gettextf("'%s' is not an exported object from 'namespace:%s'", name, getNamespaceName(ns)),
     call. = FALSE, domain = NA)
    
     ── 2. Error: auk_country (@test_filters.r#36) ─────────────────────────────────
     'countrycode_data' is not an exported object from 'namespace:countrycode'
     1: system.file("extdata/ebd-sample.txt", package = "auk") %>% auk_ebd() %>% auk_country(country) at testthat/test_filters.r:36
     2: withVisible(eval(quote(`_fseq`(`_lhs`)), env, env))
     3: eval(quote(`_fseq`(`_lhs`)), env, env)
     4: eval(quote(`_fseq`(`_lhs`)), env, env)
     5: `_fseq`(`_lhs`)
     6: freduce(value, `_function_list`)
     7: withVisible(function_list[[k]](value))
     8: function_list[[k]](value)
     9: auk_country(., country)
     10: auk_country.auk_ebd(., country)
     11: tolower(countrycode::countrycode_data$iso2c)
     12: countrycode::countrycode_data
     13: getExportedValue(pkg, name)
     14: stop(gettextf("'%s' is not an exported object from 'namespace:%s'", name, getNamespaceName(ns)),
     call. = FALSE, domain = NA)
    
     ══ testthat results ═══════════════════════════════════════════════════════════
     OK: 199 SKIPPED: 12 FAILED: 2
     1. Error: auk_ebd prints method (@test_auk-ebd.r#66)
     2. Error: auk_country (@test_filters.r#36)
    
     Error: testthat unit tests failed
     Execution halted
Flavor: r-devel-linux-x86_64-debian-gcc

Version: 0.1.0
Check: examples
Result: ERROR
    Running examples in ‘auk-Ex.R’ failed
    The error most likely occurred in:
    
    > ### Name: auk_country
    > ### Title: Filter the eBird data by country
    > ### Aliases: auk_country
    >
    > ### ** Examples
    >
    > # country names and ISO2 codes can be mixed
    > # not case sensitive
    > country <- c("CA", "United States", "mexico")
    > system.file("extdata/ebd-sample.txt", package = "auk") %>%
    + auk_ebd() %>%
    + auk_country(country)
    Error: 'countrycode_data' is not an exported object from 'namespace:countrycode'
    Execution halted
Flavors: r-devel-linux-x86_64-fedora-clang, r-devel-linux-x86_64-fedora-gcc, r-devel-windows-ix86+x86_64, r-patched-solaris-x86, r-release-windows-ix86+x86_64, r-oldrel-windows-ix86+x86_64

Version: 0.1.0
Check: tests
Result: ERROR
     Running ‘testthat.R’ [13s/25s]
    Running the tests in ‘tests/testthat.R’ failed.
    Complete output:
     > library(testthat)
     > library(auk)
     This version of auk uses the Aug 2017 eBird taxonomy
     Working with an EBD file downloaded after Aug 2018 may yield unexpected results
     To get a current taxonomy, update auk with install.packages('auk')
     >
     > test_check("auk")
     ── 1. Error: auk_ebd prints method (@test_auk-ebd.r#66) ───────────────────────
     'countrycode_data' is not an exported object from 'namespace:countrycode'
     1: ebd %>% auk_species(species = c("Gray Jay", "Blue Jay")) %>% auk_country(country = c("US",
     "Canada")) %>% auk_extent(extent = c(-100, 37, -80, 52)) %>% auk_date(date = c("2012-01-01",
     "2012-12-31")) %>% auk_last_edited(date = c("2010-01-01", "2017-12-31")) %>%
     auk_time(start_time = c("06:00", "09:00")) %>% auk_duration(duration = c(0, 60)) %>%
     auk_complete() at testthat/test_auk-ebd.r:66
     2: withVisible(eval(quote(`_fseq`(`_lhs`)), env, env))
     3: eval(quote(`_fseq`(`_lhs`)), env, env)
     4: eval(quote(`_fseq`(`_lhs`)), env, env)
     5: `_fseq`(`_lhs`)
     6: freduce(value, `_function_list`)
     7: function_list[[i]](value)
     8: auk_country(., country = c("US", "Canada"))
     9: auk_country.auk_ebd(., country = c("US", "Canada"))
     10: tolower(countrycode::countrycode_data$iso2c)
     11: countrycode::countrycode_data
     12: getExportedValue(pkg, name)
     13: stop(gettextf("'%s' is not an exported object from 'namespace:%s'", name, getNamespaceName(ns)),
     call. = FALSE, domain = NA)
    
     ── 2. Error: auk_country (@test_filters.r#36) ─────────────────────────────────
     'countrycode_data' is not an exported object from 'namespace:countrycode'
     1: system.file("extdata/ebd-sample.txt", package = "auk") %>% auk_ebd() %>% auk_country(country) at testthat/test_filters.r:36
     2: withVisible(eval(quote(`_fseq`(`_lhs`)), env, env))
     3: eval(quote(`_fseq`(`_lhs`)), env, env)
     4: eval(quote(`_fseq`(`_lhs`)), env, env)
     5: `_fseq`(`_lhs`)
     6: freduce(value, `_function_list`)
     7: withVisible(function_list[[k]](value))
     8: function_list[[k]](value)
     9: auk_country(., country)
     10: auk_country.auk_ebd(., country)
     11: tolower(countrycode::countrycode_data$iso2c)
     12: countrycode::countrycode_data
     13: getExportedValue(pkg, name)
     14: stop(gettextf("'%s' is not an exported object from 'namespace:%s'", name, getNamespaceName(ns)),
     call. = FALSE, domain = NA)
    
     ══ testthat results ═══════════════════════════════════════════════════════════
     OK: 199 SKIPPED: 12 FAILED: 2
     1. Error: auk_ebd prints method (@test_auk-ebd.r#66)
     2. Error: auk_country (@test_filters.r#36)
    
     Error: testthat unit tests failed
     Execution halted
Flavor: r-devel-linux-x86_64-fedora-clang

Version: 0.1.0
Check: tests
Result: ERROR
     Running ‘testthat.R’ [12s/14s]
    Running the tests in ‘tests/testthat.R’ failed.
    Complete output:
     > library(testthat)
     > library(auk)
     This version of auk uses the Aug 2017 eBird taxonomy
     Working with an EBD file downloaded after Aug 2018 may yield unexpected results
     To get a current taxonomy, update auk with install.packages('auk')
     >
     > test_check("auk")
     ── 1. Error: auk_ebd prints method (@test_auk-ebd.r#66) ───────────────────────
     'countrycode_data' is not an exported object from 'namespace:countrycode'
     1: ebd %>% auk_species(species = c("Gray Jay", "Blue Jay")) %>% auk_country(country = c("US",
     "Canada")) %>% auk_extent(extent = c(-100, 37, -80, 52)) %>% auk_date(date = c("2012-01-01",
     "2012-12-31")) %>% auk_last_edited(date = c("2010-01-01", "2017-12-31")) %>%
     auk_time(start_time = c("06:00", "09:00")) %>% auk_duration(duration = c(0, 60)) %>%
     auk_complete() at testthat/test_auk-ebd.r:66
     2: withVisible(eval(quote(`_fseq`(`_lhs`)), env, env))
     3: eval(quote(`_fseq`(`_lhs`)), env, env)
     4: eval(quote(`_fseq`(`_lhs`)), env, env)
     5: `_fseq`(`_lhs`)
     6: freduce(value, `_function_list`)
     7: function_list[[i]](value)
     8: auk_country(., country = c("US", "Canada"))
     9: auk_country.auk_ebd(., country = c("US", "Canada"))
     10: tolower(countrycode::countrycode_data$iso2c)
     11: countrycode::countrycode_data
     12: getExportedValue(pkg, name)
     13: stop(gettextf("'%s' is not an exported object from 'namespace:%s'", name, getNamespaceName(ns)),
     call. = FALSE, domain = NA)
    
     ── 2. Error: auk_country (@test_filters.r#36) ─────────────────────────────────
     'countrycode_data' is not an exported object from 'namespace:countrycode'
     1: system.file("extdata/ebd-sample.txt", package = "auk") %>% auk_ebd() %>% auk_country(country) at testthat/test_filters.r:36
     2: withVisible(eval(quote(`_fseq`(`_lhs`)), env, env))
     3: eval(quote(`_fseq`(`_lhs`)), env, env)
     4: eval(quote(`_fseq`(`_lhs`)), env, env)
     5: `_fseq`(`_lhs`)
     6: freduce(value, `_function_list`)
     7: withVisible(function_list[[k]](value))
     8: function_list[[k]](value)
     9: auk_country(., country)
     10: auk_country.auk_ebd(., country)
     11: tolower(countrycode::countrycode_data$iso2c)
     12: countrycode::countrycode_data
     13: getExportedValue(pkg, name)
     14: stop(gettextf("'%s' is not an exported object from 'namespace:%s'", name, getNamespaceName(ns)),
     call. = FALSE, domain = NA)
    
     ══ testthat results ═══════════════════════════════════════════════════════════
     OK: 199 SKIPPED: 12 FAILED: 2
     1. Error: auk_ebd prints method (@test_auk-ebd.r#66)
     2. Error: auk_country (@test_filters.r#36)
    
     Error: testthat unit tests failed
     Execution halted
Flavor: r-devel-linux-x86_64-fedora-gcc

Version: 0.1.0
Check: tests
Result: ERROR
     Running 'testthat.R' [11s]
    Running the tests in 'tests/testthat.R' failed.
    Last 13 lines of output:
     9: auk_country(., country)
     10: auk_country.auk_ebd(., country)
     11: tolower(countrycode::countrycode_data$iso2c)
     12: countrycode::countrycode_data
     13: getExportedValue(pkg, name)
     14: stop(gettextf("'%s' is not an exported object from 'namespace:%s'", name, getNamespaceName(ns)),
     call. = FALSE, domain = NA)
    
     == testthat results ===========================================================
     OK: 197 SKIPPED: 13 FAILED: 2
     1. Error: auk_ebd prints method (@test_auk-ebd.r#66)
     2. Error: auk_country (@test_filters.r#36)
    
     Error: testthat unit tests failed
     Execution halted
Flavor: r-devel-windows-ix86+x86_64

Version: 0.1.0
Check: tests
Result: ERROR
     Running ‘testthat.R’ [13s/17s]
    Running the tests in ‘tests/testthat.R’ failed.
    Complete output:
     > library(testthat)
     > library(auk)
     This version of auk uses the Aug 2017 eBird taxonomy
     Working with an EBD file downloaded after Aug 2018 may yield unexpected results
     To get a current taxonomy, update auk with install.packages('auk')
     >
     > test_check("auk")
     ── 1. Error: auk_ebd prints method (@test_auk-ebd.r#66) ───────────────────────
     'countrycode_data' is not an exported object from 'namespace:countrycode'
     1: ebd %>% auk_species(species = c("Gray Jay", "Blue Jay")) %>% auk_country(country = c("US",
     "Canada")) %>% auk_extent(extent = c(-100, 37, -80, 52)) %>% auk_date(date = c("2012-01-01",
     "2012-12-31")) %>% auk_last_edited(date = c("2010-01-01", "2017-12-31")) %>%
     auk_time(start_time = c("06:00", "09:00")) %>% auk_duration(duration = c(0, 60)) %>%
     auk_complete() at testthat/test_auk-ebd.r:66
     2: withVisible(eval(quote(`_fseq`(`_lhs`)), env, env))
     3: eval(quote(`_fseq`(`_lhs`)), env, env)
     4: eval(quote(`_fseq`(`_lhs`)), env, env)
     5: `_fseq`(`_lhs`)
     6: freduce(value, `_function_list`)
     7: function_list[[i]](value)
     8: auk_country(., country = c("US", "Canada"))
     9: auk_country.auk_ebd(., country = c("US", "Canada"))
     10: match(tolower(country), tolower(countrycode::countrycode_data$iso2c))
     11: tolower(countrycode::countrycode_data$iso2c)
     12: countrycode::countrycode_data
     13: getExportedValue(pkg, name)
     14: stop(gettextf("'%s' is not an exported object from 'namespace:%s'", name, getNamespaceName(ns)),
     call. = FALSE, domain = NA)
    
     ── 2. Error: auk_country (@test_filters.r#36) ─────────────────────────────────
     'countrycode_data' is not an exported object from 'namespace:countrycode'
     1: system.file("extdata/ebd-sample.txt", package = "auk") %>% auk_ebd() %>% auk_country(country) at testthat/test_filters.r:36
     2: withVisible(eval(quote(`_fseq`(`_lhs`)), env, env))
     3: eval(quote(`_fseq`(`_lhs`)), env, env)
     4: eval(quote(`_fseq`(`_lhs`)), env, env)
     5: `_fseq`(`_lhs`)
     6: freduce(value, `_function_list`)
     7: withVisible(function_list[[k]](value))
     8: function_list[[k]](value)
     9: auk_country(., country)
     10: auk_country.auk_ebd(., country)
     11: tolower(countrycode::countrycode_data$iso2c)
     12: countrycode::countrycode_data
     13: getExportedValue(pkg, name)
     14: stop(gettextf("'%s' is not an exported object from 'namespace:%s'", name, getNamespaceName(ns)),
     call. = FALSE, domain = NA)
    
     ══ testthat results ═══════════════════════════════════════════════════════════
     OK: 199 SKIPPED: 12 FAILED: 2
     1. Error: auk_ebd prints method (@test_auk-ebd.r#66)
     2. Error: auk_country (@test_filters.r#36)
    
     Error: testthat unit tests failed
     Execution halted
Flavor: r-patched-linux-x86_64

Version: 0.1.0
Check: tests
Result: ERROR
     Running ‘testthat.R’ [21s/26s]
    Running the tests in ‘tests/testthat.R’ failed.
    Complete output:
     > library(testthat)
     > library(auk)
     This version of auk uses the Aug 2017 eBird taxonomy
     Working with an EBD file downloaded after Aug 2018 may yield unexpected results
     To get a current taxonomy, update auk with install.packages('auk')
     >
     > test_check("auk")
     ── 1. Error: auk_ebd prints method (@test_auk-ebd.r#66) ───────────────────────
     'countrycode_data' is not an exported object from 'namespace:countrycode'
     1: ebd %>% auk_species(species = c("Gray Jay", "Blue Jay")) %>% auk_country(country = c("US",
     "Canada")) %>% auk_extent(extent = c(-100, 37, -80, 52)) %>% auk_date(date = c("2012-01-01",
     "2012-12-31")) %>% auk_last_edited(date = c("2010-01-01", "2017-12-31")) %>%
     auk_time(start_time = c("06:00", "09:00")) %>% auk_duration(duration = c(0, 60)) %>%
     auk_complete() at testthat/test_auk-ebd.r:66
     2: withVisible(eval(quote(`_fseq`(`_lhs`)), env, env))
     3: eval(quote(`_fseq`(`_lhs`)), env, env)
     4: eval(quote(`_fseq`(`_lhs`)), env, env)
     5: `_fseq`(`_lhs`)
     6: freduce(value, `_function_list`)
     7: function_list[[i]](value)
     8: auk_country(., country = c("US", "Canada"))
     9: auk_country.auk_ebd(., country = c("US", "Canada"))
     10: match(tolower(country), tolower(countrycode::countrycode_data$iso2c))
     11: tolower(countrycode::countrycode_data$iso2c)
     12: countrycode::countrycode_data
     13: getExportedValue(pkg, name)
     14: stop(gettextf("'%s' is not an exported object from 'namespace:%s'", name, getNamespaceName(ns)),
     call. = FALSE, domain = NA)
    
     ── 2. Error: auk_country (@test_filters.r#36) ─────────────────────────────────
     'countrycode_data' is not an exported object from 'namespace:countrycode'
     1: system.file("extdata/ebd-sample.txt", package = "auk") %>% auk_ebd() %>% auk_country(country) at testthat/test_filters.r:36
     2: withVisible(eval(quote(`_fseq`(`_lhs`)), env, env))
     3: eval(quote(`_fseq`(`_lhs`)), env, env)
     4: eval(quote(`_fseq`(`_lhs`)), env, env)
     5: `_fseq`(`_lhs`)
     6: freduce(value, `_function_list`)
     7: withVisible(function_list[[k]](value))
     8: function_list[[k]](value)
     9: auk_country(., country)
     10: auk_country.auk_ebd(., country)
     11: tolower(countrycode::countrycode_data$iso2c)
     12: countrycode::countrycode_data
     13: getExportedValue(pkg, name)
     14: stop(gettextf("'%s' is not an exported object from 'namespace:%s'", name, getNamespaceName(ns)),
     call. = FALSE, domain = NA)
    
     ══ testthat results ═══════════════════════════════════════════════════════════
     OK: 199 SKIPPED: 12 FAILED: 2
     1. Error: auk_ebd prints method (@test_auk-ebd.r#66)
     2. Error: auk_country (@test_filters.r#36)
    
     Error: testthat unit tests failed
     Execution halted
Flavor: r-patched-solaris-x86

Version: 0.1.0
Check: re-building of vignette outputs
Result: WARN
    Error in re-building vignettes:
     ...
    Warning in engine$weave(file, quiet = quiet, encoding = enc) :
     Pandoc (>= 1.12.3) and/or pandoc-citeproc not available. Falling back to R Markdown v1.
    Quitting from lines 173-190 (auk.Rmd)
    Error: processing vignette 'auk.Rmd' failed with diagnostics:
    'countrycode_data' is not an exported object from 'namespace:countrycode'
    Execution halted
Flavor: r-patched-solaris-x86

Version: 0.1.0
Check: tests
Result: ERROR
     Running ‘testthat.R’ [13s/18s]
    Running the tests in ‘tests/testthat.R’ failed.
    Complete output:
     > library(testthat)
     > library(auk)
     This version of auk uses the Aug 2017 eBird taxonomy
     Working with an EBD file downloaded after Aug 2018 may yield unexpected results
     To get a current taxonomy, update auk with install.packages('auk')
     >
     > test_check("auk")
     ── 1. Error: auk_ebd prints method (@test_auk-ebd.r#66) ───────────────────────
     'countrycode_data' is not an exported object from 'namespace:countrycode'
     1: ebd %>% auk_species(species = c("Gray Jay", "Blue Jay")) %>% auk_country(country = c("US",
     "Canada")) %>% auk_extent(extent = c(-100, 37, -80, 52)) %>% auk_date(date = c("2012-01-01",
     "2012-12-31")) %>% auk_last_edited(date = c("2010-01-01", "2017-12-31")) %>%
     auk_time(start_time = c("06:00", "09:00")) %>% auk_duration(duration = c(0, 60)) %>%
     auk_complete() at testthat/test_auk-ebd.r:66
     2: withVisible(eval(quote(`_fseq`(`_lhs`)), env, env))
     3: eval(quote(`_fseq`(`_lhs`)), env, env)
     4: eval(quote(`_fseq`(`_lhs`)), env, env)
     5: `_fseq`(`_lhs`)
     6: freduce(value, `_function_list`)
     7: function_list[[i]](value)
     8: auk_country(., country = c("US", "Canada"))
     9: auk_country.auk_ebd(., country = c("US", "Canada"))
     10: match(tolower(country), tolower(countrycode::countrycode_data$iso2c))
     11: tolower(countrycode::countrycode_data$iso2c)
     12: countrycode::countrycode_data
     13: getExportedValue(pkg, name)
     14: stop(gettextf("'%s' is not an exported object from 'namespace:%s'", name, getNamespaceName(ns)),
     call. = FALSE, domain = NA)
    
     ── 2. Error: auk_country (@test_filters.r#36) ─────────────────────────────────
     'countrycode_data' is not an exported object from 'namespace:countrycode'
     1: system.file("extdata/ebd-sample.txt", package = "auk") %>% auk_ebd() %>% auk_country(country) at testthat/test_filters.r:36
     2: withVisible(eval(quote(`_fseq`(`_lhs`)), env, env))
     3: eval(quote(`_fseq`(`_lhs`)), env, env)
     4: eval(quote(`_fseq`(`_lhs`)), env, env)
     5: `_fseq`(`_lhs`)
     6: freduce(value, `_function_list`)
     7: withVisible(function_list[[k]](value))
     8: function_list[[k]](value)
     9: auk_country(., country)
     10: auk_country.auk_ebd(., country)
     11: tolower(countrycode::countrycode_data$iso2c)
     12: countrycode::countrycode_data
     13: getExportedValue(pkg, name)
     14: stop(gettextf("'%s' is not an exported object from 'namespace:%s'", name, getNamespaceName(ns)),
     call. = FALSE, domain = NA)
    
     ══ testthat results ═══════════════════════════════════════════════════════════
     OK: 199 SKIPPED: 12 FAILED: 2
     1. Error: auk_ebd prints method (@test_auk-ebd.r#66)
     2. Error: auk_country (@test_filters.r#36)
    
     Error: testthat unit tests failed
     Execution halted
Flavor: r-release-linux-x86_64

Version: 0.1.0
Check: tests
Result: ERROR
     Running 'testthat.R' [14s]
    Running the tests in 'tests/testthat.R' failed.
    Last 13 lines of output:
     9: auk_country(., country)
     10: auk_country.auk_ebd(., country)
     11: tolower(countrycode::countrycode_data$iso2c)
     12: countrycode::countrycode_data
     13: getExportedValue(pkg, name)
     14: stop(gettextf("'%s' is not an exported object from 'namespace:%s'", name, getNamespaceName(ns)),
     call. = FALSE, domain = NA)
    
     == testthat results ===========================================================
     OK: 197 SKIPPED: 13 FAILED: 2
     1. Error: auk_ebd prints method (@test_auk-ebd.r#66)
     2. Error: auk_country (@test_filters.r#36)
    
     Error: testthat unit tests failed
     Execution halted
Flavor: r-release-windows-ix86+x86_64

Version: 0.1.0
Check: tests
Result: ERROR
     Running 'testthat.R' [10s]
    Running the tests in 'tests/testthat.R' failed.
    Last 13 lines of output:
     10: auk_country.auk_ebd(., country)
     11: match(tolower(country), tolower(countrycode::countrycode_data$iso2c))
     12: tolower(countrycode::countrycode_data$iso2c)
     13: countrycode::countrycode_data
     14: getExportedValue(pkg, name)
     15: stop(gettextf("'%s' is not an exported object from 'namespace:%s'", name, getNamespaceName(ns)),
     call. = FALSE, domain = NA)
    
     == testthat results ===========================================================
     OK: 197 SKIPPED: 13 FAILED: 2
     1. Error: auk_ebd prints method (@test_auk-ebd.r#66)
     2. Error: auk_country (@test_filters.r#36)
    
     Error: testthat unit tests failed
     Execution halted
Flavor: r-oldrel-windows-ix86+x86_64