CRAN Package Check Results for Package auk

Last updated on 2019-02-20 13:46:17 CET.

Flavor Version Tinstall Tcheck Ttotal Status Flags
r-devel-linux-x86_64-debian-clang 0.3.2 4.59 63.34 67.93 OK
r-devel-linux-x86_64-debian-gcc 0.3.2 3.71 51.66 55.37 OK
r-devel-linux-x86_64-fedora-clang 0.3.2 84.44 NOTE
r-devel-linux-x86_64-fedora-gcc 0.3.2 80.45 NOTE
r-devel-windows-ix86+x86_64 0.3.2 10.00 130.00 140.00 OK
r-patched-linux-x86_64 0.3.2 OK
r-patched-solaris-x86 0.3.2 133.90 NOTE
r-release-linux-x86_64 0.3.2 OK
r-release-windows-ix86+x86_64 0.3.2 6.00 129.00 135.00 OK
r-release-osx-x86_64 0.3.2 NOTE
r-oldrel-windows-ix86+x86_64 0.3.2 7.00 115.00 122.00 OK
r-oldrel-osx-x86_64 0.3.2 NOTE

Check Details

Version: 0.3.2
Check: data for non-ASCII characters
Result: NOTE
     Note: found 552 marked UTF-8 strings
Flavors: r-devel-linux-x86_64-fedora-clang, r-devel-linux-x86_64-fedora-gcc, r-patched-solaris-x86, r-release-osx-x86_64, r-oldrel-osx-x86_64