CRAN Package Check Results for Package aurelius

Last updated on 2018-11-21 13:48:17 CET.

Flavor Version Tinstall Tcheck Ttotal Status Flags
r-devel-linux-x86_64-debian-clang 0.8.4 7.56 84.32 91.88 OK
r-devel-linux-x86_64-debian-gcc 0.8.4 5.48 70.61 76.09 OK
r-devel-linux-x86_64-fedora-clang 0.8.4 112.79 OK
r-devel-linux-x86_64-fedora-gcc 0.8.4 110.54 OK
r-devel-windows-ix86+x86_64 0.8.4 19.00 146.00 165.00 NOTE
r-patched-linux-x86_64 0.8.4 7.17 82.90 90.07 OK
r-patched-solaris-x86 0.8.4 167.80 OK
r-release-linux-x86_64 0.8.4 6.84 83.42 90.26 OK
r-release-windows-ix86+x86_64 0.8.4 14.00 137.00 151.00 NOTE
r-release-osx-x86_64 0.8.4 OK
r-oldrel-windows-ix86+x86_64 0.8.4 12.00 117.00 129.00 NOTE
r-oldrel-osx-x86_64 0.8.4 OK

Check Details

Version: 0.8.4
Check: package dependencies
Result: NOTE
    Package which this enhances but not available for checking: 'rPython'
Flavors: r-devel-windows-ix86+x86_64, r-release-windows-ix86+x86_64, r-oldrel-windows-ix86+x86_64