CRAN Package Check Results for Package aurelius

Last updated on 2018-02-19 00:46:57 CET.

Flavor Version Tinstall Tcheck Ttotal Status Flags
r-devel-linux-x86_64-debian-clang 0.8.4 8.78 79.35 88.13 OK
r-devel-linux-x86_64-debian-gcc 0.8.4 6.40 68.66 75.06 OK
r-devel-linux-x86_64-fedora-clang 0.8.4 113.49 OK
r-devel-linux-x86_64-fedora-gcc 0.8.4 113.92 OK
r-devel-windows-ix86+x86_64 0.8.4 10.00 89.00 99.00 NOTE
r-patched-linux-x86_64 0.8.4 3.73 96.66 100.39 OK
r-patched-solaris-x86 0.8.4 165.90 OK
r-release-linux-x86_64 0.8.4 4.20 96.14 100.34 OK
r-release-windows-ix86+x86_64 0.8.4 12.00 140.00 152.00 NOTE
r-release-osx-x86_64 0.8.4 OK
r-oldrel-windows-ix86+x86_64 0.8.4 8.00 90.00 98.00 NOTE
r-oldrel-osx-x86_64 0.8.4 OK

Check Details

Version: 0.8.4
Check: package dependencies
Result: NOTE
    Package which this enhances but not available for checking: 'rPython'
Flavors: r-devel-windows-ix86+x86_64, r-release-windows-ix86+x86_64, r-oldrel-windows-ix86+x86_64