CRAN Package Check Results for Package aurelius

Last updated on 2018-08-20 07:47:30 CEST.

Flavor Version Tinstall Tcheck Ttotal Status Flags
r-devel-linux-x86_64-debian-clang 0.8.4 8.67 92.20 100.87 OK
r-devel-linux-x86_64-debian-gcc 0.8.4 7.86 78.72 86.58 OK
r-devel-linux-x86_64-fedora-clang 0.8.4 122.38 OK
r-devel-linux-x86_64-fedora-gcc 0.8.4 124.39 OK
r-devel-windows-ix86+x86_64 0.8.4 19.00 152.00 171.00 ERROR
r-patched-linux-x86_64 0.8.4 6.27 81.31 87.58 OK
r-patched-solaris-x86 0.8.4 167.00 OK
r-release-linux-x86_64 0.8.4 9.36 82.22 91.58 OK
r-release-windows-ix86+x86_64 0.8.4 17.00 129.00 146.00 NOTE
r-release-osx-x86_64 0.8.4 OK
r-oldrel-windows-ix86+x86_64 0.8.4 9.00 119.00 128.00 NOTE
r-oldrel-osx-x86_64 0.8.4 OK

Check Details

Version: 0.8.4
Check: package dependencies
Result: NOTE
    Package which this enhances but not available for checking: 'rPython'
Flavors: r-devel-windows-ix86+x86_64, r-release-windows-ix86+x86_64, r-oldrel-windows-ix86+x86_64

Version: 0.8.4
Check: examples
Result: ERROR
    Running examples in 'aurelius-Ex.R' failed
    The error most likely occurred in:
    
    > ### Name: read_pfa
    > ### Title: read_pfa
    > ### Aliases: read_pfa
    >
    > ### ** Examples
    >
    > # literal JSON string (useful for small examples)
    > toy_model <- read_pfa('{"input":"double","output":"double","action":[{"+":["input",10]}]}')
    >
    > # from a local path, must be wrapped in "file" command to create a connection
    > local_model <- read_pfa(file(system.file("extdata", "my-model.pfa", package = "aurelius")))
    Warning in readChar(x, 1, useBytes = TRUE) :
     text connection used with readChar(), results may be incorrect
    Warning in readChar(x, 1, useBytes = TRUE) :
     text connection used with readChar(), results may be incorrect
    Warning in readChar(x, 1, useBytes = TRUE) :
     text connection used with readChar(), results may be incorrect
    Warning in readChar(x, 1, useBytes = TRUE) :
     text connection used with readChar(), results may be incorrect
    Warning in readChar(x, 1, useBytes = TRUE) :
     text connection used with readChar(), results may be incorrect
    Warning in readChar(x, 1, useBytes = TRUE) :
     text connection used with readChar(), results may be incorrect
    Warning in readChar(x, 1, useBytes = TRUE) :
     text connection used with readChar(), results may be incorrect
    Warning in readChar(x, 1, useBytes = TRUE) :
     text connection used with readChar(), results may be incorrect
    Warning in readChar(x, 1, useBytes = TRUE) :
     text connection used with readChar(), results may be incorrect
    Warning in readChar(x, 1, useBytes = TRUE) :
     text connection used with readChar(), results may be incorrect
    Warning in readChar(x, 1, useBytes = TRUE) :
     text connection used with readChar(), results may be incorrect
    Warning in readChar(x, 1, useBytes = TRUE) :
     text connection used with readChar(), results may be incorrect
    Warning in readChar(x, 1, useBytes = TRUE) :
     text connection used with readChar(), results may be incorrect
    Warning in readChar(x, 1, useBytes = TRUE) :
     text connection used with readChar(), results may be incorrect
    Warning in readChar(x, 1, useBytes = TRUE) :
     text connection used with readChar(), results may be incorrect
    Warning in readChar(x, 1, useBytes = TRUE) :
     text connection used with readChar(), results may be incorrect
    Warning in readChar(x, 1, useBytes = TRUE) :
     text connection used with readChar(), results may be incorrect
    Warning in readChar(x, 1, useBytes = TRUE) :
     text connection used with readChar(), results may be incorrect
    Warning in readChar(x, 1, useBytes = TRUE) :
     text connection used with readChar(), results may be incorrect
    Warning in readChar(x, 1, useBytes = TRUE) :
     text connection used with readChar(), results may be incorrect
    Warning in readChar(x, 1, useBytes = TRUE) :
     text connection used with readChar(), results may be incorrect
    Warning in readChar(x, 1, useBytes = TRUE) :
     text connection used with readChar(), results may be incorrect
    Warning in readChar(x, 1, useBytes = TRUE) :
     text connection used with readChar(), results may be incorrect
    Warning in readChar(x, 1, useBytes = TRUE) :
     text connection used with readChar(), results may be incorrect
    Warning in readChar(x, 1, useBytes = TRUE) :
     text connection used with readChar(), results may be incorrect
    Warning in readChar(x, 1, useBytes = TRUE) :
     text connection used with readChar(), results may be incorrect
    Warning in readChar(x, 1, useBytes = TRUE) :
     text connection used with readChar(), results may be incorrect
    Warning in readChar(x, 1, useBytes = TRUE) :
     text connection used with readChar(), results may be incorrect
    Warning in readChar(x, 1, useBytes = TRUE) :
     text connection used with readChar(), results may be incorrect
    Warning in readChar(x, 1, useBytes = TRUE) :
     text connection used with readChar(), results may be incorrect
    Warning in readChar(x, 1, useBytes = TRUE) :
     text connection used with readChar(), results may be incorrect
    Warning in readChar(x, 1, useBytes = TRUE) :
     text connection used with readChar(), results may be incorrect
    Warning in readChar(x, 1, useBytes = TRUE) :
     text connection used with readChar(), results may be incorrect
    Warning in readChar(x, 1, useBytes = TRUE) :
     text connection used with readChar(), results may be incorrect
    Warning in readChar(x, 1, useBytes = TRUE) :
     text connection used with readChar(), results may be incorrect
    Warning in readChar(x, 1, useBytes = TRUE) :
     text connection used with readChar(), results may be incorrect
    Warning in readChar(x, 1, useBytes = TRUE) :
     text connection used with readChar(), results may be incorrect
    Warning in readChar(x, 1, useBytes = TRUE) :
     text connection used with readChar(), results may be incorrect
    Warning in readChar(x, 1, useBytes = TRUE) :
     text connection used with readChar(), results may be incorrect
    Warning in readChar(x, 1, useBytes = TRUE) :
     text connection used with readChar(), results may be incorrect
    Warning in readChar(x, 1, useBytes = TRUE) :
     text connection used with readChar(), results may be incorrect
    Warning in readChar(x, 1, useBytes = TRUE) :
     text connection used with readChar(), results may be incorrect
    Warning in readChar(x, 1, useBytes = TRUE) :
     text connection used with readChar(), results may be incorrect
    Warning in readChar(x, 1, useBytes = TRUE) :
     text connection used with readChar(), results may be incorrect
    Warning in readChar(x, 1, useBytes = TRUE) :
     text connection used with readChar(), results may be incorrect
    Warning in readChar(x, 1, useBytes = TRUE) :
     text connection used with readChar(), results may be incorrect
    Warning in readChar(x, 1, useBytes = TRUE) :
     text connection used with readChar(), results may be incorrect
    Warning in readChar(x, 1, useBytes = TRUE) :
     text connection used with readChar(), results may be incorrect
    Warning in readChar(x, 1, useBytes = TRUE) :
     text connection used with readChar(), results may be incorrect
    Warning in readChar(x, 1, useBytes = TRUE) :
     text connection used with readChar(), results may be incorrect
    Warning in readChar(x, 1, useBytes = TRUE) :
     text connection used with readChar(), results may be incorrect
    Warning in readChar(x, 1, useBytes = TRUE) :
     text connection used with readChar(), results may be incorrect
    Warning in readChar(x, 1, useBytes = TRUE) :
     text connection used with readChar(), results may be incorrect
    Warning in readChar(x, 1, useBytes = TRUE) :
     text connection used with readChar(), results may be incorrect
    Warning in readChar(x, 1, useBytes = TRUE) :
     text connection used with readChar(), results may be incorrect
    Warning in readChar(x, 1, useBytes = TRUE) :
     text connection used with readChar(), results may be incorrect
    Warning in readChar(x, 1, useBytes = TRUE) :
     text connection used with readChar(), results may be incorrect
    Warning in readChar(x, 1, useBytes = TRUE) :
     text connection used with readChar(), results may be incorrect
    Warning in readChar(x, 1, useBytes = TRUE) :
     text connection used with readChar(), results may be incorrect
    Warning in readChar(x, 1, useBytes = TRUE) :
     text connection used with readChar(), results may be incorrect
    Warning in readChar(x, 1, useBytes = TRUE) :
     text connection used with readChar(), results may be incorrect
    Warning in readChar(x, 1, useBytes = TRUE) :
     text connection used with readChar(), results may be incorrect
    Warning in readChar(x, 1, useBytes = TRUE) :
     text connection used with readChar(), results may be incorrect
    Warning in readChar(x, 1, useBytes = TRUE) :
     text connection used with readChar(), results may be incorrect
    Warning in readChar(x, 1, useBytes = TRUE) :
     text connection used with readChar(), results may be incorrect
    Warning in readChar(x, 1, useBytes = TRUE) :
     text connection used with readChar(), results may be incorrect
    Warning in readChar(x, 1, useBytes = TRUE) :
     text connection used with readChar(), results may be incorrect
    Warning in readChar(x, 1, useBytes = TRUE) :
     text connection used with readChar(), results may be incorrect
    Warning in readChar(x, 1, useBytes = TRUE) :
     text connection used with readChar(), results may be incorrect
    Warning in readChar(x, 1, useBytes = TRUE) :
     text connection used with readChar(), results may be incorrect
    Warning in readChar(x, 1, useBytes = TRUE) :
     text connection used with readChar(), results may be incorrect
    Warning in readChar(x, 1, useBytes = TRUE) :
     text connection used with readChar(), results may be incorrect
    Warning in readChar(x, 1, useBytes = TRUE) :
     text connection used with readChar(), results may be incorrect
    Warning in readChar(x, 1, useBytes = TRUE) :
     text connection used with readChar(), results may be incorrect
    Warning in readChar(x, 1, useBytes = TRUE) :
     text connection used with readChar(), results may be incorrect
    >
    > # from a url (split on two lines so not to exceed 100 char wide during install)
    > url_model <- read_pfa(url(paste0('https://raw.githubusercontent.com/ReportMort/hadrian',
    + '/feature/add-r-package-structure/aurelius/inst/extdata/my-model.pfa')))
    Warning in open.connection(x) :
     cannot open URL 'https://raw.githubusercontent.com/ReportMort/hadrian/feature/add-r-package-structure/aurelius/inst/extdata/my-model.pfa': HTTP status was '503 first byte timeout'
    Error in open.connection(x) : cannot open the connection
    Calls: read_pfa -> open -> open.connection
    Execution halted
Flavor: r-devel-windows-ix86+x86_64