CRAN Package Check Results for Package aurelius

Last updated on 2019-02-21 07:48:27 CET.

Flavor Version Tinstall Tcheck Ttotal Status Flags
r-devel-linux-x86_64-debian-clang 0.8.4 9.22 87.72 96.94 OK
r-devel-linux-x86_64-debian-gcc 0.8.4 7.95 71.05 79.00 OK
r-devel-linux-x86_64-fedora-clang 0.8.4 124.62 OK
r-devel-linux-x86_64-fedora-gcc 0.8.4 118.12 OK
r-devel-windows-ix86+x86_64 0.8.4 18.00 134.00 152.00 NOTE
r-patched-linux-x86_64 0.8.4 OK
r-patched-solaris-x86 0.8.4 171.50 OK
r-release-linux-x86_64 0.8.4 OK
r-release-windows-ix86+x86_64 0.8.4 11.00 133.00 144.00 NOTE
r-release-osx-x86_64 0.8.4 OK
r-oldrel-windows-ix86+x86_64 0.8.4 10.00 115.00 125.00 NOTE
r-oldrel-osx-x86_64 0.8.4 OK

Check Details

Version: 0.8.4
Check: package dependencies
Result: NOTE
    Package which this enhances but not available for checking: 'rPython'
Flavors: r-devel-windows-ix86+x86_64, r-release-windows-ix86+x86_64, r-oldrel-windows-ix86+x86_64