CRAN Package Check Results for Package aurelius

Last updated on 2018-05-23 20:48:11 CEST.

Flavor Version Tinstall Tcheck Ttotal Status Flags
r-devel-linux-x86_64-debian-clang 0.8.4 7.58 60.27 67.85 OK
r-devel-linux-x86_64-debian-gcc 0.8.4 7.17 67.39 74.56 ERROR
r-devel-linux-x86_64-fedora-clang 0.8.4 118.90 OK
r-devel-linux-x86_64-fedora-gcc 0.8.4 123.69 OK
r-devel-windows-ix86+x86_64 0.8.4 15.00 183.00 198.00 NOTE
r-patched-linux-x86_64 0.8.4 7.80 87.73 95.53 OK
r-patched-solaris-x86 0.8.4 162.90 OK
r-release-linux-x86_64 0.8.4 7.92 89.22 97.14 OK
r-release-windows-ix86+x86_64 0.8.4 21.00 130.00 151.00 NOTE
r-release-osx-x86_64 0.8.4 OK
r-oldrel-windows-ix86+x86_64 0.8.4 14.00 136.00 150.00 NOTE
r-oldrel-osx-x86_64 0.8.4 OK

Check Details

Version: 0.8.4
Check: package dependencies
Result: NOTE
    Packages suggested but not available for checking: ‘forecast’ ‘caret’
Flavor: r-devel-linux-x86_64-debian-gcc

Version: 0.8.4
Check: examples
Result: ERROR
    Running examples in ‘aurelius-Ex.R’ failed
    The error most likely occurred in:
    
    > base::assign(".ptime", proc.time(), pos = "CheckExEnv")
    > ### Name: extract_params.Arima
    > ### Title: extract_params.Arima
    > ### Aliases: extract_params.Arima
    >
    > ### ** Examples
    >
    > model <- stats::arima(presidents, c(3, 0, 0))
    > extracted_model <- extract_params(model)
    >
    > model <- forecast::Arima(USAccDeaths, order=c(2,2,2), seasonal=c(0,2,2))
    Error in loadNamespace(name) : there is no package called ‘forecast’
    Calls: :: ... tryCatch -> tryCatchList -> tryCatchOne -> <Anonymous>
    Execution halted
Flavor: r-devel-linux-x86_64-debian-gcc

Version: 0.8.4
Check: package dependencies
Result: NOTE
    Package which this enhances but not available for checking: 'rPython'
Flavors: r-devel-windows-ix86+x86_64, r-release-windows-ix86+x86_64, r-oldrel-windows-ix86+x86_64