CRAN Package Check Results for Package autoBagging

Last updated on 2019-01-24 09:49:26 CET.

Flavor Version Tinstall Tcheck Ttotal Status Flags
r-devel-linux-x86_64-debian-clang 0.1.0 8.26 77.15 85.41 OK
r-devel-linux-x86_64-debian-gcc 0.1.0 7.81 64.04 71.85 OK
r-devel-linux-x86_64-fedora-clang 0.1.0 106.32 NOTE
r-devel-linux-x86_64-fedora-gcc 0.1.0 101.75 NOTE
r-devel-windows-ix86+x86_64 0.1.0 23.00 126.00 149.00 OK
r-patched-linux-x86_64 0.1.0 9.96 71.06 81.02 OK
r-patched-solaris-x86 0.1.0 173.10 NOTE
r-release-linux-x86_64 0.1.0 6.25 71.42 77.67 OK
r-release-windows-ix86+x86_64 0.1.0 14.00 93.00 107.00 OK
r-release-osx-x86_64 0.1.0 NOTE
r-oldrel-windows-ix86+x86_64 0.1.0 17.00 122.00 139.00 OK
r-oldrel-osx-x86_64 0.1.0 NOTE

Check Details

Version: 0.1.0
Check: dependencies in R code
Result: NOTE
    Namespace in Imports field not imported from: ‘abind’
     All declared Imports should be used.
Flavors: r-devel-linux-x86_64-fedora-clang, r-devel-linux-x86_64-fedora-gcc, r-patched-solaris-x86, r-release-osx-x86_64, r-oldrel-osx-x86_64