CRAN Package Check Results for Package autoBagging

Last updated on 2018-07-19 11:48:27 CEST.

Flavor Version Tinstall Tcheck Ttotal Status Flags
r-devel-linux-x86_64-debian-clang 0.1.0 9.08 72.71 81.79 OK
r-devel-linux-x86_64-debian-gcc 0.1.0 7.83 72.33 80.16 OK
r-devel-linux-x86_64-fedora-clang 0.1.0 109.14 NOTE
r-devel-linux-x86_64-fedora-gcc 0.1.0 105.19 NOTE
r-devel-windows-ix86+x86_64 0.1.0 16.00 147.00 163.00 OK
r-patched-linux-x86_64 0.1.0 8.35 78.52 86.87 OK
r-patched-solaris-x86 0.1.0 160.10 NOTE
r-release-linux-x86_64 0.1.0 7.27 77.83 85.10 OK
r-release-windows-ix86+x86_64 0.1.0 21.00 126.00 147.00 OK
r-release-osx-x86_64 0.1.0 NOTE
r-oldrel-windows-ix86+x86_64 0.1.0 22.00 93.00 115.00 OK
r-oldrel-osx-x86_64 0.1.0 NOTE

Check Details

Version: 0.1.0
Check: dependencies in R code
Result: NOTE
    Namespace in Imports field not imported from: ‘abind’
     All declared Imports should be used.
Flavors: r-devel-linux-x86_64-fedora-clang, r-devel-linux-x86_64-fedora-gcc, r-patched-solaris-x86, r-release-osx-x86_64, r-oldrel-osx-x86_64