CRAN Package Check Results for Package autoBagging

Last updated on 2018-04-25 22:46:24 CEST.

Flavor Version Tinstall Tcheck Ttotal Status Flags
r-devel-linux-x86_64-debian-clang 0.1.0 7.46 77.45 84.91 OK
r-devel-linux-x86_64-debian-gcc 0.1.0 7.85 62.33 70.18 OK
r-devel-linux-x86_64-fedora-clang 0.1.0 101.11 NOTE
r-devel-linux-x86_64-fedora-gcc 0.1.0 96.62 NOTE
r-devel-windows-ix86+x86_64 0.1.0 20.00 89.00 109.00 OK
r-patched-linux-x86_64 0.1.0 8.87 75.34 84.21 OK
r-patched-solaris-x86 0.1.0 154.40 NOTE
r-release-linux-x86_64 0.1.0 7.89 76.32 84.21 OK
r-release-windows-ix86+x86_64 0.1.0 20.00 89.00 109.00 OK
r-release-osx-x86_64 0.1.0 NOTE
r-oldrel-windows-ix86+x86_64 0.1.0 14.00 131.00 145.00 OK
r-oldrel-osx-x86_64 0.1.0 NOTE

Check Details

Version: 0.1.0
Check: dependencies in R code
Result: NOTE
    Namespace in Imports field not imported from: ‘abind’
     All declared Imports should be used.
Flavors: r-devel-linux-x86_64-fedora-clang, r-devel-linux-x86_64-fedora-gcc, r-patched-solaris-x86, r-release-osx-x86_64, r-oldrel-osx-x86_64