CRAN Package Check Results for Package autoBagging

Last updated on 2018-01-23 15:47:55 CET.

Flavor Version Tinstall Tcheck Ttotal Status Flags
r-devel-linux-x86_64-debian-clang 0.1.0 5.14 74.60 79.74 OK
r-devel-linux-x86_64-debian-gcc 0.1.0 5.04 58.57 63.61 OK
r-devel-linux-x86_64-fedora-clang 0.1.0 100.80 NOTE
r-devel-linux-x86_64-fedora-gcc 0.1.0 100.67 NOTE
r-devel-windows-ix86+x86_64 0.1.0 17.00 111.00 128.00 OK
r-patched-linux-x86_64 0.1.0 6.21 81.40 87.61 OK
r-patched-solaris-x86 0.1.0 173.00 NOTE
r-release-linux-x86_64 0.1.0 5.98 80.65 86.63 OK
r-release-windows-ix86+x86_64 0.1.0 11.00 124.00 135.00 OK
r-release-osx-x86_64 0.1.0 NOTE
r-oldrel-windows-ix86+x86_64 0.1.0 21.00 93.00 114.00 OK
r-oldrel-osx-x86_64 0.1.0 NOTE

Check Details

Version: 0.1.0
Check: dependencies in R code
Result: NOTE
    Namespace in Imports field not imported from: ‘abind’
     All declared Imports should be used.
Flavors: r-devel-linux-x86_64-fedora-clang, r-devel-linux-x86_64-fedora-gcc, r-patched-solaris-x86, r-release-osx-x86_64, r-oldrel-osx-x86_64