CRAN Package Check Results for Package autoBagging

Last updated on 2018-10-22 22:56:18 CEST.

Flavor Version Tinstall Tcheck Ttotal Status Flags
r-devel-linux-x86_64-debian-clang 0.1.0 8.39 86.15 94.54 OK
r-devel-linux-x86_64-debian-gcc 0.1.0 8.40 73.93 82.33 OK
r-devel-linux-x86_64-fedora-clang 0.1.0 113.95 NOTE
r-devel-linux-x86_64-fedora-gcc 0.1.0 107.77 NOTE
r-devel-windows-ix86+x86_64 0.1.0 24.00 133.00 157.00 OK
r-patched-linux-x86_64 0.1.0 6.47 72.84 79.31 OK
r-patched-solaris-x86 0.1.0 160.20 NOTE
r-release-linux-x86_64 0.1.0 6.79 71.92 78.71 OK
r-release-windows-ix86+x86_64 0.1.0 23.00 116.00 139.00 OK
r-release-osx-x86_64 0.1.0 NOTE
r-oldrel-windows-ix86+x86_64 0.1.0 13.00 126.00 139.00 OK
r-oldrel-osx-x86_64 0.1.0 NOTE

Check Details

Version: 0.1.0
Check: dependencies in R code
Result: NOTE
    Namespace in Imports field not imported from: ‘abind’
     All declared Imports should be used.
Flavors: r-devel-linux-x86_64-fedora-clang, r-devel-linux-x86_64-fedora-gcc, r-patched-solaris-x86, r-release-osx-x86_64, r-oldrel-osx-x86_64