CRAN Package Check Results for Package autoTS

Last updated on 2022-12-02 09:52:48 CET.

Flavor Version Tinstall Tcheck Ttotal Status Flags
r-devel-linux-x86_64-debian-clang 0.9.11 3.10 82.74 85.84 NOTE
r-devel-linux-x86_64-debian-gcc 0.9.11 2.84 62.57 65.41 NOTE
r-devel-linux-x86_64-fedora-clang 0.9.11 115.80 NOTE
r-devel-linux-x86_64-fedora-gcc 0.9.11 113.80 NOTE
r-devel-windows-x86_64 0.9.11 16.00 123.00 139.00 NOTE
r-patched-linux-x86_64 0.9.11 2.32 80.72 83.04 NOTE
r-release-linux-x86_64 0.9.11 3.43 79.75 83.18 NOTE
r-release-macos-arm64 0.9.11 34.00 NOTE
r-release-macos-x86_64 0.9.11 55.00 NOTE
r-release-windows-x86_64 0.9.11 26.00 123.00 149.00 NOTE
r-oldrel-macos-arm64 0.9.11 49.00 NOTE
r-oldrel-macos-x86_64 0.9.11 46.00 NOTE
r-oldrel-windows-ix86+x86_64 0.9.11 11.00 113.00 124.00 NOTE

Check Details

Version: 0.9.11
Check: LazyData
Result: NOTE
     'LazyData' is specified without a 'data' directory
Flavors: r-devel-linux-x86_64-debian-clang, r-devel-linux-x86_64-debian-gcc, r-devel-linux-x86_64-fedora-clang, r-devel-linux-x86_64-fedora-gcc, r-devel-windows-x86_64, r-patched-linux-x86_64, r-release-linux-x86_64, r-release-macos-arm64, r-release-macos-x86_64, r-release-windows-x86_64, r-oldrel-macos-arm64, r-oldrel-macos-x86_64, r-oldrel-windows-ix86+x86_64

Version: 0.9.11
Check: dependencies in R code
Result: NOTE
    Namespaces in Imports field not imported from:
     ‘plotly’ ‘shinycssloaders’
     All declared Imports should be used.
Flavors: r-devel-linux-x86_64-fedora-clang, r-devel-linux-x86_64-fedora-gcc, r-release-macos-arm64, r-release-macos-x86_64, r-oldrel-macos-arm64, r-oldrel-macos-x86_64