CRAN Package Check Results for Package autohd

Last updated on 2022-08-15 02:53:37 CEST.

Flavor Version Tinstall Tcheck Ttotal Status Flags
r-devel-linux-x86_64-debian-clang 0.1.0 15.81 138.23 154.04 OK
r-devel-linux-x86_64-debian-gcc 0.1.0 14.62 104.29 118.91 OK
r-devel-linux-x86_64-fedora-clang 0.1.0 200.95 NOTE
r-devel-linux-x86_64-fedora-gcc 0.1.0 197.20 NOTE
r-devel-windows-x86_64 0.1.0 25.00 164.00 189.00 OK
r-patched-linux-x86_64 0.1.0 15.75 135.59 151.34 OK
r-release-linux-x86_64 0.1.0 14.20 127.92 142.12 OK
r-release-macos-arm64 0.1.0 62.00 NOTE
r-release-macos-x86_64 0.1.0 74.00 NOTE
r-release-windows-x86_64 0.1.0 28.00 165.00 193.00 OK
r-oldrel-macos-arm64 0.1.0 51.00 NOTE
r-oldrel-macos-x86_64 0.1.0 73.00 NOTE
r-oldrel-windows-ix86+x86_64 0.1.0 36.00 152.00 188.00 OK

Check Details

Version: 0.1.0
Check: dependencies in R code
Result: NOTE
    Namespaces in Imports field not imported from:
     ‘Hmisc’ ‘broom’ ‘tibble’ ‘usethis’
     All declared Imports should be used.
Flavors: r-devel-linux-x86_64-fedora-clang, r-devel-linux-x86_64-fedora-gcc, r-release-macos-arm64, r-release-macos-x86_64, r-oldrel-macos-arm64, r-oldrel-macos-x86_64