CRAN Package Check Results for Package autoimage

Last updated on 2020-07-07 07:47:49 CEST.

Flavor Version Tinstall Tcheck Ttotal Status Flags
r-devel-linux-x86_64-debian-clang 2.1.9 5.30 132.52 137.82 OK
r-devel-linux-x86_64-debian-gcc 2.1.9 4.51 97.30 101.81 OK
r-devel-linux-x86_64-fedora-clang 2.1.9 170.83 NOTE
r-devel-linux-x86_64-fedora-gcc 2.1.9 164.40 OK
r-devel-windows-ix86+x86_64 2.1.9 11.00 172.00 183.00 OK
r-patched-linux-x86_64 2.1.9 6.35 130.12 136.47 OK
r-patched-solaris-x86 2.1.9 255.00 OK
r-release-linux-x86_64 2.1.9 5.36 128.36 133.72 OK
r-release-osx-x86_64 2.1.9 OK
r-release-windows-ix86+x86_64 2.1.9 12.00 146.00 158.00 OK
r-oldrel-osx-x86_64 2.1.9 OK
r-oldrel-windows-ix86+x86_64 2.1.9 17.00 200.00 217.00 OK

Check Details

Version: 2.1.9
Check: Rd cross-references
Result: NOTE
    Undeclared package ‘akima’ in Rd xrefs
Flavor: r-devel-linux-x86_64-fedora-clang