CRAN Package Check Results for Package autoimage

Last updated on 2019-06-18 00:17:43 CEST.

Flavor Version Tinstall Tcheck Ttotal Status Flags
r-devel-linux-x86_64-debian-clang 2.0 3.95 106.82 110.77 OK
r-devel-linux-x86_64-debian-gcc 2.0 3.50 79.04 82.54 WARN
r-devel-linux-x86_64-fedora-clang 2.0 120.75 OK
r-devel-linux-x86_64-fedora-gcc 2.0 124.41 OK
r-devel-windows-ix86+x86_64 2.0 12.00 181.00 193.00 OK
r-patched-linux-x86_64 2.0 3.63 91.53 95.16 WARN
r-patched-solaris-x86 2.0 228.40 OK
r-release-linux-x86_64 2.0 3.63 74.62 78.25 ERROR
r-release-windows-ix86+x86_64 2.0 7.00 152.00 159.00 OK
r-release-osx-x86_64 2.0 OK
r-oldrel-windows-ix86+x86_64 2.0 6.00 192.00 198.00 OK
r-oldrel-osx-x86_64 2.0 OK

Check Details

Version: 2.0
Check: re-building of vignette outputs
Result: WARN
    Error(s) in re-building vignettes:
     ...
    --- re-building ‘autoimage.Rmd’ using rmarkdown
    --- finished re-building ‘autoimage.Rmd’
    
    --- re-building ‘ggplot2-comparison.Rmd’ using rmarkdown
    Quitting from lines 211-214 (ggplot2-comparison.Rmd)
    Error: processing vignette 'ggplot2-comparison.Rmd' failed with diagnostics:
    object ‘us.cities’ not found
    --- failed re-building ‘ggplot2-comparison.Rmd’
    
    SUMMARY: processing the following file failed:
     ‘ggplot2-comparison.Rmd’
    
    Error: Vignette re-building failed.
    Execution halted
Flavors: r-devel-linux-x86_64-debian-gcc, r-patched-linux-x86_64

Version: 2.0
Check: package dependencies
Result: NOTE
    Package suggested but not available for checking: ‘gear’
Flavor: r-release-linux-x86_64

Version: 2.0
Check: examples
Result: ERROR
    Running examples in ‘autoimage-Ex.R’ failed
    The error most likely occurred in:
    
    > base::assign(".ptime", proc.time(), pos = "CheckExEnv")
    > ### Name: autoimage
    > ### Title: Automatic facetting of multiple projected images
    > ### Aliases: autoimage
    >
    > ### ** Examples
    >
    > data(narccap)
    > # restructure data for 2 images
    > tasmax2 <- tasmax[,,1:2]
    >
    > # plot irregularly gridded images with separate legends
    > # and usa border
    > autoimage(lon, lat, tasmax2, common.legend = FALSE, map = "usa")
    >
    > # plot irregularly gridded images with common legend and world lines
    > # customize world lines
    > # add and customize title
    > autoimage(lon, lat, tasmax2, map = "world",
    + lines.args = list(col = "white", lwd = 2),
    + outer.title = "Maximum Daily Surface Air Temperature (K)",
    + mtext.args = list(col = "blue", cex = 2))
    Warning in autolayout(size, legend = legend, common.legend = common.legend, :
     There is no room in the outer margin for an outer title.
     Setting par(oma = c(0, 0, 3, 0)).
    >
    > # plot irregularly-spaced responsed as images with separate legends
    > # and county borders. Add observed data locations with custom point
    > # options. Add text at locations of Denver and Colorado Springs.
    > data(co, package = "gear")
    Error in find.package(package, lib.loc, verbose = verbose) :
     there is no package called ‘gear’
    Calls: data -> find.package
    Execution halted
Flavor: r-release-linux-x86_64

Version: 2.0
Check: tests
Result: ERROR
     Running ‘test-all.R’ [3s/3s]
    Running the tests in ‘tests/test-all.R’ failed.
    Complete output:
     > library(testthat)
     > test_check("autoimage")
     Loading required package: autoimage
     # This package was created for research supported by NSF Grant DMS-1463642 and NIH Grant R01 CA157528
    
     Attaching package: 'autoimage'
    
     The following object is masked from 'package:stats':
    
     ppoints
    
     ── 1. Error: (unknown) (@test-arg.check.autoimage.R#8) ────────────────────────
     there is no package called 'gear'
     1: data(co, package = "gear") at testthat/test-arg.check.autoimage.R:8
     2: find.package(package, lib.loc, verbose = verbose)
    
     ── 2. Error: (unknown) (@test-autoimage.xyz.setup.R#6) ────────────────────────
     there is no package called 'gear'
     1: data(co, package = "gear") at testthat/test-autoimage.xyz.setup.R:6
     2: find.package(package, lib.loc, verbose = verbose)
    
     ══ testthat results ═══════════════════════════════════════════════════════════
     OK: 96 SKIPPED: 0 WARNINGS: 0 FAILED: 2
     1. Error: (unknown) (@test-arg.check.autoimage.R#8)
     2. Error: (unknown) (@test-autoimage.xyz.setup.R#6)
    
     Error: testthat unit tests failed
     Execution halted
Flavor: r-release-linux-x86_64

Version: 2.0
Check: re-building of vignette outputs
Result: WARN
    Error(s) in re-building vignettes:
     ...
    --- re-building ‘autoimage.Rmd’ using rmarkdown
    Quitting from lines 45-48 (autoimage.Rmd)
    Error: processing vignette 'autoimage.Rmd' failed with diagnostics:
    there is no package called 'gear'
    --- failed re-building ‘autoimage.Rmd’
    
    --- re-building ‘ggplot2-comparison.Rmd’ using rmarkdown
    --- finished re-building ‘ggplot2-comparison.Rmd’
    
    SUMMARY: processing the following file failed:
     ‘autoimage.Rmd’
    
    Error: Vignette re-building failed.
    Execution halted
Flavor: r-release-linux-x86_64