CRAN Package Check Results for Package autokeras

Last updated on 2025-01-20 14:49:19 CET.

Flavor Version Tinstall Tcheck Ttotal Status Flags
r-devel-linux-x86_64-debian-clang 1.0.12 7.19 67.47 74.66 OK
r-devel-linux-x86_64-debian-gcc 1.0.12 5.51 51.68 57.19 OK
r-devel-linux-x86_64-fedora-clang 1.0.12 119.01 OK
r-devel-linux-x86_64-fedora-gcc 1.0.12 112.91 OK
r-devel-windows-x86_64 1.0.12 8.00 151.00 159.00 OK
r-patched-linux-x86_64 1.0.12 7.51 62.76 70.27 NOTE
r-release-linux-x86_64 1.0.12 6.28 62.39 68.67 NOTE
r-release-macos-arm64 1.0.12 32.00 NOTE
r-release-macos-x86_64 1.0.12 51.00 NOTE
r-release-windows-x86_64 1.0.12 9.00 175.00 184.00 NOTE
r-oldrel-macos-arm64 1.0.12 35.00 NOTE
r-oldrel-macos-x86_64 1.0.12 59.00 NOTE
r-oldrel-windows-x86_64 1.0.12 11.00 139.00 150.00 NOTE

Check Details

Version: 1.0.12
Check: LazyData
Result: NOTE 'LazyData' is specified without a 'data' directory Flavors: r-patched-linux-x86_64, r-release-linux-x86_64, r-release-macos-arm64, r-release-macos-x86_64, r-release-windows-x86_64, r-oldrel-macos-arm64, r-oldrel-macos-x86_64, r-oldrel-windows-x86_64