CRAN Package Check Results for Package automultinomial

Last updated on 2019-02-20 13:46:17 CET.

Flavor Version Tinstall Tcheck Ttotal Status Flags
r-devel-linux-x86_64-debian-clang 2.0.0 2.24 50.52 52.76 OK
r-devel-linux-x86_64-debian-gcc 2.0.0 1.68 38.66 40.34 OK
r-devel-linux-x86_64-fedora-clang 2.0.0 66.65 NOTE
r-devel-linux-x86_64-fedora-gcc 2.0.0 63.41 NOTE
r-devel-windows-ix86+x86_64 2.0.0 8.00 88.00 96.00 OK
r-patched-linux-x86_64 2.0.0 OK
r-patched-solaris-x86 2.0.0 86.10 NOTE
r-release-linux-x86_64 2.0.0 OK
r-release-windows-ix86+x86_64 2.0.0 3.00 89.00 92.00 OK
r-release-osx-x86_64 2.0.0 NOTE
r-oldrel-windows-ix86+x86_64 2.0.0 2.00 75.00 77.00 OK
r-oldrel-osx-x86_64 2.0.0 NOTE

Check Details

Version: 2.0.0
Check: dependencies in R code
Result: NOTE
    Namespace in Imports field not imported from: ‘igraph’
     All declared Imports should be used.
Flavors: r-devel-linux-x86_64-fedora-clang, r-devel-linux-x86_64-fedora-gcc, r-patched-solaris-x86, r-release-osx-x86_64, r-oldrel-osx-x86_64