CRAN Package Check Results for Package automultinomial

Last updated on 2018-11-20 19:47:34 CET.

Flavor Version Tinstall Tcheck Ttotal Status Flags
r-devel-linux-x86_64-debian-clang 2.0.0 1.63 50.49 52.12 OK
r-devel-linux-x86_64-debian-gcc 2.0.0 1.06 39.97 41.03 OK
r-devel-linux-x86_64-fedora-clang 2.0.0 62.64 NOTE
r-devel-linux-x86_64-fedora-gcc 2.0.0 59.13 NOTE
r-devel-windows-ix86+x86_64 2.0.0 4.00 89.00 93.00 OK
r-patched-linux-x86_64 2.0.0 1.81 48.04 49.85 OK
r-patched-solaris-x86 2.0.0 82.30 NOTE
r-release-linux-x86_64 2.0.0 1.70 47.50 49.20 OK
r-release-windows-ix86+x86_64 2.0.0 3.00 93.00 96.00 OK
r-release-osx-x86_64 2.0.0 NOTE
r-oldrel-windows-ix86+x86_64 2.0.0 3.00 80.00 83.00 OK
r-oldrel-osx-x86_64 2.0.0 NOTE

Check Details

Version: 2.0.0
Check: dependencies in R code
Result: NOTE
    Namespace in Imports field not imported from: ‘igraph’
     All declared Imports should be used.
Flavors: r-devel-linux-x86_64-fedora-clang, r-devel-linux-x86_64-fedora-gcc, r-patched-solaris-x86, r-release-osx-x86_64, r-oldrel-osx-x86_64