CRAN Package Check Results for Package automultinomial

Last updated on 2018-05-23 10:47:43 CEST.

Flavor Version Tinstall Tcheck Ttotal Status Flags
r-devel-linux-x86_64-debian-clang 1.0.0 3.83 20.84 24.67 OK
r-devel-linux-x86_64-debian-gcc 1.0.0 0.34 1.31 1.65 ERROR
r-devel-linux-x86_64-fedora-clang 1.0.0 44.53 OK
r-devel-linux-x86_64-fedora-gcc 1.0.0 42.84 OK
r-devel-windows-ix86+x86_64 1.0.0 6.00 84.00 90.00 WARN
r-patched-linux-x86_64 1.0.0 4.05 31.06 35.11 OK
r-patched-solaris-x86 1.0.0 58.20 OK
r-release-linux-x86_64 1.0.0 3.61 31.05 34.66 OK
r-release-windows-ix86+x86_64 1.0.0 9.00 60.00 69.00 OK
r-release-osx-x86_64 1.0.0 OK
r-oldrel-windows-ix86+x86_64 1.0.0 4.00 57.00 61.00 OK
r-oldrel-osx-x86_64 1.0.0 OK

Check Details

Version: 1.0.0
Check: package dependencies
Result: ERROR
    Package required but not available: ‘Hmisc’
    
    See section ‘The DESCRIPTION file’ in the ‘Writing R Extensions’
    manual.
Flavor: r-devel-linux-x86_64-debian-gcc

Version: 1.0.0
Check: Rd metadata
Result: WARN
    Error in Sys.getenv("R_PDFVIEWER", file.path(R.home("bin"), "open.exe")) :
     could not allocate memory (0 Mb) in C function 'R_AllocStringBuffer'
    Calls: options -> Sys.getenv
    Execution halted
Flavor: r-devel-windows-ix86+x86_64