CRAN Package Check Results for Package autostats

Last updated on 2025-06-21 21:49:48 CEST.

Flavor Version Tinstall Tcheck Ttotal Status Flags
r-devel-linux-x86_64-debian-clang 0.4.1 4.03 103.99 108.02 OK
r-devel-linux-x86_64-debian-gcc 0.4.1 2.77 73.06 75.83 OK
r-devel-linux-x86_64-fedora-clang 0.4.1 156.27 NOTE
r-devel-linux-x86_64-fedora-gcc 0.4.1 149.92 NOTE
r-devel-windows-x86_64 0.4.1 8.00 116.00 124.00 OK
r-patched-linux-x86_64 0.4.1 5.15 90.24 95.39 OK
r-release-linux-x86_64 0.4.1 4.13 92.76 96.89 OK
r-release-macos-arm64 0.4.1 46.00 OK
r-release-macos-x86_64 0.4.1 87.00 OK
r-release-windows-x86_64 0.4.1 7.00 101.00 108.00 OK
r-oldrel-macos-arm64 0.4.1 57.00 OK
r-oldrel-macos-x86_64 0.4.1 96.00 OK
r-oldrel-windows-x86_64 0.4.1 8.00 125.00 133.00 OK

Check Details

Version: 0.4.1
Check: dependencies in R code
Result: NOTE Namespaces in Imports field not imported from: ‘Ckmeans.1d.dp’ ‘broom.mixed’ ‘igraph’ All declared Imports should be used. Flavors: r-devel-linux-x86_64-fedora-clang, r-devel-linux-x86_64-fedora-gcc