CRAN Package Check Results for Package autothresholdr

Last updated on 2018-02-21 14:49:29 CET.

Flavor Version Tinstall Tcheck Ttotal Status Flags
r-devel-linux-x86_64-debian-clang 1.1.2 19.78 39.66 59.44 OK
r-devel-linux-x86_64-debian-gcc 1.1.2 13.93 31.10 45.03 OK
r-devel-windows-ix86+x86_64 1.1.2 43.00 79.00 122.00 OK
r-patched-linux-x86_64 1.1.2 19.29 43.79 63.08 OK
r-patched-solaris-x86 1.1.2 99.70 OK
r-release-linux-x86_64 1.1.2 16.84 43.62 60.46 OK
r-release-windows-ix86+x86_64 1.1.2 65.00 107.00 172.00 OK
r-release-osx-x86_64 1.1.2 OK
r-oldrel-windows-ix86+x86_64 1.1.2 46.00 79.00 125.00 OK
r-oldrel-osx-x86_64 0.6.0 ERROR

Check Details

Version: 0.6.0
Check: examples
Result: ERROR
    Running examples in ‘autothresholdr-Ex.R’ failed
    The error most likely occurred in:
    
    > ### Name: auto_thresh
    > ### Title: Automatically threshold an image.
    > ### Aliases: auto_thresh auto_thresh_mask auto_thresh_apply_mask
    >
    > ### ** Examples
    >
    > img <- EBImage::readImage(system.file("extdata", "eg.tif",
    + package = "autothresholdr"), as.is = TRUE)
    > auto_thresh(img, "huang")
    Error in rJava::.jnew("Auto_Threshold_R") :
     java.lang.UnsupportedClassVersionError: Auto_Threshold_R : Unsupported major.minor version 52.0
    Calls: auto_thresh -> <Anonymous> -> .External
    Execution halted
Flavor: r-oldrel-osx-x86_64

Version: 0.6.0
Check: tests
Result: ERROR
    Running the tests in ‘tests/testthat.R’ failed.
    Last 13 lines of output:
     10: isTRUE(e$handled)
     11: e$handled
     12: `$.Throwable`(e, handled)
     13: ._jobjRef_dollar(x[["jobj"]], name)
     14: stop(sprintf("no field, method or inner class called '%s' ", name))
    
     ══ testthat results ═══════════════════════════════════════════════════════════
     OK: 2 SKIPPED: 0 FAILED: 2
     1. Error: (unknown) (@test_stack_thresh.R#1)
     2. Error: (unknown) (@test_thresh.R#3)
    
     Error: testthat unit tests failed
     Execution halted
Flavor: r-oldrel-osx-x86_64

Version: 0.6.0
Check: re-building of vignette outputs
Result: WARN
    Error in re-building vignettes:
     ...
    Warning in engine$weave(file, quiet = quiet, encoding = enc) :
     Pandoc (>= 1.12.3) and/or pandoc-citeproc not available. Falling back to R Markdown v1.
    Quitting from lines 40-43 (autothresholdr.Rmd)
    Error: processing vignette 'autothresholdr.Rmd' failed with diagnostics:
    java.lang.UnsupportedClassVersionError: Auto_Threshold_R : Unsupported major.minor version 52.0
    Execution halted
Flavor: r-oldrel-osx-x86_64