CRAN Package Check Results for Package aws.alexa

Last updated on 2018-05-26 11:49:44 CEST.

Flavor Version Tinstall Tcheck Ttotal Status Flags
r-devel-linux-x86_64-debian-clang 0.1.6 2.81 33.26 36.07 OK
r-devel-linux-x86_64-debian-gcc 0.1.6 2.00 28.09 30.09 OK
r-devel-linux-x86_64-fedora-clang 0.1.6 45.51 OK
r-devel-linux-x86_64-fedora-gcc 0.1.6 39.90 OK
r-devel-windows-ix86+x86_64 0.1.6 36.00 242.00 278.00 OK
r-patched-linux-x86_64 0.1.6 1.79 31.21 33.00 OK
r-patched-solaris-x86 0.1.6 60.50 OK
r-release-linux-x86_64 0.1.6 1.62 31.24 32.86 OK
r-release-windows-ix86+x86_64 0.1.6 39.00 237.00 276.00 OK
r-release-osx-x86_64 0.1.6 OK
r-oldrel-windows-ix86+x86_64 0.1.6 37.00 220.00 257.00 OK
r-oldrel-osx-x86_64 0.1.6 OK

Check Details

Version: 0.1.6
Check: whether package can be installed
Result: ERROR
    Installation failed.
Flavor: r-oldrel-windows-ix86+x86_64