CRAN Package Check Results for Package azuremlsdk

Last updated on 2024-02-25 21:49:27 CET.

Flavor Version Tinstall Tcheck Ttotal Status Flags
r-devel-linux-x86_64-debian-clang 1.10.0 12.86 124.72 137.58 NOTE
r-devel-linux-x86_64-debian-gcc 1.10.0 10.32 94.27 104.59 NOTE
r-devel-linux-x86_64-fedora-clang 1.10.0 165.79 OK
r-devel-linux-x86_64-fedora-gcc 1.10.0 173.36 OK
r-devel-windows-x86_64 1.10.0 13.00 129.00 142.00 OK
r-patched-linux-x86_64 1.10.0 12.10 122.63 134.73 OK
r-release-linux-x86_64 1.10.0 10.32 119.11 129.43 OK
r-release-macos-arm64 1.10.0 66.00 OK
r-release-macos-x86_64 1.10.0 96.00 OK
r-release-windows-x86_64 1.10.0 16.00 164.00 180.00 OK
r-oldrel-macos-arm64 1.10.0 44.00 OK
r-oldrel-windows-x86_64 1.10.0 15.00 137.00 152.00 OK

Check Details

Version: 1.10.0
Check: Rd files
Result: NOTE checkRd: (-1) create_tabular_dataset_from_delimited_files.Rd:44: Lost braces; missing escapes or markup? 44 | format '{x}' and datetime column from format '{x:yyyy/MM/dd/HH/mm/ss}', where 'yyyy', 'MM', | ^ checkRd: (-1) create_tabular_dataset_from_delimited_files.Rd:44: Lost braces; missing escapes or markup? 44 | format '{x}' and datetime column from format '{x:yyyy/MM/dd/HH/mm/ss}', where 'yyyy', 'MM', | ^ checkRd: (-1) create_tabular_dataset_from_delimited_files.Rd:48: Lost braces; missing escapes or markup? 48 | we can define '/{Country}/{PartitionDate:yyyy/MM/dd}/data.csv' to create columns 'Country' | ^ checkRd: (-1) create_tabular_dataset_from_delimited_files.Rd:48: Lost braces; missing escapes or markup? 48 | we can define '/{Country}/{PartitionDate:yyyy/MM/dd}/data.csv' to create columns 'Country' | ^ checkRd: (-1) create_tabular_dataset_from_json_lines_files.Rd:32: Lost braces; missing escapes or markup? 32 | format '{x}' and datetime column from format '{x:yyyy/MM/dd/HH/mm/ss}', where 'yyyy', 'MM', | ^ checkRd: (-1) create_tabular_dataset_from_json_lines_files.Rd:32: Lost braces; missing escapes or markup? 32 | format '{x}' and datetime column from format '{x:yyyy/MM/dd/HH/mm/ss}', where 'yyyy', 'MM', | ^ checkRd: (-1) create_tabular_dataset_from_json_lines_files.Rd:36: Lost braces; missing escapes or markup? 36 | we can define '/{Country}/{PartitionDate:yyyy/MM/dd}/data.csv' to create columns 'Country' | ^ checkRd: (-1) create_tabular_dataset_from_json_lines_files.Rd:36: Lost braces; missing escapes or markup? 36 | we can define '/{Country}/{PartitionDate:yyyy/MM/dd}/data.csv' to create columns 'Country' | ^ checkRd: (-1) create_tabular_dataset_from_parquet_files.Rd:31: Lost braces; missing escapes or markup? 31 | format '{x}' and datetime column from format '{x:yyyy/MM/dd/HH/mm/ss}', where 'yyyy', 'MM', | ^ checkRd: (-1) create_tabular_dataset_from_parquet_files.Rd:31: Lost braces; missing escapes or markup? 31 | format '{x}' and datetime column from format '{x:yyyy/MM/dd/HH/mm/ss}', where 'yyyy', 'MM', | ^ checkRd: (-1) create_tabular_dataset_from_parquet_files.Rd:35: Lost braces; missing escapes or markup? 35 | we can define '/{Country}/{PartitionDate:yyyy/MM/dd}/data.csv' to create columns 'Country' | ^ checkRd: (-1) create_tabular_dataset_from_parquet_files.Rd:35: Lost braces; missing escapes or markup? 35 | we can define '/{Country}/{PartitionDate:yyyy/MM/dd}/data.csv' to create columns 'Country' | ^ checkRd: (-1) get_run_metrics.Rd:20: Lost braces 20 | \item{recursive}{If specified, returns runs matching specified \emph{"property"} or {\emph{"property"}: \emph{"value"}}.} | ^ checkRd: (-1) submit_child_run.Rd:14: Lost braces; missing escapes or markup? 14 | \item{tags}{Tags to be added to the submitted run, e.g., {"tag": "value"}.} | ^ Flavors: r-devel-linux-x86_64-debian-clang, r-devel-linux-x86_64-debian-gcc