CRAN Package Check Results for Package bWGR

Last updated on 2022-05-28 22:55:04 CEST.

Flavor Version Tinstall Tcheck Ttotal Status Flags
r-devel-linux-x86_64-debian-clang 2.0 110.76 89.49 200.25 WARN
r-devel-linux-x86_64-debian-gcc 2.0 93.35 69.41 162.76 OK
r-devel-linux-x86_64-fedora-clang 2.0 284.60 WARN
r-devel-linux-x86_64-fedora-gcc 2.0 245.79 NOTE
r-devel-windows-x86_64 2.0 73.00 123.00 196.00 OK
r-patched-linux-x86_64 2.0 92.96 87.69 180.65 OK
r-release-linux-x86_64 2.0 92.21 86.52 178.73 OK
r-release-macos-arm64 2.0 63.00 NOTE
r-release-macos-x86_64 2.0 90.00 NOTE
r-release-windows-x86_64 2.0 77.00 126.00 203.00 OK
r-oldrel-macos-arm64 2.0 65.00 NOTE
r-oldrel-macos-x86_64 2.0 84.00 NOTE
r-oldrel-windows-ix86+x86_64 2.0 217.00 145.00 362.00 OK

Additional issues

clang14

Check Details

Version: 2.0
Check: whether package can be installed
Result: WARN
    Found the following significant warnings:
     emm20220213.cpp:32:9: warning: use of bitwise '&' with boolean operands [-Wbitwise-instead-of-logical]
Flavors: r-devel-linux-x86_64-debian-clang, r-devel-linux-x86_64-fedora-clang

Version: 2.0
Check: installed package size
Result: NOTE
     installed size is 21.1Mb
     sub-directories of 1Mb or more:
     libs 20.6Mb
Flavors: r-devel-linux-x86_64-fedora-clang, r-release-macos-arm64, r-release-macos-x86_64, r-oldrel-macos-arm64, r-oldrel-macos-x86_64

Version: 2.0
Check: dependencies in R code
Result: NOTE
    Namespace in Imports field not imported from: ‘RcppEigen’
     All declared Imports should be used.
Flavors: r-devel-linux-x86_64-fedora-clang, r-devel-linux-x86_64-fedora-gcc, r-release-macos-arm64, r-release-macos-x86_64, r-oldrel-macos-arm64, r-oldrel-macos-x86_64