CRAN Package Check Results for Package babar

Last updated on 2018-05-23 16:47:46 CEST.

Flavor Version Tinstall Tcheck Ttotal Status Flags
r-devel-linux-x86_64-debian-clang 1.0 3.67 46.46 50.13 NOTE
r-devel-linux-x86_64-debian-gcc 1.0 2.68 55.21 57.89 NOTE
r-devel-linux-x86_64-fedora-clang 1.0 59.88 NOTE
r-devel-linux-x86_64-fedora-gcc 1.0 63.54 NOTE
r-devel-windows-ix86+x86_64 1.0 10.00 110.00 120.00 NOTE
r-patched-linux-x86_64 1.0 2.55 65.51 68.06 NOTE
r-patched-solaris-x86 1.0 95.60 NOTE
r-release-linux-x86_64 1.0 3.05 67.20 70.25 NOTE
r-release-windows-ix86+x86_64 1.0 10.00 101.00 111.00 NOTE
r-release-osx-x86_64 1.0 NOTE
r-oldrel-windows-ix86+x86_64 1.0 8.00 64.00 72.00 NOTE
r-oldrel-osx-x86_64 1.0 NOTE

Check Details

Version: 1.0
Check: R code for possible problems
Result: NOTE
    .generateTransform: no visible global function definition for ‘sd’
    .generateUnitHyperCube: no visible global function definition for
     ‘runif’
    .makeBoundedSingleStep: no visible global function definition for
     ‘runif’
    .makeBoundedStep: no visible global function definition for ‘runif’
    .makeStep: no visible global function definition for ‘runif’
    .staircaseSampling: no visible global function definition for ‘runif’
    GaussianPrior: no visible global function definition for ‘qnorm’
    LogNormalPrior: no visible global function definition for ‘qnorm’
    Undefined global functions or variables:
     qnorm runif sd
    Consider adding
     importFrom("stats", "qnorm", "runif", "sd")
    to your NAMESPACE file.
Flavors: r-devel-linux-x86_64-debian-clang, r-devel-linux-x86_64-debian-gcc, r-devel-linux-x86_64-fedora-clang, r-devel-linux-x86_64-fedora-gcc, r-devel-windows-ix86+x86_64, r-patched-linux-x86_64, r-patched-solaris-x86, r-release-linux-x86_64, r-release-windows-ix86+x86_64, r-release-osx-x86_64, r-oldrel-windows-ix86+x86_64, r-oldrel-osx-x86_64