CRAN Package Check Results for Package babar

Last updated on 2018-11-20 13:46:15 CET.

Flavor Version Tinstall Tcheck Ttotal Status Flags
r-devel-linux-x86_64-debian-clang 1.0 2.51 55.29 57.80 NOTE
r-devel-linux-x86_64-debian-gcc 1.0 2.59 50.47 53.06 NOTE
r-devel-linux-x86_64-fedora-clang 1.0 54.01 NOTE
r-devel-linux-x86_64-fedora-gcc 1.0 51.94 NOTE
r-devel-windows-ix86+x86_64 1.0 8.00 64.00 72.00 NOTE
r-patched-linux-x86_64 1.0 1.93 54.20 56.13 NOTE
r-patched-solaris-x86 1.0 90.40 NOTE
r-release-linux-x86_64 1.0 2.80 50.24 53.04 NOTE
r-release-windows-ix86+x86_64 1.0 6.00 92.00 98.00 NOTE
r-release-osx-x86_64 1.0 NOTE
r-oldrel-windows-ix86+x86_64 1.0 7.00 75.00 82.00 NOTE
r-oldrel-osx-x86_64 1.0 NOTE

Check Details

Version: 1.0
Check: R code for possible problems
Result: NOTE
    .generateTransform: no visible global function definition for ‘sd’
    .generateUnitHyperCube: no visible global function definition for
     ‘runif’
    .makeBoundedSingleStep: no visible global function definition for
     ‘runif’
    .makeBoundedStep: no visible global function definition for ‘runif’
    .makeStep: no visible global function definition for ‘runif’
    .staircaseSampling: no visible global function definition for ‘runif’
    GaussianPrior: no visible global function definition for ‘qnorm’
    LogNormalPrior: no visible global function definition for ‘qnorm’
    Undefined global functions or variables:
     qnorm runif sd
    Consider adding
     importFrom("stats", "qnorm", "runif", "sd")
    to your NAMESPACE file.
Flavors: r-devel-linux-x86_64-debian-clang, r-devel-linux-x86_64-debian-gcc, r-devel-linux-x86_64-fedora-clang, r-devel-linux-x86_64-fedora-gcc, r-devel-windows-ix86+x86_64, r-patched-linux-x86_64, r-patched-solaris-x86, r-release-linux-x86_64, r-release-windows-ix86+x86_64, r-release-osx-x86_64, r-oldrel-windows-ix86+x86_64, r-oldrel-osx-x86_64