CRAN Package Check Results for Package babar

Last updated on 2019-02-20 13:46:17 CET.

Flavor Version Tinstall Tcheck Ttotal Status Flags
r-devel-linux-x86_64-debian-clang 1.0 3.95 60.17 64.12 NOTE
r-devel-linux-x86_64-debian-gcc 1.0 2.72 52.68 55.40 NOTE
r-devel-linux-x86_64-fedora-clang 1.0 62.74 NOTE
r-devel-linux-x86_64-fedora-gcc 1.0 55.88 NOTE
r-devel-windows-ix86+x86_64 1.0 12.00 97.00 109.00 NOTE
r-patched-linux-x86_64 1.0 NOTE
r-patched-solaris-x86 1.0 93.60 NOTE
r-release-linux-x86_64 1.0 NOTE
r-release-windows-ix86+x86_64 1.0 6.00 97.00 103.00 NOTE
r-release-osx-x86_64 1.0 NOTE
r-oldrel-windows-ix86+x86_64 1.0 4.00 60.00 64.00 NOTE
r-oldrel-osx-x86_64 1.0 NOTE

Check Details

Version: 1.0
Check: R code for possible problems
Result: NOTE
    .generateTransform: no visible global function definition for ‘sd’
    .generateUnitHyperCube: no visible global function definition for
     ‘runif’
    .makeBoundedSingleStep: no visible global function definition for
     ‘runif’
    .makeBoundedStep: no visible global function definition for ‘runif’
    .makeStep: no visible global function definition for ‘runif’
    .staircaseSampling: no visible global function definition for ‘runif’
    GaussianPrior: no visible global function definition for ‘qnorm’
    LogNormalPrior: no visible global function definition for ‘qnorm’
    Undefined global functions or variables:
     qnorm runif sd
    Consider adding
     importFrom("stats", "qnorm", "runif", "sd")
    to your NAMESPACE file.
Flavors: r-devel-linux-x86_64-debian-clang, r-devel-linux-x86_64-debian-gcc, r-devel-linux-x86_64-fedora-clang, r-devel-linux-x86_64-fedora-gcc, r-devel-windows-ix86+x86_64, r-patched-linux-x86_64, r-patched-solaris-x86, r-release-linux-x86_64, r-release-windows-ix86+x86_64, r-release-osx-x86_64, r-oldrel-windows-ix86+x86_64, r-oldrel-osx-x86_64