CRAN Package Check Results for Package backShift

Last updated on 2019-02-22 21:57:32 CET.

Flavor Version Tinstall Tcheck Ttotal Status Flags
r-devel-linux-x86_64-debian-clang 0.1.4.2 4.87 103.53 108.40 OK
r-devel-linux-x86_64-debian-gcc 0.1.4.2 3.81 87.49 91.30 OK
r-devel-linux-x86_64-fedora-clang 0.1.4.2 107.46 OK
r-devel-linux-x86_64-fedora-gcc 0.1.4.2 93.00 OK
r-devel-windows-ix86+x86_64 0.1.4.2 16.00 239.00 255.00 OK
r-patched-linux-x86_64 0.1.4.2 4.05 98.06 102.11 OK
r-patched-solaris-x86 0.1.4.2 194.00 OK
r-release-linux-x86_64 0.1.4.2 OK
r-release-windows-ix86+x86_64 0.1.4.2 13.00 292.00 305.00 OK
r-release-osx-x86_64 0.1.4.2 OK
r-oldrel-windows-ix86+x86_64 0.1.4.2 10.00 208.00 218.00 OK
r-oldrel-osx-x86_64 0.1.4.2 NOTE

Check Details

Version: 0.1.4.2
Check: package dependencies
Result: NOTE
    Package suggested but not available for checking: ‘pcalg’
Flavor: r-oldrel-osx-x86_64

Version: 0.1.4.2
Check: Rd cross-references
Result: NOTE
    Package unavailable to check Rd xrefs: ‘pcalg’
Flavor: r-oldrel-osx-x86_64