CRAN Package Check Results for Package backShift

Last updated on 2018-08-18 12:49:56 CEST.

Flavor Version Tinstall Tcheck Ttotal Status Flags
r-devel-linux-x86_64-debian-clang 0.1.4.2 4.14 105.61 109.75 OK
r-devel-linux-x86_64-debian-gcc 0.1.4.2 3.70 89.48 93.18 OK
r-devel-linux-x86_64-fedora-clang 0.1.4.2 111.72 OK
r-devel-linux-x86_64-fedora-gcc 0.1.4.2 115.16 OK
r-devel-windows-ix86+x86_64 0.1.4.2 17.00 220.00 237.00 OK
r-patched-linux-x86_64 0.1.4.2 3.49 94.59 98.08 OK
r-patched-solaris-x86 0.1.4.2 184.60 OK
r-release-linux-x86_64 0.1.4.2 3.89 99.67 103.56 OK
r-release-windows-ix86+x86_64 0.1.4.2 18.00 222.00 240.00 OK
r-release-osx-x86_64 0.1.4.2 OK
r-oldrel-windows-ix86+x86_64 0.1.4.2 10.00 193.00 203.00 OK
r-oldrel-osx-x86_64 0.1.4.2 NOTE

Check Details

Version: 0.1.4.2
Check: package dependencies
Result: NOTE
    Package suggested but not available for checking: ‘pcalg’
Flavor: r-oldrel-osx-x86_64

Version: 0.1.4.2
Check: Rd cross-references
Result: NOTE
    Package unavailable to check Rd xrefs: ‘pcalg’
Flavor: r-oldrel-osx-x86_64