CRAN Package Check Results for Package backShift

Last updated on 2018-02-22 06:48:15 CET.

Flavor Version Tinstall Tcheck Ttotal Status Flags
r-devel-linux-x86_64-debian-clang 0.1.4.2 3.25 96.73 99.98 OK
r-devel-linux-x86_64-debian-gcc 0.1.4.2 3.15 80.98 84.13 OK
r-devel-linux-x86_64-fedora-clang 0.1.4.2 131.67 OK
r-devel-linux-x86_64-fedora-gcc 0.1.4.2 126.03 OK
r-devel-windows-ix86+x86_64 0.1.4.2 13.00 193.00 206.00 OK
r-patched-linux-x86_64 0.1.4.2 2.77 112.60 115.37 OK
r-patched-solaris-x86 0.1.4.2 176.60 OK
r-release-linux-x86_64 0.1.4.2 2.70 118.55 121.25 OK
r-release-windows-ix86+x86_64 0.1.4.2 15.00 245.00 260.00 OK
r-release-osx-x86_64 0.1.4.2 NOTE
r-oldrel-windows-ix86+x86_64 0.1.4.2 8.00 184.00 192.00 OK
r-oldrel-osx-x86_64 0.1.4.2 OK

Check Details

Version: 0.1.4.2
Check: package dependencies
Result: NOTE
    Package suggested but not available for checking: ‘pcalg’
Flavor: r-release-osx-x86_64

Version: 0.1.4.2
Check: Rd cross-references
Result: NOTE
    Package unavailable to check Rd xrefs: ‘pcalg’
Flavor: r-release-osx-x86_64