CRAN Package Check Results for Package backShift

Last updated on 2018-05-27 09:47:44 CEST.

Flavor Version Tinstall Tcheck Ttotal Status Flags
r-devel-linux-x86_64-debian-clang 0.1.4.2 4.22 115.19 119.41 OK
r-devel-linux-x86_64-debian-gcc 0.1.4.2 2.79 83.54 86.33 OK
r-devel-linux-x86_64-fedora-clang 0.1.4.2 143.65 OK
r-devel-linux-x86_64-fedora-gcc 0.1.4.2 110.90 OK
r-devel-windows-ix86+x86_64 0.1.4.2 10.00 184.00 194.00 OK
r-patched-linux-x86_64 0.1.4.2 3.94 105.66 109.60 OK
r-patched-solaris-x86 0.1.4.2 182.90 OK
r-release-linux-x86_64 0.1.4.2 3.93 104.20 108.13 OK
r-release-windows-ix86+x86_64 0.1.4.2 14.00 248.00 262.00 OK
r-release-osx-x86_64 0.1.4.2 OK
r-oldrel-windows-ix86+x86_64 0.1.4.2 15.00 184.00 199.00 OK
r-oldrel-osx-x86_64 0.1.4.2 NOTE

Check Details

Version: 0.1.4.2
Check: package dependencies
Result: NOTE
    Package suggested but not available for checking: ‘pcalg’
Flavor: r-oldrel-osx-x86_64

Version: 0.1.4.2
Check: Rd cross-references
Result: NOTE
    Package unavailable to check Rd xrefs: ‘pcalg’
Flavor: r-oldrel-osx-x86_64