CRAN Package Check Results for Package backShift

Last updated on 2018-10-24 03:55:11 CEST.

Flavor Version Tinstall Tcheck Ttotal Status Flags
r-devel-linux-x86_64-debian-clang 0.1.4.2 4.76 100.51 105.27 OK
r-devel-linux-x86_64-debian-gcc 0.1.4.2 3.60 89.40 93.00 OK
r-devel-linux-x86_64-fedora-clang 0.1.4.2 139.83 OK
r-devel-linux-x86_64-fedora-gcc 0.1.4.2 106.77 OK
r-devel-windows-ix86+x86_64 0.1.4.2 19.00 274.00 293.00 OK
r-patched-linux-x86_64 0.1.4.2 4.18 88.52 92.70 OK
r-patched-solaris-x86 0.1.4.2 183.00 OK
r-release-linux-x86_64 0.1.4.2 4.06 92.57 96.63 OK
r-release-windows-ix86+x86_64 0.1.4.2 16.00 235.00 251.00 OK
r-release-osx-x86_64 0.1.4.2 OK
r-oldrel-windows-ix86+x86_64 0.1.4.2 10.00 182.00 192.00 OK
r-oldrel-osx-x86_64 0.1.4.2 NOTE

Check Details

Version: 0.1.4.2
Check: package dependencies
Result: NOTE
    Package suggested but not available for checking: ‘pcalg’
Flavor: r-oldrel-osx-x86_64

Version: 0.1.4.2
Check: Rd cross-references
Result: NOTE
    Package unavailable to check Rd xrefs: ‘pcalg’
Flavor: r-oldrel-osx-x86_64