CRAN Package Check Results for Package backShift

Last updated on 2019-09-16 22:49:16 CEST.

Flavor Version Tinstall Tcheck Ttotal Status Flags
r-devel-linux-x86_64-debian-clang 0.1.4.2 6.28 115.56 121.84 OK
r-devel-linux-x86_64-debian-gcc 0.1.4.2 4.04 83.66 87.70 OK
r-devel-linux-x86_64-fedora-clang 0.1.4.2 139.32 OK
r-devel-linux-x86_64-fedora-gcc 0.1.4.2 136.23 OK
r-devel-windows-ix86+x86_64 0.1.4.2 33.00 251.00 284.00 OK
r-patched-linux-x86_64 0.1.4.2 5.54 110.08 115.62 OK
r-patched-solaris-x86 0.1.4.2 219.50 OK
r-release-linux-x86_64 0.1.4.2 5.11 111.23 116.34 OK
r-release-windows-ix86+x86_64 0.1.4.2 16.00 192.00 208.00 OK
r-release-osx-x86_64 0.1.4.2 NOTE
r-oldrel-windows-ix86+x86_64 0.1.4.2 19.00 195.00 214.00 OK
r-oldrel-osx-x86_64 0.1.4.2 OK

Check Details

Version: 0.1.4.2
Check: package dependencies
Result: NOTE
    Package suggested but not available for checking: ‘pcalg’
Flavor: r-release-osx-x86_64

Version: 0.1.4.2
Check: Rd cross-references
Result: NOTE
    Package unavailable to check Rd xrefs: ‘pcalg’
Flavor: r-release-osx-x86_64