CRAN Package Check Results for Package badgecreatr

Last updated on 2018-08-20 07:47:30 CEST.

Flavor Version Tinstall Tcheck Ttotal Status Flags
r-devel-linux-x86_64-debian-clang 0.1.0 1.08 18.00 19.08 OK
r-devel-linux-x86_64-debian-gcc 0.1.0 0.90 16.53 17.43 OK
r-devel-linux-x86_64-fedora-clang 0.1.0 18.56 NOTE
r-devel-linux-x86_64-fedora-gcc 0.1.0 18.89 NOTE
r-devel-windows-ix86+x86_64 0.1.0 3.00 36.00 39.00 ERROR
r-patched-linux-x86_64 0.1.0 1.00 15.97 16.97 OK
r-patched-solaris-x86 0.1.0 32.40 NOTE
r-release-linux-x86_64 0.1.0 1.01 16.62 17.63 OK
r-release-windows-ix86+x86_64 0.1.0 4.00 35.00 39.00 ERROR
r-release-osx-x86_64 0.1.0 NOTE
r-oldrel-windows-ix86+x86_64 0.1.0 2.00 27.00 29.00 ERROR
r-oldrel-osx-x86_64 0.1.0 NOTE

Check Details

Version: 0.1.0
Check: dependencies in R code
Result: NOTE
    Namespace in Imports field not imported from: ‘methods’
     All declared Imports should be used.
Flavors: r-devel-linux-x86_64-fedora-clang, r-devel-linux-x86_64-fedora-gcc, r-patched-solaris-x86, r-release-osx-x86_64, r-oldrel-osx-x86_64

Version: 0.1.0
Check: examples
Result: ERROR
    Running examples in 'badgecreatr-Ex.R' failed
    The error most likely occurred in:
    
    > ### Name: projectstatusbadge
    > ### Title: Add project status badge
    > ### Aliases: projectstatusbadge
    >
    > ### ** Examples
    >
    >
    > projectstatusbadge("unsupported")
    Warning in file(con, "r") :
     InternetOpenUrl failed: 'Eine Umleitungsanforderung ändert eine nicht sichere in eine sichere Verbindung.'
    Error in file(con, "r") : cannot open the connection
    Calls: projectstatusbadge -> readLines -> file
    Execution halted
Flavors: r-devel-windows-ix86+x86_64, r-release-windows-ix86+x86_64, r-oldrel-windows-ix86+x86_64

Version: 0.1.0
Check: tests
Result: ERROR
     Running 'testthat.R' [1s]
    Running the tests in 'tests/testthat.R' failed.
    Complete output:
     > # Sys.setenv("R_TESTS" = "")
     > library(testthat)
     > library(badgecreatr)
     >
     > test_check("badgecreatr")
     -- 1. Error: internetconnection works (@test_badge_placers.R#26) --------------
     cannot open the connection
     1: expect_equal(readLines("http://www.repostatus.org/#wip")[1], "<!doctype html>") at testthat/test_badge_placers.R:26
     2: quasi_label(enquo(object), label)
     3: eval_bare(get_expr(quo), get_env(quo))
     4: readLines("http://www.repostatus.org/#wip")
     5: file(con, "r")
    
     -- 2. Error: all status options work (@test_badge_placers.R#30) ---------------
     cannot open the connection
     1: expect_match(projectstatusbadge("concept"), regexp = "\\[Project Status: Concept") at testthat/test_badge_placers.R:30
     2: quasi_label(enquo(object), label)
     3: eval_bare(get_expr(quo), get_env(quo))
     4: projectstatusbadge("concept")
     5: readLines(con = projectstatus, encoding = "UTF-8")
     6: file(con, "r")
    
     == testthat results ===========================================================
     OK: 19 SKIPPED: 3 FAILED: 2
     1. Error: internetconnection works (@test_badge_placers.R#26)
     2. Error: all status options work (@test_badge_placers.R#30)
    
     Error: testthat unit tests failed
     Execution halted
Flavors: r-devel-windows-ix86+x86_64, r-release-windows-ix86+x86_64

Version: 0.1.0
Check: tests
Result: ERROR
     Running 'testthat.R' [2s]
    Running the tests in 'tests/testthat.R' failed.
    Complete output:
     > # Sys.setenv("R_TESTS" = "")
     > library(testthat)
     > library(badgecreatr)
     >
     > test_check("badgecreatr")
     -- 1. Error: internetconnection works (@test_badge_placers.R#26) --------------
     cannot open the connection
     1: expect_equal(readLines("http://www.repostatus.org/#wip")[1], "<!doctype html>") at testthat/test_badge_placers.R:26
     2: quasi_label(enquo(object), label)
     3: eval_bare(get_expr(quo), get_env(quo))
     4: readLines("http://www.repostatus.org/#wip")
     5: file(con, "r")
    
     -- 2. Error: all status options work (@test_badge_placers.R#30) ---------------
     cannot open the connection
     1: expect_match(projectstatusbadge("concept"), regexp = "\\[Project Status: Concept") at testthat/test_badge_placers.R:30
     2: quasi_label(enquo(object), label)
     3: eval_bare(get_expr(quo), get_env(quo))
     4: projectstatusbadge("concept")
     5: readLines(con = projectstatus, encoding = "UTF-8")
     6: file(con, "r")
    
     == testthat results ===========================================================
     OK: 19 SKIPPED: 3 FAILED: 2
     1. Error: internetconnection works (@test_badge_placers.R#26)
     2. Error: all status options work (@test_badge_placers.R#30)
    
     Error: testthat unit tests failed
     Execution halted
Flavor: r-oldrel-windows-ix86+x86_64