CRAN Package Check Results for Package badgecreatr

Last updated on 2018-02-24 00:47:28 CET.

Flavor Version Tinstall Tcheck Ttotal Status Flags
r-devel-linux-x86_64-debian-clang 0.1.0 0.91 17.19 18.10 OK
r-devel-linux-x86_64-debian-gcc 0.1.0 0.80 13.75 14.55 OK
r-devel-linux-x86_64-fedora-clang 0.1.0 21.52 NOTE
r-devel-linux-x86_64-fedora-gcc 0.1.0 19.87 NOTE
r-devel-windows-ix86+x86_64 0.1.0 4.00 40.00 44.00 OK
r-patched-linux-x86_64 0.1.0 0.89 16.53 17.42 OK
r-patched-solaris-x86 0.1.0 28.90 NOTE
r-release-linux-x86_64 0.1.0 0.89 16.36 17.25 OK
r-release-windows-ix86+x86_64 0.1.0 5.00 44.00 49.00 OK
r-release-osx-x86_64 0.1.0 NOTE
r-oldrel-windows-ix86+x86_64 0.1.0 2.00 28.00 30.00 OK
r-oldrel-osx-x86_64 0.1.0 NOTE

Check Details

Version: 0.1.0
Check: dependencies in R code
Result: NOTE
    Namespace in Imports field not imported from: ‘methods’
     All declared Imports should be used.
Flavors: r-devel-linux-x86_64-fedora-clang, r-devel-linux-x86_64-fedora-gcc, r-patched-solaris-x86, r-release-osx-x86_64, r-oldrel-osx-x86_64