CRAN Package Check Results for Package badgecreatr

Last updated on 2018-05-24 06:46:34 CEST.

Flavor Version Tinstall Tcheck Ttotal Status Flags
r-devel-linux-x86_64-debian-clang 0.1.0 0.81 11.50 12.31 OK
r-devel-linux-x86_64-debian-gcc 0.1.0 0.82 14.43 15.25 OK
r-devel-linux-x86_64-fedora-clang 0.1.0 18.27 NOTE
r-devel-linux-x86_64-fedora-gcc 0.1.0 18.74 NOTE
r-devel-windows-ix86+x86_64 0.1.0 2.00 48.00 50.00 OK
r-patched-linux-x86_64 0.1.0 0.65 16.83 17.48 OK
r-patched-solaris-x86 0.1.0 34.90 NOTE
r-release-linux-x86_64 0.1.0 0.93 16.91 17.84 OK
r-release-windows-ix86+x86_64 0.1.0 4.00 28.00 32.00 OK
r-release-osx-x86_64 0.1.0 NOTE
r-oldrel-windows-ix86+x86_64 0.1.0 2.00 34.00 36.00 OK
r-oldrel-osx-x86_64 0.1.0 NOTE

Check Details

Version: 0.1.0
Check: dependencies in R code
Result: NOTE
    Namespace in Imports field not imported from: ‘methods’
     All declared Imports should be used.
Flavors: r-devel-linux-x86_64-fedora-clang, r-devel-linux-x86_64-fedora-gcc, r-patched-solaris-x86, r-release-osx-x86_64, r-oldrel-osx-x86_64