CRAN Package Check Results for Package bagRboostR

Last updated on 2018-05-26 11:49:45 CEST.

Flavor Version Tinstall Tcheck Ttotal Status Flags
r-devel-linux-x86_64-debian-clang 0.0.2 0.93 16.94 17.87 NOTE
r-devel-linux-x86_64-debian-gcc 0.0.2 0.69 13.76 14.45 NOTE
r-devel-linux-x86_64-fedora-clang 0.0.2 22.12 NOTE
r-devel-linux-x86_64-fedora-gcc 0.0.2 17.06 NOTE
r-devel-windows-ix86+x86_64 0.0.2 2.00 45.00 47.00 NOTE
r-patched-linux-x86_64 0.0.2 0.88 15.91 16.79 NOTE
r-patched-solaris-x86 0.0.2 32.70 NOTE
r-release-linux-x86_64 0.0.2 0.78 16.31 17.09 NOTE
r-release-windows-ix86+x86_64 0.0.2 3.00 25.00 28.00 NOTE
r-release-osx-x86_64 0.0.2 NOTE
r-oldrel-windows-ix86+x86_64 0.0.2 3.00 26.00 29.00 NOTE
r-oldrel-osx-x86_64 0.0.2 NOTE

Check Details

Version: 0.0.2
Check: R code for possible problems
Result: NOTE
    bagging: no visible global function definition for ‘predict’
    samme: no visible global function definition for ‘predict’
    Undefined global functions or variables:
     predict
    Consider adding
     importFrom("stats", "predict")
    to your NAMESPACE file.
Flavors: r-devel-linux-x86_64-debian-clang, r-devel-linux-x86_64-debian-gcc, r-devel-linux-x86_64-fedora-clang, r-devel-linux-x86_64-fedora-gcc, r-devel-windows-ix86+x86_64, r-patched-linux-x86_64, r-patched-solaris-x86, r-release-linux-x86_64, r-release-windows-ix86+x86_64, r-release-osx-x86_64, r-oldrel-windows-ix86+x86_64, r-oldrel-osx-x86_64