CRAN Package Check Results for Package bagRboostR

Last updated on 2018-02-22 06:48:16 CET.

Flavor Version Tinstall Tcheck Ttotal Status Flags
r-devel-linux-x86_64-debian-clang 0.0.2 0.80 15.03 15.83 NOTE
r-devel-linux-x86_64-debian-gcc 0.0.2 0.71 13.12 13.83 NOTE
r-devel-linux-x86_64-fedora-clang 0.0.2 20.51 NOTE
r-devel-linux-x86_64-fedora-gcc 0.0.2 19.16 NOTE
r-devel-windows-ix86+x86_64 0.0.2 3.00 28.00 31.00 NOTE
r-patched-linux-x86_64 0.0.2 0.74 16.58 17.32 NOTE
r-patched-solaris-x86 0.0.2 29.50 NOTE
r-release-linux-x86_64 0.0.2 0.54 16.59 17.13 NOTE
r-release-windows-ix86+x86_64 0.0.2 4.00 34.00 38.00 NOTE
r-release-osx-x86_64 0.0.2 NOTE
r-oldrel-windows-ix86+x86_64 0.0.2 2.00 25.00 27.00 NOTE
r-oldrel-osx-x86_64 0.0.2 NOTE

Check Details

Version: 0.0.2
Check: R code for possible problems
Result: NOTE
    bagging: no visible global function definition for ‘predict’
    samme: no visible global function definition for ‘predict’
    Undefined global functions or variables:
     predict
    Consider adding
     importFrom("stats", "predict")
    to your NAMESPACE file.
Flavors: r-devel-linux-x86_64-debian-clang, r-devel-linux-x86_64-debian-gcc, r-devel-linux-x86_64-fedora-clang, r-devel-linux-x86_64-fedora-gcc, r-devel-windows-ix86+x86_64, r-patched-linux-x86_64, r-patched-solaris-x86, r-release-linux-x86_64, r-release-windows-ix86+x86_64, r-release-osx-x86_64, r-oldrel-windows-ix86+x86_64, r-oldrel-osx-x86_64