CRAN Package Check Results for Package balance

Last updated on 2021-03-07 19:48:49 CET.

Flavor Version Tinstall Tcheck Ttotal Status Flags
r-devel-linux-x86_64-debian-clang 0.2.4 4.07 53.93 58.00 OK
r-devel-linux-x86_64-debian-gcc 0.2.4 2.86 39.94 42.80 OK
r-devel-linux-x86_64-fedora-clang 0.2.4 75.49 OK
r-devel-linux-x86_64-fedora-gcc 0.2.4 69.83 OK
r-devel-windows-ix86+x86_64 0.2.4 11.00 74.00 85.00 OK
r-devel-windows-x86_64-gcc10-UCRT 0.2.4 NOTE
r-patched-linux-x86_64 0.2.4 3.85 50.31 54.16 OK
r-patched-solaris-x86 0.2.4 91.90 OK
r-release-linux-x86_64 0.2.4 3.83 50.72 54.55 OK
r-release-macos-x86_64 0.2.4 NOTE
r-release-windows-ix86+x86_64 0.2.4 12.00 53.00 65.00 OK
r-oldrel-macos-x86_64 0.2.4 NOTE
r-oldrel-windows-ix86+x86_64 0.2.4 5.00 56.00 61.00 OK

Check Details

Version: 0.2.4
Check: package dependencies
Result: NOTE
    Package suggested but not available for checking: 'philr'
Flavors: r-devel-windows-x86_64-gcc10-UCRT, r-release-macos-x86_64, r-oldrel-macos-x86_64