CRAN Package Check Results for Package ballr

Last updated on 2018-08-21 16:50:14 CEST.

Flavor Version Tinstall Tcheck Ttotal Status Flags
r-devel-linux-x86_64-debian-clang 0.2.1 1.34 82.82 84.16 OK
r-devel-linux-x86_64-debian-gcc 0.2.1 1.05 73.47 74.52 OK
r-devel-linux-x86_64-fedora-clang 0.2.1 87.16 OK
r-devel-linux-x86_64-fedora-gcc 0.2.1 94.65 OK
r-devel-windows-ix86+x86_64 0.2.1 5.00 131.00 136.00 OK
r-patched-linux-x86_64 0.2.1 1.21 82.76 83.97 OK
r-patched-solaris-x86 0.2.1 98.10 WARN
r-release-linux-x86_64 0.2.1 1.22 80.42 81.64 OK
r-release-windows-ix86+x86_64 0.2.1 5.00 160.00 165.00 OK
r-release-osx-x86_64 0.2.1 OK
r-oldrel-windows-ix86+x86_64 0.2.1 3.00 132.00 135.00 OK
r-oldrel-osx-x86_64 0.2.1 OK

Check Details

Version: 0.2.1
Check: re-building of vignette outputs
Result: WARN
    Error in re-building vignettes:
     ...
    Warning in engine$weave(file, quiet = quiet, encoding = enc) :
     Pandoc (>= 1.12.3) and/or pandoc-citeproc not available. Falling back to R Markdown v1.
    Quitting from lines 39-41 (use-ballr.Rmd)
    Error: processing vignette 'use-ballr.Rmd' failed with diagnostics:
    Timeout was reached: Operation timed out after 10057 milliseconds with 0 out of 0 bytes received
    Execution halted
Flavor: r-patched-solaris-x86