CRAN Package Check Results for Package ballr

Last updated on 2018-05-22 02:46:22 CEST.

Flavor Version Tinstall Tcheck Ttotal Status Flags
r-devel-linux-x86_64-debian-clang 0.2.0 1.30 73.37 74.67 OK
r-devel-linux-x86_64-debian-gcc 0.2.0 0.90 75.51 76.41 OK
r-devel-linux-x86_64-fedora-clang 0.2.0 87.82 OK
r-devel-linux-x86_64-fedora-gcc 0.2.0 91.48 OK
r-devel-windows-ix86+x86_64 0.2.0 3.00 133.00 136.00 OK
r-patched-linux-x86_64 0.2.0 0.88 94.98 95.86 OK
r-patched-solaris-x86 0.2.0 93.10 WARN
r-release-linux-x86_64 0.2.0 1.24 95.70 96.94 OK
r-release-windows-ix86+x86_64 0.2.0 3.00 121.00 124.00 OK
r-release-osx-x86_64 0.2.0 OK
r-oldrel-windows-ix86+x86_64 0.2.0 4.00 162.00 166.00 OK
r-oldrel-osx-x86_64 0.2.0 OK

Check Details

Version: 0.2.0
Check: re-building of vignette outputs
Result: WARN
    Error in re-building vignettes:
     ...
    Warning in engine$weave(file, quiet = quiet, encoding = enc) :
     Pandoc (>= 1.12.3) and/or pandoc-citeproc not available. Falling back to R Markdown v1.
    Quitting from lines 51-52 (use-ballr.Rmd)
    Error: processing vignette 'use-ballr.Rmd' failed with diagnostics:
    Timeout was reached: Operation timed out after 10058 milliseconds with 0 out of 0 bytes received
    Execution halted
Flavor: r-patched-solaris-x86