CRAN Package Check Results for Package bamlss

Last updated on 2022-10-07 19:52:04 CEST.

Flavor Version Tinstall Tcheck Ttotal Status Flags
r-devel-linux-x86_64-debian-clang 1.1-8 82.61 419.16 501.77 OK
r-devel-linux-x86_64-debian-gcc 1.1-8 63.22 296.96 360.18 WARN
r-devel-linux-x86_64-fedora-clang 1.1-8 633.59 WARN
r-devel-linux-x86_64-fedora-gcc 1.1-8 602.20 WARN
r-devel-windows-x86_64 1.1-8 116.00 422.00 538.00 NOTE
r-patched-linux-x86_64 1.1-8 80.13 388.96 469.09 OK
r-release-linux-x86_64 1.1-8 73.43 391.63 465.06 OK
r-release-macos-arm64 1.1-8 125.00 NOTE
r-release-macos-x86_64 1.1-8 178.00 NOTE
r-release-windows-x86_64 1.1-8 100.00 422.00 522.00 NOTE
r-oldrel-macos-arm64 1.1-8 116.00 NOTE
r-oldrel-macos-x86_64 1.1-8 166.00 NOTE
r-oldrel-windows-ix86+x86_64 1.1-8 131.00 470.00 601.00 NOTE

Check Details

Version: 1.1-8
Check: whether package can be installed
Result: WARN
    Found the following significant warnings:
     bamlss_functions.c:117:6: warning: function declaration isn’t a prototype [-Wstrict-prototypes]
Flavors: r-devel-linux-x86_64-debian-gcc, r-devel-linux-x86_64-fedora-gcc

Version: 1.1-8
Check: compilation flags used
Result: NOTE
    Compilation used the following non-portable flag(s):
     ‘-Wstrict-prototypes’
Flavor: r-devel-linux-x86_64-debian-gcc

Version: 1.1-8
Check: whether package can be installed
Result: WARN
    Found the following significant warnings:
     bamlss_functions.c:117:10: warning: a function declaration without a prototype is deprecated in all versions of C [-Wstrict-prototypes]
Flavor: r-devel-linux-x86_64-fedora-clang

Version: 1.1-8
Check: installed package size
Result: NOTE
     installed size is 6.1Mb
     sub-directories of 1Mb or more:
     R 2.5Mb
     data 1.3Mb
     doc 1.8Mb
Flavors: r-devel-linux-x86_64-fedora-clang, r-devel-windows-x86_64, r-release-macos-arm64, r-release-macos-x86_64, r-release-windows-x86_64, r-oldrel-macos-arm64, r-oldrel-macos-x86_64, r-oldrel-windows-ix86+x86_64

Version: 1.1-8
Check: Rd cross-references
Result: NOTE
    Undeclared package ‘akima’ in Rd xrefs
Flavor: r-devel-linux-x86_64-fedora-clang