CRAN Package Check Results for Package banR

Last updated on 2018-08-16 22:50:21 CEST.

Flavor Version Tinstall Tcheck Ttotal Status Flags
r-devel-linux-x86_64-debian-clang 0.2.0 2.00 26.49 28.49 OK
r-devel-linux-x86_64-debian-gcc 0.2.0 1.97 22.58 24.55 OK
r-devel-linux-x86_64-fedora-clang 0.2.0 31.99 NOTE
r-devel-linux-x86_64-fedora-gcc 0.2.0 29.47 NOTE
r-devel-windows-ix86+x86_64 0.2.0 6.00 58.00 64.00 OK
r-patched-linux-x86_64 0.2.0 2.28 22.90 25.18 OK
r-patched-solaris-x86 0.2.0 49.40 NOTE
r-release-linux-x86_64 0.2.0 2.15 23.39 25.54 OK
r-release-windows-ix86+x86_64 0.2.0 6.00 52.00 58.00 OK
r-release-osx-x86_64 0.2.0 NOTE
r-oldrel-windows-ix86+x86_64 0.2.0 6.00 45.00 51.00 OK
r-oldrel-osx-x86_64 0.2.0 NOTE

Check Details

Version: 0.2.0
Check: dependencies in R code
Result: NOTE
    Namespace in Imports field not imported from: ‘stringr’
     All declared Imports should be used.
Flavors: r-devel-linux-x86_64-fedora-clang, r-devel-linux-x86_64-fedora-gcc, r-patched-solaris-x86, r-release-osx-x86_64, r-oldrel-osx-x86_64