CRAN Package Check Results for Package banR

Last updated on 2018-10-16 10:50:57 CEST.

Flavor Version Tinstall Tcheck Ttotal Status Flags
r-devel-linux-x86_64-debian-clang 0.2.0 2.31 25.87 28.18 OK
r-devel-linux-x86_64-debian-gcc 0.2.0 1.89 22.78 24.67 OK
r-devel-linux-x86_64-fedora-clang 0.2.0 31.48 NOTE
r-devel-linux-x86_64-fedora-gcc 0.2.0 32.61 NOTE
r-devel-windows-ix86+x86_64 0.2.0 6.00 69.00 75.00 OK
r-patched-linux-x86_64 0.2.0 1.85 24.01 25.86 OK
r-patched-solaris-x86 0.2.0 49.20 NOTE
r-release-linux-x86_64 0.2.0 1.72 23.61 25.33 OK
r-release-windows-ix86+x86_64 0.2.0 6.00 52.00 58.00 OK
r-release-osx-x86_64 0.2.0 NOTE
r-oldrel-windows-ix86+x86_64 0.2.0 6.00 64.00 70.00 OK
r-oldrel-osx-x86_64 0.2.0 NOTE

Check Details

Version: 0.2.0
Check: dependencies in R code
Result: NOTE
    Namespace in Imports field not imported from: ‘stringr’
     All declared Imports should be used.
Flavors: r-devel-linux-x86_64-fedora-clang, r-devel-linux-x86_64-fedora-gcc, r-patched-solaris-x86, r-release-osx-x86_64, r-oldrel-osx-x86_64