CRAN Package Check Results for Package banR

Last updated on 2018-05-25 01:46:19 CEST.

Flavor Version Tinstall Tcheck Ttotal Status Flags
r-devel-linux-x86_64-debian-clang 0.2.0 2.25 20.13 22.38 OK
r-devel-linux-x86_64-debian-gcc 0.2.0 1.84 22.03 23.87 OK
r-devel-linux-x86_64-fedora-clang 0.2.0 29.26 NOTE
r-devel-linux-x86_64-fedora-gcc 0.2.0 31.57 NOTE
r-devel-windows-ix86+x86_64 0.2.0 5.00 46.00 51.00 OK
r-patched-linux-x86_64 0.2.0 2.17 25.40 27.57 OK
r-patched-solaris-x86 0.2.0 51.30 NOTE
r-release-linux-x86_64 0.2.0 2.15 25.49 27.64 OK
r-release-windows-ix86+x86_64 0.2.0 6.00 53.00 59.00 OK
r-release-osx-x86_64 0.2.0 NOTE
r-oldrel-windows-ix86+x86_64 0.2.0 5.00 55.00 60.00 OK
r-oldrel-osx-x86_64 0.2.0 NOTE

Check Details

Version: 0.2.0
Check: dependencies in R code
Result: NOTE
    Namespace in Imports field not imported from: ‘stringr’
     All declared Imports should be used.
Flavors: r-devel-linux-x86_64-fedora-clang, r-devel-linux-x86_64-fedora-gcc, r-patched-solaris-x86, r-release-osx-x86_64, r-oldrel-osx-x86_64