CRAN Package Check Results for Package banR

Last updated on 2019-01-22 07:49:02 CET.

Flavor Version Tinstall Tcheck Ttotal Status Flags
r-devel-linux-x86_64-debian-clang 0.2.0 1.85 24.28 26.13 OK
r-devel-linux-x86_64-debian-gcc 0.2.0 1.68 21.87 23.55 OK
r-devel-linux-x86_64-fedora-clang 0.2.0 29.95 NOTE
r-devel-linux-x86_64-fedora-gcc 0.2.0 29.05 NOTE
r-devel-windows-ix86+x86_64 0.2.0 6.00 64.00 70.00 OK
r-patched-linux-x86_64 0.2.0 2.11 23.46 25.57 OK
r-patched-solaris-x86 0.2.0 52.60 NOTE
r-release-linux-x86_64 0.2.0 1.96 22.94 24.90 OK
r-release-windows-ix86+x86_64 0.2.0 6.00 45.00 51.00 OK
r-release-osx-x86_64 0.2.0 NOTE
r-oldrel-windows-ix86+x86_64 0.2.0 7.00 52.00 59.00 OK
r-oldrel-osx-x86_64 0.2.0 NOTE

Check Details

Version: 0.2.0
Check: dependencies in R code
Result: NOTE
    Namespace in Imports field not imported from: ‘stringr’
     All declared Imports should be used.
Flavors: r-devel-linux-x86_64-fedora-clang, r-devel-linux-x86_64-fedora-gcc, r-patched-solaris-x86, r-release-osx-x86_64, r-oldrel-osx-x86_64