Last updated on 2023-12-06 07:50:08 CET.
Flavor | Version | Tinstall | Tcheck | Ttotal | Status | Flags |
---|---|---|---|---|---|---|
r-devel-linux-x86_64-debian-clang | 1.0-1 | 128.17 | 229.39 | 357.56 | OK | |
r-devel-linux-x86_64-debian-gcc | 1.0-1 | 84.81 | 118.32 | 203.13 | OK | |
r-devel-linux-x86_64-fedora-clang | 1.0-1 | 363.39 | OK | |||
r-devel-linux-x86_64-fedora-gcc | 1.0-1 | 351.74 | OK | |||
r-devel-windows-x86_64 | 1.0-1 | 94.00 | 108.00 | 202.00 | OK | |
r-patched-linux-x86_64 | 1.0-1 | 97.52 | 150.75 | 248.27 | OK | |
r-release-linux-x86_64 | 1.0-1 | 112.89 | 155.11 | 268.00 | OK | |
r-release-macos-arm64 | 1.0-1 | 106.00 | NOTE | |||
r-release-macos-x86_64 | 1.0-1 | 169.00 | NOTE | |||
r-release-windows-x86_64 | 1.0-1 | 126.00 | 128.00 | 254.00 | OK | |
r-oldrel-macos-arm64 | 1.0-1 | 96.00 | NOTE | |||
r-oldrel-macos-x86_64 | 1.0-1 | 42.00 | ERROR | |||
r-oldrel-windows-x86_64 | 1.0-1 | 116.00 | 138.00 | 254.00 | OK |
Version: 1.0-1
Check: installed package size
Result: NOTE
installed size is 5.7Mb
sub-directories of 1Mb or more:
libs 5.4Mb
Flavors: r-release-macos-arm64, r-release-macos-x86_64, r-oldrel-macos-arm64
Version: 1.0-1
Check: whether package can be installed
Result: ERROR
Installation failed.
Flavor: r-oldrel-macos-x86_64