CRAN Package Check Results for Package bang

Last updated on 2018-08-21 16:50:14 CEST.

Flavor Version Tinstall Tcheck Ttotal Status Flags
r-devel-linux-x86_64-debian-clang 1.0.0 3.94 140.95 144.89 OK
r-devel-linux-x86_64-debian-gcc 1.0.0 3.67 109.31 112.98 OK
r-devel-linux-x86_64-fedora-clang 1.0.0 149.05 OK
r-devel-linux-x86_64-fedora-gcc 1.0.0 153.04 OK
r-devel-windows-ix86+x86_64 1.0.0 11.00 163.00 174.00 OK
r-patched-linux-x86_64 1.0.0 3.73 133.18 136.91 NOTE
r-patched-solaris-x86 1.0.0 217.10 OK
r-release-linux-x86_64 1.0.0 3.23 131.17 134.40 NOTE
r-release-windows-ix86+x86_64 1.0.0 13.00 145.00 158.00 OK
r-release-osx-x86_64 1.0.0 OK
r-oldrel-windows-ix86+x86_64 1.0.0 7.00 183.00 190.00 OK
r-oldrel-osx-x86_64 1.0.0 OK

Check Details

Version: 1.0.0
Check: DESCRIPTION meta-information
Result: NOTE
    Dependence on R version ‘3.3.1’ not with patchlevel 0
Flavors: r-patched-linux-x86_64, r-release-linux-x86_64