CRAN Package Check Results for Package bang

Last updated on 2018-11-20 19:47:34 CET.

Flavor Version Tinstall Tcheck Ttotal Status Flags
r-devel-linux-x86_64-debian-clang 1.0.0 3.39 135.47 138.86 OK
r-devel-linux-x86_64-debian-gcc 1.0.0 3.30 108.33 111.63 OK
r-devel-linux-x86_64-fedora-clang 1.0.0 140.01 OK
r-devel-linux-x86_64-fedora-gcc 1.0.0 126.20 OK
r-devel-windows-ix86+x86_64 1.0.0 10.00 214.00 224.00 OK
r-patched-linux-x86_64 1.0.0 3.80 127.30 131.10 NOTE
r-patched-solaris-x86 1.0.0 231.00 OK
r-release-linux-x86_64 1.0.0 3.67 127.57 131.24 NOTE
r-release-windows-ix86+x86_64 1.0.0 8.00 215.00 223.00 OK
r-release-osx-x86_64 1.0.0 OK
r-oldrel-windows-ix86+x86_64 1.0.0 6.00 198.00 204.00 OK
r-oldrel-osx-x86_64 1.0.0 OK

Check Details

Version: 1.0.0
Check: DESCRIPTION meta-information
Result: NOTE
    Dependence on R version ‘3.3.1’ not with patchlevel 0
Flavors: r-patched-linux-x86_64, r-release-linux-x86_64