CRAN Package Check Results for Package bang

Last updated on 2019-02-20 13:46:17 CET.

Flavor Version Tinstall Tcheck Ttotal Status Flags
r-devel-linux-x86_64-debian-clang 1.0.0 4.43 151.07 155.50 OK
r-devel-linux-x86_64-debian-gcc 1.0.0 3.59 114.73 118.32 OK
r-devel-linux-x86_64-fedora-clang 1.0.0 161.26 OK
r-devel-linux-x86_64-fedora-gcc 1.0.0 148.81 OK
r-devel-windows-ix86+x86_64 1.0.0 13.00 351.00 364.00 OK
r-patched-linux-x86_64 1.0.0 NOTE
r-patched-solaris-x86 1.0.0 231.30 OK
r-release-linux-x86_64 1.0.0 NOTE
r-release-windows-ix86+x86_64 1.0.0 8.00 230.00 238.00 OK
r-release-osx-x86_64 1.0.0 OK
r-oldrel-windows-ix86+x86_64 1.0.0 7.00 224.00 231.00 OK
r-oldrel-osx-x86_64 1.0.0 OK

Check Details

Version: 1.0.0
Check: DESCRIPTION meta-information
Result: NOTE
    Dependence on R version ‘3.3.1’ not with patchlevel 0
Flavors: r-patched-linux-x86_64, r-release-linux-x86_64