CRAN Package Check Results for Package bang

Last updated on 2018-05-22 15:48:20 CEST.

Flavor Version Tinstall Tcheck Ttotal Status Flags
r-devel-linux-x86_64-debian-clang 1.0.0 3.01 148.46 151.47 OK
r-devel-linux-x86_64-debian-gcc 1.0.0 3.02 110.41 113.43 OK
r-devel-linux-x86_64-fedora-clang 1.0.0 147.73 OK
r-devel-linux-x86_64-fedora-gcc 1.0.0 148.23 OK
r-devel-windows-ix86+x86_64 1.0.0 8.00 205.00 213.00 OK
r-patched-linux-x86_64 1.0.0 3.63 148.31 151.94 NOTE
r-patched-solaris-x86 1.0.0 211.70 OK
r-release-linux-x86_64 1.0.0 3.32 144.28 147.60 NOTE
r-release-windows-ix86+x86_64 1.0.0 8.00 192.00 200.00 OK
r-release-osx-x86_64 1.0.0 OK
r-oldrel-windows-ix86+x86_64 1.0.0 9.00 223.00 232.00 OK
r-oldrel-osx-x86_64 1.0.0 OK

Check Details

Version: 1.0.0
Check: DESCRIPTION meta-information
Result: NOTE
    Dependence on R version ‘3.3.1’ not with patchlevel 0
Flavors: r-patched-linux-x86_64, r-release-linux-x86_64