CRAN Package Check Results for Package bannerCommenter

Last updated on 2018-05-23 10:47:43 CEST.

Flavor Version Tinstall Tcheck Ttotal Status Flags
r-devel-linux-x86_64-debian-clang 0.1.0 0.99 19.91 20.90 OK
r-devel-linux-x86_64-debian-gcc 0.1.0 0.74 18.03 18.77 NOTE
r-devel-linux-x86_64-fedora-clang 0.1.0 23.54 OK
r-devel-linux-x86_64-fedora-gcc 0.1.0 22.80 OK
r-devel-windows-ix86+x86_64 0.1.0 3.00 43.00 46.00 OK
r-patched-linux-x86_64 0.1.0 0.89 21.23 22.12 OK
r-patched-solaris-x86 0.1.0 35.60 OK
r-release-linux-x86_64 0.1.0 0.75 20.74 21.49 OK
r-release-windows-ix86+x86_64 0.1.0 4.00 51.00 55.00 OK
r-release-osx-x86_64 0.1.0 OK
r-oldrel-windows-ix86+x86_64 0.1.0 3.00 45.00 48.00 OK
r-oldrel-osx-x86_64 0.1.0 OK

Check Details

Version: 0.1.0
Check: package dependencies
Result: NOTE
    Package suggested but not available for checking: ‘dplyr’
Flavor: r-devel-linux-x86_64-debian-gcc